57.141.20.0 - - [09/Jun/2026:18:31:35 +0545] "GET /shop/mucuna/stull013056213241?fileloc=/home/aashishs/manishjhanepal.com.np/wp-includes/class-wp-embed.php&path=/home/aashishs/manishjhanepal.com.np/wp-includes HTTP/2" 403 787 "-" "meta-externalagent/1.1 (+https://developers.facebook.com/docs/sharing/webmasters/crawler)"
57.141.20.3 - - [09/Jun/2026:18:31:37 +0545] "GET /sitemap942.xml?path=/home/aashishs/manishjhanepal.com.np/wp-content HTTP/2" 200 61730 "-" "meta-externalagent/1.1 (+https://developers.facebook.com/docs/sharing/webmasters/crawler)"
57.141.20.58 - - [09/Jun/2026:18:31:38 +0545] "GET /sitemap942.xml?path=/home/aashishs/manishjhanepal.com.np/.wp-cli HTTP/2" 200 17345 "-" "meta-externalagent/1.1 (+https://developers.facebook.com/docs/sharing/webmasters/crawler)"
57.141.20.4 - - [09/Jun/2026:18:31:39 +0545] "GET /sitemap942.xml?fileloc=/home/aashishs/manishjhanepal.com.np/style.php&path=/home/aashishs/manishjhanepal.com.np HTTP/2" 200 12388 "-" "meta-externalagent/1.1 (+https://developers.facebook.com/docs/sharing/webmasters/crawler)"
57.141.20.12 - - [09/Jun/2026:18:31:40 +0545] "GET /sitemap942.xml?fileloc=/home/aashishs/manishjhanepal.com.np/wp-config.php&path=/home/aashishs/manishjhanepal.com.np HTTP/2" 200 16356 "-" "meta-externalagent/1.1 (+https://developers.facebook.com/docs/sharing/webmasters/crawler)"
57.141.20.35 - - [09/Jun/2026:18:31:41 +0545] "GET /sitemap942.xml?fileloc=/home/aashishs/manishjhanepal.com.np/google606bbeb7528500fa.html&path=/home/aashishs/manishjhanepal.com.np HTTP/2" 200 12459 "-" "meta-externalagent/1.1 (+https://developers.facebook.com/docs/sharing/webmasters/crawler)"
57.141.20.3 - - [09/Jun/2026:18:31:41 +0545] "GET /sitemap473.xml?fileloc=/home/aashishs/manishjhanepal.com.np/min.php&path=/home/aashishs/manishjhanepal.com.np HTTP/2" 200 12386 "-" "meta-externalagent/1.1 (+https://developers.facebook.com/docs/sharing/webmasters/crawler)"
185.191.171.5 - - [09/Jun/2026:18:31:43 +0545] "GET /94311235777.htm HTTP/1.1" 200 5577 "-" "Mozilla/5.0 (compatible; SemrushBot/7~bl; +http://www.semrush.com/bot.html)"
57.141.20.45 - - [09/Jun/2026:18:31:44 +0545] "GET /shop/peronate/almondine01145685491 HTTP/2" 200 79018 "-" "meta-externalagent/1.1 (+https://developers.facebook.com/docs/sharing/webmasters/crawler)"
57.141.20.44 - - [09/Jun/2026:18:31:20 +0545] "GET /sitemap615.xml?fileloc=/home/aashishs/manishjhanepal.com.np/min.php&path=/home/aashishs/manishjhanepal.com.np HTTP/2" 200 12386 "-" "meta-externalagent/1.1 (+https://developers.facebook.com/docs/sharing/webmasters/crawler)"
57.141.20.16 - - [09/Jun/2026:18:31:21 +0545] "GET /sitemap473.xml?path=/home/aashishs/manishjhanepal.com.np/images HTTP/2" 200 17364 "-" "meta-externalagent/1.1 (+https://developers.facebook.com/docs/sharing/webmasters/crawler)"
57.141.20.32 - - [09/Jun/2026:18:31:23 +0545] "GET /sitemap615.xml?fileloc=/home/aashishs/manishjhanepal.com.np/error_log&path=/home/aashishs/manishjhanepal.com.np HTTP/2" 200 26399 "-" "meta-externalagent/1.1 (+https://developers.facebook.com/docs/sharing/webmasters/crawler)"
57.141.20.51 - - [09/Jun/2026:18:31:26 +0545] "GET /sitemap615.xml?fileloc=/home/aashishs/manishjhanepal.com.np/wp-cron.php&path=/home/aashishs/manishjhanepal.com.np HTTP/2" 200 18352 "-" "meta-externalagent/1.1 (+https://developers.facebook.com/docs/sharing/webmasters/crawler)"
57.141.20.44 - - [09/Jun/2026:18:31:26 +0545] "GET /sitemap615.xml?fileloc=/home/aashishs/manishjhanepal.com.np/radio.php&path=/home/aashishs/manishjhanepal.com.np HTTP/2" 200 12388 "-" "meta-externalagent/1.1 (+https://developers.facebook.com/docs/sharing/webmasters/crawler)"
57.141.20.14 - - [09/Jun/2026:18:31:30 +0545] "GET /sitemap615.xml?fileloc=/home/aashishs/manishjhanepal.com.np/wp-mail.php&path=/home/aashishs/manishjhanepal.com.np HTTP/2" 200 22287 "-" "meta-externalagent/1.1 (+https://developers.facebook.com/docs/sharing/webmasters/crawler)"
57.141.20.17 - - [09/Jun/2026:18:31:31 +0545] "GET /sitemap615.xml?path=/home/aashishs/manishjhanepal.com.np/wp-includes HTTP/2" 200 479537 "-" "meta-externalagent/1.1 (+https://developers.facebook.com/docs/sharing/webmasters/crawler)"
57.141.20.16 - - [09/Jun/2026:18:31:32 +0545] "GET /shop/mucuna/stull013056213241?fileloc=/home/aashishs/manishjhanepal.com.np/wp-includes/bookmark-template.php&path=/home/aashishs/manishjhanepal.com.np/wp-includes HTTP/2" 403 787 "-" "meta-externalagent/1.1 (+https://developers.facebook.com/docs/sharing/webmasters/crawler)"
57.141.20.71 - - [09/Jun/2026:18:31:33 +0545] "GET /shop/undeserved/certifying011220407091 HTTP/2" 403 787 "-" "meta-externalagent/1.1 (+https://developers.facebook.com/docs/sharing/webmasters/crawler)"
57.141.20.30 - - [09/Jun/2026:18:31:38 +0545] "GET /sitemap942.xml?path=/home/aashishs/manishjhanepal.com.np HTTP/2" 200 79018 "-" "meta-externalagent/1.1 (+https://developers.facebook.com/docs/sharing/webmasters/crawler)"
57.141.20.57 - - [09/Jun/2026:18:31:39 +0545] "GET /sitemap942.xml?path=/ HTTP/2" 200 30409 "-" "meta-externalagent/1.1 (+https://developers.facebook.com/docs/sharing/webmasters/crawler)"
57.141.20.55 - - [09/Jun/2026:18:31:40 +0545] "GET /sitemap942.xml?fileloc=/home/aashishs/manishjhanepal.com.np/features.php&path=/home/aashishs/manishjhanepal.com.np HTTP/2" 200 12391 "-" "meta-externalagent/1.1 (+https://developers.facebook.com/docs/sharing/webmasters/crawler)"
57.141.20.16 - - [09/Jun/2026:18:31:45 +0545] "GET /shop/mucuna/stull013056213241?fileloc=/home/aashishs/manishjhanepal.com.np/wp-admin/options-connectors.php&path=/home/aashishs/manishjhanepal.com.np/wp-admin HTTP/2" 403 787 "-" "meta-externalagent/1.1 (+https://developers.facebook.com/docs/sharing/webmasters/crawler)"
57.141.20.12 - - [09/Jun/2026:18:31:45 +0545] "GET /sitemap942.xml?fileloc=/home/aashishs/manishjhanepal.com.np/radio.php&path=/home/aashishs/manishjhanepal.com.np HTTP/2" 200 12388 "-" "meta-externalagent/1.1 (+https://developers.facebook.com/docs/sharing/webmasters/crawler)"
57.141.20.33 - - [09/Jun/2026:18:31:46 +0545] "GET /sitemap615.xml?fileloc=/home/aashishs/manishjhanepal.com.np/license.txt&path=/home/aashishs/manishjhanepal.com.np HTTP/2" 200 32472 "-" "meta-externalagent/1.1 (+https://developers.facebook.com/docs/sharing/webmasters/crawler)"
57.141.20.21 - - [09/Jun/2026:18:31:30 +0545] "GET /sitemap-subitems-1143.xml?path=/home/aashishs/.local/share/virtualenv HTTP/2" 200 15663 "-" "meta-externalagent/1.1 (+https://developers.facebook.com/docs/sharing/webmasters/crawler)"
57.141.20.60 - - [09/Jun/2026:18:31:31 +0545] "GET /sitemap179.xml?fileloc=/home/aashishs/.local/pucci.php&path=/home/aashishs/.local HTTP/2" 200 12343 "-" "meta-externalagent/1.1 (+https://developers.facebook.com/docs/sharing/webmasters/crawler)"
57.141.20.10 - - [09/Jun/2026:18:31:33 +0545] "GET /sitemap615.xml?fileloc=/home/aashishs/manishjhanepal.com.np/wp-links-opml.php&path=/home/aashishs/manishjhanepal.com.np HTTP/2" 200 15445 "-" "meta-externalagent/1.1 (+https://developers.facebook.com/docs/sharing/webmasters/crawler)"
57.141.20.43 - - [09/Jun/2026:18:31:35 +0545] "GET /sitemap615.xml?fileloc=/home/aashishs/manishjhanepal.com.np/googlef15fc659d89a2145.html&path=/home/aashishs/manishjhanepal.com.np HTTP/2" 200 12460 "-" "meta-externalagent/1.1 (+https://developers.facebook.com/docs/sharing/webmasters/crawler)"
57.141.20.16 - - [09/Jun/2026:18:31:36 +0545] "GET /sitemap615.xml?fileloc=/home/aashishs/manishjhanepal.com.np/txets.php&path=/home/aashishs/manishjhanepal.com.np HTTP/2" 200 12388 "-" "meta-externalagent/1.1 (+https://developers.facebook.com/docs/sharing/webmasters/crawler)"
57.141.20.25 - - [09/Jun/2026:18:31:37 +0545] "GET /sitemap942.xml?fileloc=/home/aashishs/manishjhanepal.com.np/ex.php&path=/home/aashishs/manishjhanepal.com.np HTTP/2" 200 12385 "-" "meta-externalagent/1.1 (+https://developers.facebook.com/docs/sharing/webmasters/crawler)"
57.141.20.58 - - [09/Jun/2026:18:31:37 +0545] "GET /sitemap942.xml?fileloc=/home/aashishs/manishjhanepal.com.np/.htaccess&path=/home/aashishs/manishjhanepal.com.np HTTP/2" 200 12604 "-" "meta-externalagent/1.1 (+https://developers.facebook.com/docs/sharing/webmasters/crawler)"
57.141.20.18 - - [09/Jun/2026:18:31:38 +0545] "GET /sitemap473.xml?fileloc=/home/aashishs/manishjhanepal.com.np/google606bbeb7528500fa.html&path=/home/aashishs/manishjhanepal.com.np HTTP/2" 200 12459 "-" "meta-externalagent/1.1 (+https://developers.facebook.com/docs/sharing/webmasters/crawler)"
185.191.171.7 - - [09/Jun/2026:18:31:38 +0545] "GET /99354114561.htm HTTP/1.1" 200 5526 "-" "Mozilla/5.0 (compatible; SemrushBot/7~bl; +http://www.semrush.com/bot.html)"
57.141.20.29 - - [09/Jun/2026:18:31:40 +0545] "GET /sitemap942.xml?fileloc=/home/aashishs/manishjhanepal.com.np/wp-settings.php&path=/home/aashishs/manishjhanepal.com.np HTTP/2" 200 48798 "-" "meta-externalagent/1.1 (+https://developers.facebook.com/docs/sharing/webmasters/crawler)"
57.141.20.61 - - [09/Jun/2026:18:31:40 +0545] "GET /sitemap942.xml?path=/home/aashishs HTTP/2" 200 92244 "-" "meta-externalagent/1.1 (+https://developers.facebook.com/docs/sharing/webmasters/crawler)"
57.141.20.42 - - [09/Jun/2026:18:31:42 +0545] "GET /sitemap942.xml?fileloc=/home/aashishs/manishjhanepal.com.np/wp-login.php&path=/home/aashishs/manishjhanepal.com.np HTTP/2" 200 75406 "-" "meta-externalagent/1.1 (+https://developers.facebook.com/docs/sharing/webmasters/crawler)"
57.141.20.17 - - [09/Jun/2026:18:31:43 +0545] "GET /sitemap942.xml?fileloc=/home/aashishs/manishjhanepal.com.np/adminfuns.php&path=/home/aashishs/manishjhanepal.com.np HTTP/2" 200 12392 "-" "meta-externalagent/1.1 (+https://developers.facebook.com/docs/sharing/webmasters/crawler)"
57.141.20.7 - - [09/Jun/2026:18:31:44 +0545] "GET /sitemap942.xml?fileloc=/home/aashishs/manishjhanepal.com.np/edit-tags.php&path=/home/aashishs/manishjhanepal.com.np HTTP/2" 200 12392 "-" "meta-externalagent/1.1 (+https://developers.facebook.com/docs/sharing/webmasters/crawler)"
57.141.20.43 - - [09/Jun/2026:18:31:44 +0545] "GET /sitemap942.xml?fileloc=/home/aashishs/manishjhanepal.com.np/eetu.php&path=/home/aashishs/manishjhanepal.com.np HTTP/2" 200 12387 "-" "meta-externalagent/1.1 (+https://developers.facebook.com/docs/sharing/webmasters/crawler)"
57.141.20.61 - - [09/Jun/2026:18:31:38 +0545] "GET /sitemap-subitems-1488.xml?fileloc=/home/aashishs/manishjhanepal.com.np/wp-admin/includes/wp/VNtex.php&path=/home/aashishs/manishjhanepal.com.np/wp-admin/includes/wp HTTP/2" 200 12649 "-" "meta-externalagent/1.1 (+https://developers.facebook.com/docs/sharing/webmasters/crawler)"
57.141.20.41 - - [09/Jun/2026:18:31:42 +0545] "GET /sitemap942.xml?fileloc=/home/aashishs/manishjhanepal.com.np/readme.html&path=/home/aashishs/manishjhanepal.com.np HTTP/2" 200 21696 "-" "meta-externalagent/1.1 (+https://developers.facebook.com/docs/sharing/webmasters/crawler)"
57.141.20.61 - - [09/Jun/2026:18:31:43 +0545] "GET /sitemap942.xml?fileloc=/home/aashishs/manishjhanepal.com.np/error_log&path=/home/aashishs/manishjhanepal.com.np HTTP/2" 200 26399 "-" "meta-externalagent/1.1 (+https://developers.facebook.com/docs/sharing/webmasters/crawler)"
57.141.20.16 - - [09/Jun/2026:18:31:43 +0545] "GET /sitemap615.xml?fileloc=/home/aashishs/manishjhanepal.com.np/google606bbeb7528500fa.html&path=/home/aashishs/manishjhanepal.com.np HTTP/2" 200 12459 "-" "meta-externalagent/1.1 (+https://developers.facebook.com/docs/sharing/webmasters/crawler)"
57.141.20.37 - - [09/Jun/2026:18:31:43 +0545] "GET /sitemap942.xml?fileloc=/home/aashishs/manishjhanepal.com.np/xmlrpc.php&path=/home/aashishs/manishjhanepal.com.np HTTP/2" 200 16262 "-" "meta-externalagent/1.1 (+https://developers.facebook.com/docs/sharing/webmasters/crawler)"
57.141.20.6 - - [09/Jun/2026:18:31:44 +0545] "GET /sitemap942.xml?fileloc=/home/aashishs/manishjhanepal.com.np/wp-mail.php&path=/home/aashishs/manishjhanepal.com.np HTTP/2" 200 22287 "-" "meta-externalagent/1.1 (+https://developers.facebook.com/docs/sharing/webmasters/crawler)"
57.141.20.47 - - [09/Jun/2026:18:31:45 +0545] "GET /sitemap942.xml?path=/home/aashishs/manishjhanepal.com.np/wp-admin HTTP/2" 200 177261 "-" "meta-externalagent/1.1 (+https://developers.facebook.com/docs/sharing/webmasters/crawler)"
57.141.20.16 - - [09/Jun/2026:18:31:48 +0545] "GET /sitemap942.xml?fileloc=/home/aashishs/manishjhanepal.com.np/wp-load.php&path=/home/aashishs/manishjhanepal.com.np HTTP/2" 200 16905 "-" "meta-externalagent/1.1 (+https://developers.facebook.com/docs/sharing/webmasters/crawler)"
57.141.20.17 - - [09/Jun/2026:18:31:51 +0545] "GET /sitemap942.xml?path=/home/aashishs/manishjhanepal.com.np/.tmb HTTP/2" 200 15902 "-" "meta-externalagent/1.1 (+https://developers.facebook.com/docs/sharing/webmasters/crawler)"
57.141.20.51 - - [09/Jun/2026:18:31:51 +0545] "GET /sitemap942.xml?fileloc=/home/aashishs/manishjhanepal.com.np/wp-trackback.php&path=/home/aashishs/manishjhanepal.com.np HTTP/2" 200 18505 "-" "meta-externalagent/1.1 (+https://developers.facebook.com/docs/sharing/webmasters/crawler)"
57.141.20.45 - - [09/Jun/2026:18:31:52 +0545] "GET /sitemap942.xml?fileloc=/home/aashishs/manishjhanepal.com.np/googlef15fc659d89a2145.html&path=/home/aashishs/manishjhanepal.com.np HTTP/2" 200 12460 "-" "meta-externalagent/1.1 (+https://developers.facebook.com/docs/sharing/webmasters/crawler)"
57.141.20.53 - - [09/Jun/2026:18:31:56 +0545] "GET /sitemap942.xml?fileloc=/home/aashishs/manishjhanepal.com.np/pages.php&path=/home/aashishs/manishjhanepal.com.np HTTP/2" 200 12388 "-" "meta-externalagent/1.1 (+https://developers.facebook.com/docs/sharing/webmasters/crawler)"
57.141.20.9 - - [09/Jun/2026:18:31:57 +0545] "GET /sitemap615.xml?fileloc=/home/aashishs/manishjhanepal.com.np/eetu.php&path=/home/aashishs/manishjhanepal.com.np HTTP/2" 200 12387 "-" "meta-externalagent/1.1 (+https://developers.facebook.com/docs/sharing/webmasters/crawler)"
57.141.20.39 - - [09/Jun/2026:18:31:58 +0545] "GET /sitemap942.xml?fileloc=/home/aashishs/manishjhanepal.com.np/robots.txt&path=/home/aashishs/manishjhanepal.com.np HTTP/2" 200 12490 "-" "meta-externalagent/1.1 (+https://developers.facebook.com/docs/sharing/webmasters/crawler)"
57.141.20.12 - - [09/Jun/2026:18:31:45 +0545] "GET /shop/mucuna/stull013056213241?fileloc=/home/aashishs/manishjhanepal.com.np/wp-admin/theme-editor.php&path=/home/aashishs/manishjhanepal.com.np/wp-admin HTTP/2" 403 787 "-" "meta-externalagent/1.1 (+https://developers.facebook.com/docs/sharing/webmasters/crawler)"
57.141.20.13 - - [09/Jun/2026:18:31:47 +0545] "GET /sitemap942.xml?fileloc=/home/aashishs/manishjhanepal.com.np/txets.php&path=/home/aashishs/manishjhanepal.com.np HTTP/2" 200 12388 "-" "meta-externalagent/1.1 (+https://developers.facebook.com/docs/sharing/webmasters/crawler)"
57.141.20.29 - - [09/Jun/2026:18:31:49 +0545] "GET /sitemap942.xml?fileloc=/home/aashishs/manishjhanepal.com.np/wp-comments-post.php&path=/home/aashishs/manishjhanepal.com.np HTTP/2" 200 15068 "-" "meta-externalagent/1.1 (+https://developers.facebook.com/docs/sharing/webmasters/crawler)"
57.141.20.18 - - [09/Jun/2026:18:31:51 +0545] "GET /sitemap942.xml?fileloc=/home/aashishs/manishjhanepal.com.np/wp-cron.php&path=/home/aashishs/manishjhanepal.com.np HTTP/2" 200 18352 "-" "meta-externalagent/1.1 (+https://developers.facebook.com/docs/sharing/webmasters/crawler)"
57.141.20.58 - - [09/Jun/2026:18:31:52 +0545] "GET /sitemap615.xml?fileloc=/home/aashishs/manishjhanepal.com.np/wp-signup.php&path=/home/aashishs/manishjhanepal.com.np HTTP/2" 200 54005 "-" "meta-externalagent/1.1 (+https://developers.facebook.com/docs/sharing/webmasters/crawler)"
57.141.20.45 - - [09/Jun/2026:18:31:54 +0545] "GET /sitemap942.xml?fileloc=/home/aashishs/manishjhanepal.com.np/index.php&path=/home/aashishs/manishjhanepal.com.np HTTP/2" 200 12821 "-" "meta-externalagent/1.1 (+https://developers.facebook.com/docs/sharing/webmasters/crawler)"
57.141.20.61 - - [09/Jun/2026:18:31:54 +0545] "GET /sitemap615.xml?path=/home HTTP/2" 200 13956 "-" "meta-externalagent/1.1 (+https://developers.facebook.com/docs/sharing/webmasters/crawler)"
57.141.20.56 - - [09/Jun/2026:18:31:55 +0545] "GET /sitemap942.xml?fileloc=/home/aashishs/manishjhanepal.com.np/php.php&path=/home/aashishs/manishjhanepal.com.np HTTP/2" 200 12386 "-" "meta-externalagent/1.1 (+https://developers.facebook.com/docs/sharing/webmasters/crawler)"
57.141.20.16 - - [09/Jun/2026:18:31:56 +0545] "GET /sitemap179.xml?path=/home/aashishs/.local/share HTTP/2" 200 15655 "-" "meta-externalagent/1.1 (+https://developers.facebook.com/docs/sharing/webmasters/crawler)"
57.141.20.54 - - [09/Jun/2026:18:31:57 +0545] "GET /sitemap615.xml?path=/ HTTP/2" 200 30409 "-" "meta-externalagent/1.1 (+https://developers.facebook.com/docs/sharing/webmasters/crawler)"
185.191.171.14 - - [09/Jun/2026:18:31:57 +0545] "GET /99354253406.htm HTTP/1.1" 200 5577 "-" "Mozilla/5.0 (compatible; SemrushBot/7~bl; +http://www.semrush.com/bot.html)"
57.141.20.17 - - [09/Jun/2026:18:31:58 +0545] "GET /sitemap337.xml?fileloc=/home/aashishs/manishjhanepal.com.np/wp-config-sample.php&path=/home/aashishs/manishjhanepal.com.np HTTP/2" 200 16116 "-" "meta-externalagent/1.1 (+https://developers.facebook.com/docs/sharing/webmasters/crawler)"
57.141.20.51 - - [09/Jun/2026:18:31:58 +0545] "GET /sitemap337.xml?fileloc=/home/aashishs/manishjhanepal.com.np/error_log&path=/home/aashishs/manishjhanepal.com.np HTTP/2" 200 26399 "-" "meta-externalagent/1.1 (+https://developers.facebook.com/docs/sharing/webmasters/crawler)"
57.141.20.7 - - [09/Jun/2026:18:31:59 +0545] "GET /sitemap337.xml?fileloc=/home/aashishs/manishjhanepal.com.np/wp-links-opml.php&path=/home/aashishs/manishjhanepal.com.np HTTP/2" 200 15445 "-" "meta-externalagent/1.1 (+https://developers.facebook.com/docs/sharing/webmasters/crawler)"
57.141.20.56 - - [09/Jun/2026:18:32:01 +0545] "GET /sitemap337.xml?fileloc=/home/aashishs/manishjhanepal.com.np/readme.html&path=/home/aashishs/manishjhanepal.com.np HTTP/2" 200 21696 "-" "meta-externalagent/1.1 (+https://developers.facebook.com/docs/sharing/webmasters/crawler)"
57.141.20.70 - - [09/Jun/2026:18:31:46 +0545] "GET /sitemap942.xml?path=/home/aashishs/manishjhanepal.com.np/cgi-bin HTTP/2" 200 20465 "-" "meta-externalagent/1.1 (+https://developers.facebook.com/docs/sharing/webmasters/crawler)"
57.141.20.60 - - [09/Jun/2026:18:31:48 +0545] "GET /sitemap942.xml?fileloc=/home/aashishs/manishjhanepal.com.np/inputs.php&path=/home/aashishs/manishjhanepal.com.np HTTP/2" 200 12389 "-" "meta-externalagent/1.1 (+https://developers.facebook.com/docs/sharing/webmasters/crawler)"
57.141.20.44 - - [09/Jun/2026:18:31:48 +0545] "GET /sitemap942.xml?path=/home/aashishs/manishjhanepal.com.np/.well-known HTTP/2" 200 18894 "-" "meta-externalagent/1.1 (+https://developers.facebook.com/docs/sharing/webmasters/crawler)"
57.141.20.53 - - [09/Jun/2026:18:31:50 +0545] "GET /shop/mucuna/stull013056213241?fileloc=/home/aashishs/manishjhanepal.com.np/wp-includes/fonts.php&path=/home/aashishs/manishjhanepal.com.np/wp-includes HTTP/2" 403 787 "-" "meta-externalagent/1.1 (+https://developers.facebook.com/docs/sharing/webmasters/crawler)"
57.141.20.2 - - [09/Jun/2026:18:31:52 +0545] "GET /sitemap942.xml?fileloc=/home/aashishs/manishjhanepal.com.np/license.txt&path=/home/aashishs/manishjhanepal.com.np HTTP/2" 200 32472 "-" "meta-externalagent/1.1 (+https://developers.facebook.com/docs/sharing/webmasters/crawler)"
57.141.20.47 - - [09/Jun/2026:18:31:53 +0545] "GET /sitemap942.xml?path=/home/aashishs/manishjhanepal.com.np/wp-includes HTTP/2" 200 479537 "-" "meta-externalagent/1.1 (+https://developers.facebook.com/docs/sharing/webmasters/crawler)"
185.191.171.5 - - [09/Jun/2026:18:31:53 +0545] "GET /9431141713.htm HTTP/1.1" 200 5577 "-" "Mozilla/5.0 (compatible; SemrushBot/7~bl; +http://www.semrush.com/bot.html)"
57.141.20.12 - - [09/Jun/2026:18:31:54 +0545] "GET /sitemap942.xml?path=/home HTTP/2" 200 13956 "-" "meta-externalagent/1.1 (+https://developers.facebook.com/docs/sharing/webmasters/crawler)"
57.141.20.34 - - [09/Jun/2026:18:31:55 +0545] "GET /sitemap942.xml?fileloc=/home/aashishs/manishjhanepal.com.np/wp-signup.php&path=/home/aashishs/manishjhanepal.com.np HTTP/2" 200 54005 "-" "meta-externalagent/1.1 (+https://developers.facebook.com/docs/sharing/webmasters/crawler)"
57.141.20.17 - - [09/Jun/2026:18:31:56 +0545] "GET /sitemap942.xml?fileloc=/home/aashishs/manishjhanepal.com.np/wp-links-opml.php&path=/home/aashishs/manishjhanepal.com.np HTTP/2" 200 15445 "-" "meta-externalagent/1.1 (+https://developers.facebook.com/docs/sharing/webmasters/crawler)"
57.141.20.35 - - [09/Jun/2026:18:31:57 +0545] "GET /shop/mucuna/stull013056213241?path=/home/aashishs/animegrantha.com HTTP/2" 403 787 "-" "meta-externalagent/1.1 (+https://developers.facebook.com/docs/sharing/webmasters/crawler)"
57.141.20.32 - - [09/Jun/2026:18:31:58 +0545] "GET /sitemap337.xml?path=/home/aashishs/manishjhanepal.com.np/.wp-cli HTTP/2" 200 17345 "-" "meta-externalagent/1.1 (+https://developers.facebook.com/docs/sharing/webmasters/crawler)"
57.141.20.66 - - [09/Jun/2026:18:32:01 +0545] "GET /sitemap337.xml?fileloc=/home/aashishs/manishjhanepal.com.np/license.txt&path=/home/aashishs/manishjhanepal.com.np HTTP/2" 200 32472 "-" "meta-externalagent/1.1 (+https://developers.facebook.com/docs/sharing/webmasters/crawler)"
57.141.20.18 - - [09/Jun/2026:18:32:03 +0545] "GET /sitemap337.xml?fileloc=/home/aashishs/manishjhanepal.com.np/php.php&path=/home/aashishs/manishjhanepal.com.np HTTP/2" 200 12386 "-" "meta-externalagent/1.1 (+https://developers.facebook.com/docs/sharing/webmasters/crawler)"
57.141.20.38 - - [09/Jun/2026:18:32:04 +0545] "GET /sitemap337.xml?path=/home/aashishs/manishjhanepal.com.np/wp-admin HTTP/2" 200 177261 "-" "meta-externalagent/1.1 (+https://developers.facebook.com/docs/sharing/webmasters/crawler)"
57.141.20.1 - - [09/Jun/2026:18:32:06 +0545] "GET /sitemap337.xml?fileloc=/home/aashishs/manishjhanepal.com.np/wp-signup.php&path=/home/aashishs/manishjhanepal.com.np HTTP/2" 200 54005 "-" "meta-externalagent/1.1 (+https://developers.facebook.com/docs/sharing/webmasters/crawler)"
57.141.20.67 - - [09/Jun/2026:18:31:48 +0545] "GET /sitemap942.xml?fileloc=/home/aashishs/manishjhanepal.com.np/p.php&path=/home/aashishs/manishjhanepal.com.np HTTP/2" 200 12384 "-" "meta-externalagent/1.1 (+https://developers.facebook.com/docs/sharing/webmasters/crawler)"
57.141.20.52 - - [09/Jun/2026:18:31:50 +0545] "GET /sitemap942.xml?fileloc=/home/aashishs/manishjhanepal.com.np/about.php&path=/home/aashishs/manishjhanepal.com.np HTTP/2" 200 12388 "-" "meta-externalagent/1.1 (+https://developers.facebook.com/docs/sharing/webmasters/crawler)"
216.73.216.95 - - [09/Jun/2026:18:31:50 +0545] "GET /index.php/sitemap.xml HTTP/2" 200 4444 "-" "Mozilla/5.0 AppleWebKit/537.36 (KHTML, like Gecko; compatible; ClaudeBot/1.0; +claudebot@anthropic.com)"
57.141.20.27 - - [09/Jun/2026:18:31:51 +0545] "GET /shop/mucuna/stull013056213241?fileloc=/home/aashishs/manishjhanepal.com.np/wp-includes/class-wp-error.php&path=/home/aashishs/manishjhanepal.com.np/wp-includes HTTP/2" 403 787 "-" "meta-externalagent/1.1 (+https://developers.facebook.com/docs/sharing/webmasters/crawler)"
57.141.20.39 - - [09/Jun/2026:18:31:51 +0545] "GET /sitemap942.xml?fileloc=/home/aashishs/manishjhanepal.com.np/wp-config-sample.php&path=/home/aashishs/manishjhanepal.com.np HTTP/2" 200 16116 "-" "meta-externalagent/1.1 (+https://developers.facebook.com/docs/sharing/webmasters/crawler)"
57.141.20.12 - - [09/Jun/2026:18:31:52 +0545] "GET /sitemap942.xml?fileloc=/home/aashishs/manishjhanepal.com.np/wp-blog-header.php&path=/home/aashishs/manishjhanepal.com.np HTTP/2" 200 12771 "-" "meta-externalagent/1.1 (+https://developers.facebook.com/docs/sharing/webmasters/crawler)"
57.141.20.61 - - [09/Jun/2026:18:31:54 +0545] "GET /shop/mucuna/stull013056213241?path=/home/aashishs/manishjhanepal.com.np/wp-includes/style-engine HTTP/2" 403 787 "-" "meta-externalagent/1.1 (+https://developers.facebook.com/docs/sharing/webmasters/crawler)"
57.141.20.29 - - [09/Jun/2026:18:31:55 +0545] "GET /sitemap942.xml?fileloc=/home/aashishs/manishjhanepal.com.np/min.php&path=/home/aashishs/manishjhanepal.com.np HTTP/2" 200 12386 "-" "meta-externalagent/1.1 (+https://developers.facebook.com/docs/sharing/webmasters/crawler)"
57.141.20.61 - - [09/Jun/2026:18:31:59 +0545] "GET /sitemap337.xml?path=/home/aashishs/manishjhanepal.com.np/wp-content HTTP/2" 200 61730 "-" "meta-externalagent/1.1 (+https://developers.facebook.com/docs/sharing/webmasters/crawler)"
57.141.20.60 - - [09/Jun/2026:18:32:00 +0545] "GET /shop/suturally/beslaver012107007844 HTTP/2" 403 787 "-" "meta-externalagent/1.1 (+https://developers.facebook.com/docs/sharing/webmasters/crawler)"
57.141.20.32 - - [09/Jun/2026:18:32:01 +0545] "GET /sitemap337.xml?fileloc=/home/aashishs/manishjhanepal.com.np/.htaccess&path=/home/aashishs/manishjhanepal.com.np HTTP/2" 200 12604 "-" "meta-externalagent/1.1 (+https://developers.facebook.com/docs/sharing/webmasters/crawler)"
57.141.20.45 - - [09/Jun/2026:18:32:03 +0545] "GET /shop/sewage/curium01392573066 HTTP/2" 403 787 "-" "meta-externalagent/1.1 (+https://developers.facebook.com/docs/sharing/webmasters/crawler)"
57.141.20.12 - - [09/Jun/2026:18:32:05 +0545] "GET /sitemap337.xml?path=/home/aashishs/manishjhanepal.com.np/wp-includes HTTP/2" 200 479537 "-" "meta-externalagent/1.1 (+https://developers.facebook.com/docs/sharing/webmasters/crawler)"
57.141.20.17 - - [09/Jun/2026:18:32:06 +0545] "GET /sitemap337.xml?fileloc=/home/aashishs/manishjhanepal.com.np/robots.txt&path=/home/aashishs/manishjhanepal.com.np HTTP/2" 200 12490 "-" "meta-externalagent/1.1 (+https://developers.facebook.com/docs/sharing/webmasters/crawler)"
57.141.20.29 - - [09/Jun/2026:18:32:07 +0545] "GET /sitemap337.xml?path=/home/aashishs/manishjhanepal.com.np/.well-known HTTP/2" 200 18894 "-" "meta-externalagent/1.1 (+https://developers.facebook.com/docs/sharing/webmasters/crawler)"
57.141.20.5 - - [09/Jun/2026:18:32:00 +0545] "GET /sitemap337.xml?fileloc=/home/aashishs/manishjhanepal.com.np/inputs.php&path=/home/aashishs/manishjhanepal.com.np HTTP/2" 200 12389 "-" "meta-externalagent/1.1 (+https://developers.facebook.com/docs/sharing/webmasters/crawler)"
57.141.20.71 - - [09/Jun/2026:18:32:00 +0545] "GET /shop/cheerlessly/pneumatothorax01740472106 HTTP/2" 403 787 "-" "meta-externalagent/1.1 (+https://developers.facebook.com/docs/sharing/webmasters/crawler)"
57.141.20.5 - - [09/Jun/2026:18:32:01 +0545] "GET /sitemap615.xml?fileloc=/home/aashishs/manishjhanepal.com.np/edit-tags.php&path=/home/aashishs/manishjhanepal.com.np HTTP/2" 200 12392 "-" "meta-externalagent/1.1 (+https://developers.facebook.com/docs/sharing/webmasters/crawler)"
57.141.20.16 - - [09/Jun/2026:18:32:02 +0545] "GET /sitemap337.xml?path=/home/aashishs/manishjhanepal.com.np/images HTTP/2" 200 17364 "-" "meta-externalagent/1.1 (+https://developers.facebook.com/docs/sharing/webmasters/crawler)"
57.141.20.29 - - [09/Jun/2026:18:32:03 +0545] "GET /sitemap337.xml?fileloc=/home/aashishs/manishjhanepal.com.np/wp-cron.php&path=/home/aashishs/manishjhanepal.com.np HTTP/2" 200 18352 "-" "meta-externalagent/1.1 (+https://developers.facebook.com/docs/sharing/webmasters/crawler)"
185.191.171.15 - - [09/Jun/2026:18:32:04 +0545] "GET /9431181293.htm HTTP/1.1" 200 5577 "-" "Mozilla/5.0 (compatible; SemrushBot/7~bl; +http://www.semrush.com/bot.html)"
57.141.20.70 - - [09/Jun/2026:18:32:04 +0545] "GET /sitemap337.xml?fileloc=/home/aashishs/manishjhanepal.com.np/ex.php&path=/home/aashishs/manishjhanepal.com.np HTTP/2" 200 12385 "-" "meta-externalagent/1.1 (+https://developers.facebook.com/docs/sharing/webmasters/crawler)"
57.141.20.51 - - [09/Jun/2026:18:32:05 +0545] "GET /sitemap337.xml?fileloc=/home/aashishs/manishjhanepal.com.np/min.php&path=/home/aashishs/manishjhanepal.com.np HTTP/2" 200 12386 "-" "meta-externalagent/1.1 (+https://developers.facebook.com/docs/sharing/webmasters/crawler)"
57.141.20.37 - - [09/Jun/2026:18:32:08 +0545] "GET /sitemap337.xml?fileloc=/home/aashishs/manishjhanepal.com.np/features.php&path=/home/aashishs/manishjhanepal.com.np HTTP/2" 200 12391 "-" "meta-externalagent/1.1 (+https://developers.facebook.com/docs/sharing/webmasters/crawler)"
57.141.20.70 - - [09/Jun/2026:18:32:09 +0545] "GET /sitemap337.xml?path=/home/aashishs/manishjhanepal.com.np/cgi-bin HTTP/2" 200 20465 "-" "meta-externalagent/1.1 (+https://developers.facebook.com/docs/sharing/webmasters/crawler)"
57.141.20.66 - - [09/Jun/2026:18:32:10 +0545] "GET /sitemap337.xml?fileloc=/home/aashishs/manishjhanepal.com.np/wp-blog-header.php&path=/home/aashishs/manishjhanepal.com.np HTTP/2" 200 12771 "-" "meta-externalagent/1.1 (+https://developers.facebook.com/docs/sharing/webmasters/crawler)"
57.141.20.21 - - [09/Jun/2026:18:32:13 +0545] "GET /sitemap179.xml?fileloc=/home/aashishs/tmp/RCMTEMPthumb3dc4fb65e5f05884e8242bf508533ee9&path=/home/aashishs/tmp HTTP/2" 200 13230 "-" "meta-externalagent/1.1 (+https://developers.facebook.com/docs/sharing/webmasters/crawler)"
57.141.20.27 - - [09/Jun/2026:18:32:13 +0545] "GET /sitemap179.xml?fileloc=/home/aashishs/animegrantha.com/wp-cron.php&path=/home/aashishs/animegrantha.com HTTP/2" 200 18369 "-" "meta-externalagent/1.1 (+https://developers.facebook.com/docs/sharing/webmasters/crawler)"
57.141.20.38 - - [09/Jun/2026:18:32:14 +0545] "GET /sitemap179.xml?fileloc=/home/aashishs/animegrantha.com/wp-comments-post.php&path=/home/aashishs/animegrantha.com HTTP/2" 200 15053 "-" "meta-externalagent/1.1 (+https://developers.facebook.com/docs/sharing/webmasters/crawler)"
57.141.20.30 - - [09/Jun/2026:18:32:15 +0545] "GET /sitemap337.xml?fileloc=/home/aashishs/manishjhanepal.com.np/style.php&path=/home/aashishs/manishjhanepal.com.np HTTP/2" 200 12388 "-" "meta-externalagent/1.1 (+https://developers.facebook.com/docs/sharing/webmasters/crawler)"
57.141.20.29 - - [09/Jun/2026:18:32:09 +0545] "GET /sitemap179.xml?fileloc=/home/aashishs/.koality/pucci.php&path=/home/aashishs/.koality HTTP/2" 200 12349 "-" "meta-externalagent/1.1 (+https://developers.facebook.com/docs/sharing/webmasters/crawler)"
57.141.20.67 - - [09/Jun/2026:18:32:09 +0545] "GET /sitemap337.xml?path=/home/aashishs/manishjhanepal.com.np/.tmb HTTP/2" 200 15902 "-" "meta-externalagent/1.1 (+https://developers.facebook.com/docs/sharing/webmasters/crawler)"
57.141.20.21 - - [09/Jun/2026:18:32:10 +0545] "GET /sitemap-subitems-1488.xml?path=//home/aashishs/animegrantha.com HTTP/2" 200 54489 "-" "meta-externalagent/1.1 (+https://developers.facebook.com/docs/sharing/webmasters/crawler)"
57.141.20.58 - - [09/Jun/2026:18:32:11 +0545] "GET /sitemap337.xml?fileloc=/home/aashishs/manishjhanepal.com.np/index.php&path=/home/aashishs/manishjhanepal.com.np HTTP/2" 200 12821 "-" "meta-externalagent/1.1 (+https://developers.facebook.com/docs/sharing/webmasters/crawler)"
57.141.20.29 - - [09/Jun/2026:18:32:11 +0545] "GET /sitemap179.xml?fileloc=/home/aashishs/tmp/RCMTEMPthumbabd180a39f2316578cf9472403c4f944&path=/home/aashishs/tmp HTTP/2" 200 27028 "-" "meta-externalagent/1.1 (+https://developers.facebook.com/docs/sharing/webmasters/crawler)"
57.141.20.59 - - [09/Jun/2026:18:32:16 +0545] "GET /sitemap179.xml?fileloc=/home/aashishs/animegrantha.com/.htaccess&path=/home/aashishs/animegrantha.com HTTP/2" 200 13422 "-" "meta-externalagent/1.1 (+https://developers.facebook.com/docs/sharing/webmasters/crawler)"
57.141.20.58 - - [09/Jun/2026:18:32:16 +0545] "GET /sitemap179.xml?fileloc=/home/aashishs/tmp/sess_2c2ad7c19c434cca7b634ecfe07b822f&path=/home/aashishs/tmp HTTP/2" 200 20762 "-" "meta-externalagent/1.1 (+https://developers.facebook.com/docs/sharing/webmasters/crawler)"
57.141.20.62 - - [09/Jun/2026:18:32:18 +0545] "GET /sitemap-subitems-1488.xml?path=//home/aashishs/.caldav HTTP/2" 200 19916 "-" "meta-externalagent/1.1 (+https://developers.facebook.com/docs/sharing/webmasters/crawler)"
57.141.20.65 - - [09/Jun/2026:18:32:18 +0545] "GET /sitemap179.xml?path=/home/aashishs/tmp/webalizerftp HTTP/2" 200 14299 "-" "meta-externalagent/1.1 (+https://developers.facebook.com/docs/sharing/webmasters/crawler)"
57.141.20.39 - - [09/Jun/2026:18:32:19 +0545] "GET /sitemap179.xml?fileloc=/home/aashishs/animegrantha.com/wp-links-opml.php&path=/home/aashishs/animegrantha.com HTTP/2" 200 15439 "-" "meta-externalagent/1.1 (+https://developers.facebook.com/docs/sharing/webmasters/crawler)"
57.141.20.56 - - [09/Jun/2026:18:32:19 +0545] "GET /sitemap179.xml?fileloc=/home/aashishs/tmp/RCMTEMPthumb838bbd499b4dd02eaf79ac8a1cd381ec&path=/home/aashishs/tmp HTTP/2" 200 12836 "-" "meta-externalagent/1.1 (+https://developers.facebook.com/docs/sharing/webmasters/crawler)"
57.141.20.5 - - [09/Jun/2026:18:32:21 +0545] "GET /sitemap337.xml?fileloc=/home/aashishs/manishjhanepal.com.np/pages.php&path=/home/aashishs/manishjhanepal.com.np HTTP/2" 200 12388 "-" "meta-externalagent/1.1 (+https://developers.facebook.com/docs/sharing/webmasters/crawler)"
57.141.20.16 - - [09/Jun/2026:18:32:22 +0545] "GET /sitemap179.xml?fileloc=/home/aashishs/tmp/RCMTEMPthumbbfcfd06925851e4a57d3d827f01897ff&path=/home/aashishs/tmp HTTP/2" 200 27028 "-" "meta-externalagent/1.1 (+https://developers.facebook.com/docs/sharing/webmasters/crawler)"
57.141.20.35 - - [09/Jun/2026:18:32:23 +0545] "GET /sitemap179.xml?fileloc=/home/aashishs/tmp/RCMTEMPthumb927402dfad9d4132ac13f88bac292a4e&path=/home/aashishs/tmp HTTP/2" 200 13720 "-" "meta-externalagent/1.1 (+https://developers.facebook.com/docs/sharing/webmasters/crawler)"
57.141.20.35 - - [09/Jun/2026:18:32:23 +0545] "GET /sitemap-subitems-1488.xml?path=//home/aashishs/.softaculous HTTP/2" 200 31401 "-" "meta-externalagent/1.1 (+https://developers.facebook.com/docs/sharing/webmasters/crawler)"
57.141.20.37 - - [09/Jun/2026:18:32:07 +0545] "GET /sitemap337.xml?fileloc=/home/aashishs/manishjhanepal.com.np/google606bbeb7528500fa.html&path=/home/aashishs/manishjhanepal.com.np HTTP/2" 200 12459 "-" "meta-externalagent/1.1 (+https://developers.facebook.com/docs/sharing/webmasters/crawler)"
57.141.20.61 - - [09/Jun/2026:18:32:10 +0545] "GET /sitemap337.xml?fileloc=/home/aashishs/manishjhanepal.com.np/wp-trackback.php&path=/home/aashishs/manishjhanepal.com.np HTTP/2" 200 18505 "-" "meta-externalagent/1.1 (+https://developers.facebook.com/docs/sharing/webmasters/crawler)"
57.141.20.29 - - [09/Jun/2026:18:32:10 +0545] "GET /sitemap337.xml?fileloc=/home/aashishs/manishjhanepal.com.np/wp-config.php&path=/home/aashishs/manishjhanepal.com.np HTTP/2" 200 16356 "-" "meta-externalagent/1.1 (+https://developers.facebook.com/docs/sharing/webmasters/crawler)"
57.141.20.8 - - [09/Jun/2026:18:32:13 +0545] "GET /sitemap337.xml?fileloc=/home/aashishs/manishjhanepal.com.np/wp-settings.php&path=/home/aashishs/manishjhanepal.com.np HTTP/2" 200 48798 "-" "meta-externalagent/1.1 (+https://developers.facebook.com/docs/sharing/webmasters/crawler)"
57.141.20.12 - - [09/Jun/2026:18:32:13 +0545] "GET /sitemap337.xml?fileloc=/home/aashishs/manishjhanepal.com.np/wp-mail.php&path=/home/aashishs/manishjhanepal.com.np HTTP/2" 200 22287 "-" "meta-externalagent/1.1 (+https://developers.facebook.com/docs/sharing/webmasters/crawler)"
57.141.20.58 - - [09/Jun/2026:18:32:14 +0545] "GET /sitemap179.xml?path=/home/aashishs/animegrantha.com/cgi-bin HTTP/2" 200 14355 "-" "meta-externalagent/1.1 (+https://developers.facebook.com/docs/sharing/webmasters/crawler)"
57.141.20.26 - - [09/Jun/2026:18:32:14 +0545] "GET /sitemap179.xml?path=/home/aashishs/tmp/awstats HTTP/2" 200 14269 "-" "meta-externalagent/1.1 (+https://developers.facebook.com/docs/sharing/webmasters/crawler)"
57.141.20.7 - - [09/Jun/2026:18:32:17 +0545] "GET /sitemap179.xml?fileloc=/home/aashishs/tmp/RCMTEMPthumb93931b8153c0ed233ba2f92458e227b9&path=/home/aashishs/tmp HTTP/2" 200 12918 "-" "meta-externalagent/1.1 (+https://developers.facebook.com/docs/sharing/webmasters/crawler)"
57.141.20.52 - - [09/Jun/2026:18:32:17 +0545] "GET /sitemap-subitems-1488.xml?path=//home/aashishs/.cache HTTP/2" 200 15541 "-" "meta-externalagent/1.1 (+https://developers.facebook.com/docs/sharing/webmasters/crawler)"
57.141.20.60 - - [09/Jun/2026:18:32:18 +0545] "GET /sitemap179.xml?path=/home/aashishs/tmp/pma_template_compiles_aashishs HTTP/2" 200 15831 "-" "meta-externalagent/1.1 (+https://developers.facebook.com/docs/sharing/webmasters/crawler)"
57.141.20.57 - - [09/Jun/2026:18:32:21 +0545] "GET /sitemap179.xml?fileloc=/home/aashishs/tmp/RCMTEMPthumb705690584f5b5395a0047a89c9217195&path=/home/aashishs/tmp HTTP/2" 200 13328 "-" "meta-externalagent/1.1 (+https://developers.facebook.com/docs/sharing/webmasters/crawler)"
57.141.20.56 - - [09/Jun/2026:18:32:21 +0545] "GET /sitemap179.xml?fileloc=/home/aashishs/animegrantha.com/xmlrpc.php&path=/home/aashishs/animegrantha.com HTTP/2" 200 16288 "-" "meta-externalagent/1.1 (+https://developers.facebook.com/docs/sharing/webmasters/crawler)"
57.141.20.12 - - [09/Jun/2026:18:32:24 +0545] "GET /sitemap179.xml?fileloc=/home/aashishs/animegrantha.com/.litespeed_flag&path=/home/aashishs/animegrantha.com HTTP/2" 200 12676 "-" "meta-externalagent/1.1 (+https://developers.facebook.com/docs/sharing/webmasters/crawler)"
57.141.20.9 - - [09/Jun/2026:18:32:24 +0545] "GET /sitemap179.xml?fileloc=/home/aashishs/animegrantha.com/wp-config.php&path=/home/aashishs/animegrantha.com HTTP/2" 200 15967 "-" "meta-externalagent/1.1 (+https://developers.facebook.com/docs/sharing/webmasters/crawler)"
57.141.20.53 - - [09/Jun/2026:18:32:24 +0545] "GET /sitemap-subitems-1488.xml?path=//home/aashishs/youthclimatecatalyst.info HTTP/2" 200 58561 "-" "meta-externalagent/1.1 (+https://developers.facebook.com/docs/sharing/webmasters/crawler)"
57.141.20.10 - - [09/Jun/2026:18:32:03 +0545] "GET /sitemap337.xml?fileloc=/home/aashishs/manishjhanepal.com.np/adminfuns.php&path=/home/aashishs/manishjhanepal.com.np HTTP/2" 200 12392 "-" "meta-externalagent/1.1 (+https://developers.facebook.com/docs/sharing/webmasters/crawler)"
57.141.20.34 - - [09/Jun/2026:18:32:03 +0545] "GET /sitemap337.xml?path=/home HTTP/2" 200 13956 "-" "meta-externalagent/1.1 (+https://developers.facebook.com/docs/sharing/webmasters/crawler)"
57.141.20.25 - - [09/Jun/2026:18:32:05 +0545] "GET /sitemap337.xml?fileloc=/home/aashishs/manishjhanepal.com.np/txets.php&path=/home/aashishs/manishjhanepal.com.np HTTP/2" 200 12388 "-" "meta-externalagent/1.1 (+https://developers.facebook.com/docs/sharing/webmasters/crawler)"
57.141.20.16 - - [09/Jun/2026:18:32:06 +0545] "GET /sitemap-subitems-1488.xml?path=//home/aashishs/test.asmitsah.com.np HTTP/2" 200 21664 "-" "meta-externalagent/1.1 (+https://developers.facebook.com/docs/sharing/webmasters/crawler)"
57.141.20.34 - - [09/Jun/2026:18:32:07 +0545] "GET /sitemap337.xml?fileloc=/home/aashishs/manishjhanepal.com.np/googlef15fc659d89a2145.html&path=/home/aashishs/manishjhanepal.com.np HTTP/2" 200 12460 "-" "meta-externalagent/1.1 (+https://developers.facebook.com/docs/sharing/webmasters/crawler)"
57.141.20.0 - - [09/Jun/2026:18:32:09 +0545] "GET /sitemap337.xml?fileloc=/home/aashishs/manishjhanepal.com.np/edit-tags.php&path=/home/aashishs/manishjhanepal.com.np HTTP/2" 200 12392 "-" "meta-externalagent/1.1 (+https://developers.facebook.com/docs/sharing/webmasters/crawler)"
57.141.20.4 - - [09/Jun/2026:18:32:11 +0545] "GET /sitemap337.xml?fileloc=/home/aashishs/manishjhanepal.com.np/wp-activate.php&path=/home/aashishs/manishjhanepal.com.np HTTP/2" 200 21389 "-" "meta-externalagent/1.1 (+https://developers.facebook.com/docs/sharing/webmasters/crawler)"
57.141.20.20 - - [09/Jun/2026:18:32:12 +0545] "GET /sitemap337.xml?path=/home/aashishs/manishjhanepal.com.np HTTP/2" 200 79018 "-" "meta-externalagent/1.1 (+https://developers.facebook.com/docs/sharing/webmasters/crawler)"
57.141.20.4 - - [09/Jun/2026:18:32:13 +0545] "GET /sitemap337.xml?fileloc=/home/aashishs/manishjhanepal.com.np/wp-login.php&path=/home/aashishs/manishjhanepal.com.np HTTP/2" 200 75406 "-" "meta-externalagent/1.1 (+https://developers.facebook.com/docs/sharing/webmasters/crawler)"
57.141.20.61 - - [09/Jun/2026:18:32:15 +0545] "GET /sitemap-subitems-1488.xml?path=//home/aashishs/lscmData HTTP/2" 200 17138 "-" "meta-externalagent/1.1 (+https://developers.facebook.com/docs/sharing/webmasters/crawler)"
57.141.20.2 - - [09/Jun/2026:18:32:17 +0545] "GET /sitemap-subitems-1488.xml?path=//home/aashishs/.pip HTTP/2" 200 15636 "-" "meta-externalagent/1.1 (+https://developers.facebook.com/docs/sharing/webmasters/crawler)"
57.141.20.57 - - [09/Jun/2026:18:32:19 +0545] "GET /sitemap-subitems-1488.xml?path=//home/aashishs/.wp-toolkit HTTP/2" 200 15602 "-" "meta-externalagent/1.1 (+https://developers.facebook.com/docs/sharing/webmasters/crawler)"
57.141.20.7 - - [09/Jun/2026:18:32:19 +0545] "GET /sitemap-subitems-1488.xml?fileloc=//home/aashishs/.lsphp_restart.txt&path=//home/aashishs HTTP/2" 200 12299 "-" "meta-externalagent/1.1 (+https://developers.facebook.com/docs/sharing/webmasters/crawler)"
57.141.20.27 - - [09/Jun/2026:18:32:22 +0545] "GET /sitemap179.xml?fileloc=/home/aashishs/tmp/sess_2335e428413bdf2cdb932838e1426300&path=/home/aashishs/tmp HTTP/2" 200 19578 "-" "meta-externalagent/1.1 (+https://developers.facebook.com/docs/sharing/webmasters/crawler)"
57.141.20.18 - - [09/Jun/2026:18:32:27 +0545] "GET /sitemap-subitems-1488.xml?path=//home/aashishs/asmitsah.com.np HTTP/2" 200 18534 "-" "meta-externalagent/1.1 (+https://developers.facebook.com/docs/sharing/webmasters/crawler)"
57.141.20.51 - - [09/Jun/2026:18:32:29 +0545] "GET /sitemap179.xml?fileloc=/home/aashishs/animegrantha.com/wp-trackback.php&path=/home/aashishs/animegrantha.com HTTP/2" 200 18123 "-" "meta-externalagent/1.1 (+https://developers.facebook.com/docs/sharing/webmasters/crawler)"
57.141.20.34 - - [09/Jun/2026:18:32:19 +0545] "GET /sitemap-subitems-1488.xml?path=//home/aashishs/.razor HTTP/2" 200 24862 "-" "meta-externalagent/1.1 (+https://developers.facebook.com/docs/sharing/webmasters/crawler)"
57.141.20.65 - - [09/Jun/2026:18:32:16 +0545] "GET /sitemap-subitems-1488.xml?fileloc=//home/aashishs/backup-9.15.2023_16-58-19_aashishs.tar.gz&path=//home/aashishs HTTP/2" 200 8871 "-" "meta-externalagent/1.1 (+https://developers.facebook.com/docs/sharing/webmasters/crawler)"
57.141.20.44 - - [09/Jun/2026:18:32:21 +0545] "GET /sitemap179.xml?fileloc=/home/aashishs/tmp/sess_752bffc20e8ea8bbb519bc71bc2233a0&path=/home/aashishs/tmp HTTP/2" 200 20937 "-" "meta-externalagent/1.1 (+https://developers.facebook.com/docs/sharing/webmasters/crawler)"
57.141.20.35 - - [09/Jun/2026:18:32:23 +0545] "GET /sitemap179.xml?path=/home/aashishs/tmp/webalizer HTTP/2" 200 14281 "-" "meta-externalagent/1.1 (+https://developers.facebook.com/docs/sharing/webmasters/crawler)"
57.141.20.1 - - [09/Jun/2026:18:32:23 +0545] "GET /sitemap-subitems-1488.xml?fileloc=//home/aashishs/.wp-toolkit-identifier&path=//home/aashishs HTTP/2" 200 12987 "-" "meta-externalagent/1.1 (+https://developers.facebook.com/docs/sharing/webmasters/crawler)"
57.141.20.14 - - [09/Jun/2026:18:32:24 +0545] "GET /sitemap-subitems-1488.xml?path=//home/aashishs/savyajewelry.com HTTP/2" 200 15647 "-" "meta-externalagent/1.1 (+https://developers.facebook.com/docs/sharing/webmasters/crawler)"
57.141.20.64 - - [09/Jun/2026:18:32:25 +0545] "GET /sitemap-subitems-1488.xml?path=//home/aashishs/.clwpos HTTP/2" 200 18527 "-" "meta-externalagent/1.1 (+https://developers.facebook.com/docs/sharing/webmasters/crawler)"
57.141.20.1 - - [09/Jun/2026:18:32:26 +0545] "GET /sitemap-subitems-1488.xml?path=//home/aashishs/.subaccounts HTTP/2" 200 15746 "-" "meta-externalagent/1.1 (+https://developers.facebook.com/docs/sharing/webmasters/crawler)"
57.141.20.4 - - [09/Jun/2026:18:32:27 +0545] "GET /sitemap179.xml?fileloc=/home/aashishs/animegrantha.com/wp-settings.php&path=/home/aashishs/animegrantha.com HTTP/2" 200 44393 "-" "meta-externalagent/1.1 (+https://developers.facebook.com/docs/sharing/webmasters/crawler)"
57.141.20.30 - - [09/Jun/2026:18:32:27 +0545] "GET /sitemap179.xml?fileloc=/home/aashishs/tmp/RCMTEMPthumb88f2014085daf19d0ec1a56c5136804d&path=/home/aashishs/tmp HTTP/2" 200 13328 "-" "meta-externalagent/1.1 (+https://developers.facebook.com/docs/sharing/webmasters/crawler)"
57.141.20.52 - - [09/Jun/2026:18:32:30 +0545] "GET /sitemap179.xml?path=/home/aashishs/animegrantha.com/.well-known HTTP/2" 200 15825 "-" "meta-externalagent/1.1 (+https://developers.facebook.com/docs/sharing/webmasters/crawler)"
57.141.20.10 - - [09/Jun/2026:18:32:34 +0545] "GET /sitemap-subitems-1488.xml?path=//home/aashishs/manishjhanepal.com.np HTTP/2" 200 79189 "-" "meta-externalagent/1.1 (+https://developers.facebook.com/docs/sharing/webmasters/crawler)"
57.141.20.49 - - [09/Jun/2026:18:32:36 +0545] "GET /sitemap179.xml?fileloc=/home/aashishs/animegrantha.com/wp-activate.php&path=/home/aashishs/animegrantha.com HTTP/2" 200 21403 "-" "meta-externalagent/1.1 (+https://developers.facebook.com/docs/sharing/webmasters/crawler)"
57.141.20.42 - - [09/Jun/2026:18:32:37 +0545] "GET /sitemap-subitems-1488.xml?path=//home/aashishs/.cphorde HTTP/2" 200 18410 "-" "meta-externalagent/1.1 (+https://developers.facebook.com/docs/sharing/webmasters/crawler)"
57.141.20.47 - - [09/Jun/2026:18:32:38 +0545] "GET /sitemap-subitems-1488.xml?path=//home/aashishs/mail HTTP/2" 200 52602 "-" "meta-externalagent/1.1 (+https://developers.facebook.com/docs/sharing/webmasters/crawler)"
57.141.20.67 - - [09/Jun/2026:18:32:38 +0545] "GET /sitemap179.xml?path=/home/aashishs/animegrantha.com/wp-includes HTTP/2" 200 433222 "-" "meta-externalagent/1.1 (+https://developers.facebook.com/docs/sharing/webmasters/crawler)"
57.141.20.45 - - [09/Jun/2026:18:32:26 +0545] "GET /shop/dilater/clinanthium012484174219 HTTP/2" 200 79018 "-" "meta-externalagent/1.1 (+https://developers.facebook.com/docs/sharing/webmasters/crawler)"
57.141.20.38 - - [09/Jun/2026:18:32:27 +0545] "GET /sitemap179.xml?path=/home/aashishs/tmp/analog HTTP/2" 200 14263 "-" "meta-externalagent/1.1 (+https://developers.facebook.com/docs/sharing/webmasters/crawler)"
57.141.20.30 - - [09/Jun/2026:18:32:28 +0545] "GET /sitemap179.xml?fileloc=/home/aashishs/tmp/RCMTEMPthumba1e34311b5059dd18b09fa985e420ef8&path=/home/aashishs/tmp HTTP/2" 200 12836 "-" "meta-externalagent/1.1 (+https://developers.facebook.com/docs/sharing/webmasters/crawler)"
57.141.20.21 - - [09/Jun/2026:18:32:28 +0545] "GET /sitemap179.xml?fileloc=/home/aashishs/tmp/sess_b8783293aa21421ba5b57e05621d6a58&path=/home/aashishs/tmp HTTP/2" 200 16857 "-" "meta-externalagent/1.1 (+https://developers.facebook.com/docs/sharing/webmasters/crawler)"
57.141.20.55 - - [09/Jun/2026:18:32:28 +0545] "GET /sitemap-subitems-1488.xml?path=//home/aashishs/survey.aashishshah.com.np HTTP/2" 200 20388 "-" "meta-externalagent/1.1 (+https://developers.facebook.com/docs/sharing/webmasters/crawler)"
57.141.20.69 - - [09/Jun/2026:18:32:30 +0545] "GET /sitemap337.xml?path=/ HTTP/2" 200 30409 "-" "meta-externalagent/1.1 (+https://developers.facebook.com/docs/sharing/webmasters/crawler)"
57.141.20.17 - - [09/Jun/2026:18:32:31 +0545] "GET /sitemap-subitems-1143.xml?fileloc=/home/aashishs/manishjhanepal.com.np/wp-includes/images/icon-library/post-terms.svg&path=/home/aashishs/manishjhanepal.com.np/wp-includes/images/icon-library HTTP/2" 200 13086 "-" "meta-externalagent/1.1 (+https://developers.facebook.com/docs/sharing/webmasters/crawler)"
57.141.20.16 - - [09/Jun/2026:18:32:31 +0545] "GET /sitemap179.xml?fileloc=/home/aashishs/animegrantha.com/wp-mail.php&path=/home/aashishs/animegrantha.com HTTP/2" 200 22060 "-" "meta-externalagent/1.1 (+https://developers.facebook.com/docs/sharing/webmasters/crawler)"
57.141.20.58 - - [09/Jun/2026:18:32:31 +0545] "GET /shop/affiliate/procreation012851860210 HTTP/2" 200 79018 "-" "meta-externalagent/1.1 (+https://developers.facebook.com/docs/sharing/webmasters/crawler)"
57.141.20.1 - - [09/Jun/2026:18:32:33 +0545] "GET /sitemap179.xml?path=/home/aashishs/animegrantha.com/wp-admin HTTP/2" 200 170507 "-" "meta-externalagent/1.1 (+https://developers.facebook.com/docs/sharing/webmasters/crawler)"
57.141.20.65 - - [09/Jun/2026:18:32:36 +0545] "GET /sitemap-subitems-1488.xml?fileloc=//home/aashishs/.spamassassinboxenable&path=//home/aashishs HTTP/2" 200 12303 "-" "meta-externalagent/1.1 (+https://developers.facebook.com/docs/sharing/webmasters/crawler)"
57.141.20.43 - - [09/Jun/2026:18:32:37 +0545] "GET /sitemap-subitems-1488.xml?path=//home/aashishs/ssl HTTP/2" 200 21097 "-" "meta-externalagent/1.1 (+https://developers.facebook.com/docs/sharing/webmasters/crawler)"
85.208.96.195 - - [09/Jun/2026:18:32:39 +0545] "GET /94311122034.htm HTTP/1.1" 200 5577 "-" "Mozilla/5.0 (compatible; SemrushBot/7~bl; +http://www.semrush.com/bot.html)"
57.141.20.55 - - [09/Jun/2026:18:32:40 +0545] "GET /sitemap179.xml?fileloc=/home/aashishs/tmp/RCMTEMPthumb94401836c2e51e610078f8e736f92364&path=/home/aashishs/tmp HTTP/2" 200 12918 "-" "meta-externalagent/1.1 (+https://developers.facebook.com/docs/sharing/webmasters/crawler)"
57.141.20.59 - - [09/Jun/2026:18:32:40 +0545] "GET /sitemap179.xml?fileloc=/home/aashishs/tmp/RCMTEMPthumba7968fbfd81ce7f4383390e781a8631d&path=/home/aashishs/tmp HTTP/2" 200 13720 "-" "meta-externalagent/1.1 (+https://developers.facebook.com/docs/sharing/webmasters/crawler)"
57.141.20.35 - - [09/Jun/2026:18:32:40 +0545] "GET /sitemap179.xml?fileloc=/home/aashishs/animegrantha.com/wp-load.php&path=/home/aashishs/animegrantha.com HTTP/2" 200 16890 "-" "meta-externalagent/1.1 (+https://developers.facebook.com/docs/sharing/webmasters/crawler)"
57.141.20.0 - - [09/Jun/2026:18:32:25 +0545] "GET /sitemap-subitems-1488.xml?fileloc=//home/aashishs/.imunify_patch_id&path=//home/aashishs HTTP/2" 200 12404 "-" "meta-externalagent/1.1 (+https://developers.facebook.com/docs/sharing/webmasters/crawler)"
57.141.20.71 - - [09/Jun/2026:18:32:30 +0545] "GET /sitemap179.xml?path=/home/aashishs/animegrantha.com/.wp-cli HTTP/2" 200 15753 "-" "meta-externalagent/1.1 (+https://developers.facebook.com/docs/sharing/webmasters/crawler)"
