57.141.20.10 - - [09/Jun/2026:18:11:49 +0545] "GET /sitemap-subitems-1143.xml?fileloc=/home/aashishs/www/wp-includes/feed-atom.php&path=/home/aashishs/www/wp-includes HTTP/2" 200 16619 "-" "meta-externalagent/1.1 (+https://developers.facebook.com/docs/sharing/webmasters/crawler)"
57.141.20.41 - - [09/Jun/2026:18:11:50 +0545] "GET /sitemap-subitems-1143.xml?fileloc=/home/aashishs/www/wp-includes/feed-rdf.php&path=/home/aashishs/www/wp-includes HTTP/2" 200 15875 "-" "meta-externalagent/1.1 (+https://developers.facebook.com/docs/sharing/webmasters/crawler)"
66.249.64.98 - - [09/Jun/2026:18:11:54 +0545] "GET /shop/thymic/orchal012626894655 HTTP/1.1" 200 4444 "-" "Mozilla/5.0 (Linux; Android 6.0.1; Nexus 5X Build/MMB29P) AppleWebKit/537.36 (KHTML, like Gecko) Chrome/148.0.7778.96 Mobile Safari/537.36 (compatible; Googlebot/2.1; +http://www.google.com/bot.html)"
57.141.20.1 - - [09/Jun/2026:18:11:54 +0545] "GET /shop/sonstadt/duodenary014111244455 HTTP/2" 200 79018 "-" "meta-externalagent/1.1 (+https://developers.facebook.com/docs/sharing/webmasters/crawler)"
57.141.20.2 - - [09/Jun/2026:18:11:58 +0545] "GET /sitemap-subitems-1143.xml?fileloc=/home/aashishs/www/wp-includes/class-pop3.php&path=/home/aashishs/www/wp-includes HTTP/2" 200 35756 "-" "meta-externalagent/1.1 (+https://developers.facebook.com/docs/sharing/webmasters/crawler)"
57.141.20.67 - - [09/Jun/2026:18:11:58 +0545] "GET /sitemap-subitems-1143.xml?path=/home/aashishs/www/wp-includes/build HTTP/2" 200 21734 "-" "meta-externalagent/1.1 (+https://developers.facebook.com/docs/sharing/webmasters/crawler)"
57.141.20.51 - - [09/Jun/2026:18:12:00 +0545] "GET /sitemap-subitems-1143.xml?fileloc=/home/aashishs/www/wp-includes/class-wp-rewrite.php&path=/home/aashishs/www/wp-includes HTTP/2" 200 81137 "-" "meta-externalagent/1.1 (+https://developers.facebook.com/docs/sharing/webmasters/crawler)"
57.141.20.34 - - [09/Jun/2026:18:12:01 +0545] "GET /sitemap-subitems-1143.xml?fileloc=/home/aashishs/www/wp-includes/query.php&path=/home/aashishs/www/wp-includes HTTP/2" 200 51235 "-" "meta-externalagent/1.1 (+https://developers.facebook.com/docs/sharing/webmasters/crawler)"
57.141.20.7 - - [09/Jun/2026:18:11:48 +0545] "GET /sitemap-subitems-1143.xml?fileloc=/home/aashishs/www/wp-includes/class-phpass.php&path=/home/aashishs/www/wp-includes HTTP/2" 200 19717 "-" "meta-externalagent/1.1 (+https://developers.facebook.com/docs/sharing/webmasters/crawler)"
57.141.20.27 - - [09/Jun/2026:18:11:48 +0545] "GET /shop/elatum/ambulatories01467458820 HTTP/2" 200 79018 "-" "meta-externalagent/1.1 (+https://developers.facebook.com/docs/sharing/webmasters/crawler)"
57.141.20.2 - - [09/Jun/2026:18:11:49 +0545] "GET /sitemap-subitems-1143.xml?fileloc=/home/aashishs/www/wp-includes/ms-functions.php&path=/home/aashishs/www/wp-includes HTTP/2" 200 112048 "-" "meta-externalagent/1.1 (+https://developers.facebook.com/docs/sharing/webmasters/crawler)"
85.208.96.200 - - [09/Jun/2026:18:11:49 +0545] "GET /94311216650.htm HTTP/1.1" 200 5577 "-" "Mozilla/5.0 (compatible; SemrushBot/7~bl; +http://www.semrush.com/bot.html)"
57.141.20.16 - - [09/Jun/2026:18:11:50 +0545] "GET /sitemap-subitems-1143.xml?fileloc=/home/aashishs/www/wp-includes/pluggable.php&path=/home/aashishs/www/wp-includes HTTP/2" 200 151795 "-" "meta-externalagent/1.1 (+https://developers.facebook.com/docs/sharing/webmasters/crawler)"
57.141.20.53 - - [09/Jun/2026:18:11:50 +0545] "GET /sitemap-subitems-1143.xml?fileloc=/home/aashishs/www/wp-includes/class-wp-http-ixr-client.php&path=/home/aashishs/www/wp-includes HTTP/2" 200 16481 "-" "meta-externalagent/1.1 (+https://developers.facebook.com/docs/sharing/webmasters/crawler)"
57.141.20.6 - - [09/Jun/2026:18:11:51 +0545] "GET /sitemap-subitems-1143.xml?fileloc=/home/aashishs/www/wp-includes/class-wp-ajax-response.php&path=/home/aashishs/www/wp-includes HTTP/2" 200 18610 "-" "meta-externalagent/1.1 (+https://developers.facebook.com/docs/sharing/webmasters/crawler)"
57.141.20.16 - - [09/Jun/2026:18:11:52 +0545] "GET /sitemap-subitems-1143.xml?fileloc=/home/aashishs/www/wp-includes/class-wp-widget.php&path=/home/aashishs/www/wp-includes HTTP/2" 200 32077 "-" "meta-externalagent/1.1 (+https://developers.facebook.com/docs/sharing/webmasters/crawler)"
57.141.20.54 - - [09/Jun/2026:18:11:53 +0545] "GET /sitemap-subitems-1143.xml?fileloc=/home/aashishs/www/wp-includes/view-transitions.php&path=/home/aashishs/www/wp-includes HTTP/2" 200 13065 "-" "meta-externalagent/1.1 (+https://developers.facebook.com/docs/sharing/webmasters/crawler)"
57.141.20.54 - - [09/Jun/2026:18:11:53 +0545] "GET /sitemap-subitems-1143.xml?fileloc=/home/aashishs/www/wp-includes/pluggable-deprecated.php&path=/home/aashishs/www/wp-includes HTTP/2" 200 19322 "-" "meta-externalagent/1.1 (+https://developers.facebook.com/docs/sharing/webmasters/crawler)"
57.141.20.70 - - [09/Jun/2026:18:11:55 +0545] "GET /sitemap-subitems-1143.xml?fileloc=/home/aashishs/www/wp-includes/compat-utf8.php&path=/home/aashishs/www/wp-includes HTTP/2" 200 33150 "-" "meta-externalagent/1.1 (+https://developers.facebook.com/docs/sharing/webmasters/crawler)"
57.141.20.56 - - [09/Jun/2026:18:11:55 +0545] "GET /sitemap-subitems-1143.xml?path=/home/aashishs/www/wp-includes/rest-api HTTP/2" 200 23399 "-" "meta-externalagent/1.1 (+https://developers.facebook.com/docs/sharing/webmasters/crawler)"
57.141.20.13 - - [09/Jun/2026:18:11:56 +0545] "GET /sitemap-subitems-1143.xml?fileloc=/home/aashishs/www/wp-includes/error_log&path=/home/aashishs/www/wp-includes HTTP/2" 200 405494 "-" "meta-externalagent/1.1 (+https://developers.facebook.com/docs/sharing/webmasters/crawler)"
57.141.20.59 - - [09/Jun/2026:18:12:00 +0545] "GET /sitemap-subitems-1143.xml?fileloc=/home/aashishs/www/wp-includes/class-wp-block-bindings-source.php&path=/home/aashishs/www/wp-includes HTTP/2" 200 15504 "-" "meta-externalagent/1.1 (+https://developers.facebook.com/docs/sharing/webmasters/crawler)"
57.141.20.37 - - [09/Jun/2026:18:12:02 +0545] "GET /sitemap-subitems-1143.xml?fileloc=/home/aashishs/www/wp-includes/post-formats.php&path=/home/aashishs/www/wp-includes HTTP/2" 200 20382 "-" "meta-externalagent/1.1 (+https://developers.facebook.com/docs/sharing/webmasters/crawler)"
57.141.20.25 - - [09/Jun/2026:18:11:56 +0545] "GET /sitemap-subitems-1143.xml?fileloc=/home/aashishs/www/wp-includes/class-wp-object-cache.php&path=/home/aashishs/www/wp-includes HTTP/2" 200 30885 "-" "meta-externalagent/1.1 (+https://developers.facebook.com/docs/sharing/webmasters/crawler)"
57.141.20.21 - - [09/Jun/2026:18:11:56 +0545] "GET /sitemap-subitems-1143.xml?fileloc=/home/aashishs/www/wp-includes/rewrite.php&path=/home/aashishs/www/wp-includes HTTP/2" 200 33636 "-" "meta-externalagent/1.1 (+https://developers.facebook.com/docs/sharing/webmasters/crawler)"
57.141.20.29 - - [09/Jun/2026:18:11:57 +0545] "GET /sitemap-subitems-1143.xml?fileloc=/home/aashishs/www/wp-includes/class-wp-block-templates-registry.php&path=/home/aashishs/www/wp-includes HTTP/2" 200 20022 "-" "meta-externalagent/1.1 (+https://developers.facebook.com/docs/sharing/webmasters/crawler)"
57.141.20.47 - - [09/Jun/2026:18:11:58 +0545] "GET /sitemap-subitems-1143.xml?fileloc=/home/aashishs/www/wp-includes/default-constants.php&path=/home/aashishs/www/wp-includes HTTP/2" 200 25409 "-" "meta-externalagent/1.1 (+https://developers.facebook.com/docs/sharing/webmasters/crawler)"
57.141.20.21 - - [09/Jun/2026:18:11:59 +0545] "GET /sitemap-subitems-1143.xml?fileloc=/home/aashishs/www/wp-includes/abilities.php&path=/home/aashishs/www/wp-includes HTTP/2" 200 22960 "-" "meta-externalagent/1.1 (+https://developers.facebook.com/docs/sharing/webmasters/crawler)"
57.141.20.2 - - [09/Jun/2026:18:11:59 +0545] "GET /sitemap-subitems-1143.xml?fileloc=/home/aashishs/www/wp-includes/load.php&path=/home/aashishs/www/wp-includes HTTP/2" 200 74487 "-" "meta-externalagent/1.1 (+https://developers.facebook.com/docs/sharing/webmasters/crawler)"
57.141.20.70 - - [09/Jun/2026:18:12:00 +0545] "GET /sitemap-subitems-1143.xml?fileloc=/home/aashishs/www/wp-includes/registration-functions.php&path=/home/aashishs/www/wp-includes HTTP/2" 200 12659 "-" "meta-externalagent/1.1 (+https://developers.facebook.com/docs/sharing/webmasters/crawler)"
57.141.20.37 - - [09/Jun/2026:18:12:03 +0545] "GET /sitemap-subitems-1143.xml?fileloc=/home/aashishs/www/wp-includes/general-template.php&path=/home/aashishs/www/wp-includes HTTP/2" 200 211303 "-" "meta-externalagent/1.1 (+https://developers.facebook.com/docs/sharing/webmasters/crawler)"
57.141.20.31 - - [09/Jun/2026:18:12:04 +0545] "GET /sitemap-subitems-1143.xml?fileloc=/home/aashishs/www/wp-includes/feed-atom-comments.php&path=/home/aashishs/www/wp-includes HTTP/2" 200 19404 "-" "meta-externalagent/1.1 (+https://developers.facebook.com/docs/sharing/webmasters/crawler)"
57.141.20.55 - - [09/Jun/2026:18:12:05 +0545] "GET /sitemap-subitems-1143.xml?path=/home/aashishs/www/wp-includes/js HTTP/2" 200 183460 "-" "meta-externalagent/1.1 (+https://developers.facebook.com/docs/sharing/webmasters/crawler)"
57.141.20.56 - - [09/Jun/2026:18:12:05 +0545] "GET /sitemap-subitems-1143.xml?fileloc=/home/aashishs/www/wp-includes/class-wp-list-util.php&path=/home/aashishs/www/wp-includes HTTP/2" 200 20305 "-" "meta-externalagent/1.1 (+https://developers.facebook.com/docs/sharing/webmasters/crawler)"
57.141.20.12 - - [09/Jun/2026:18:12:06 +0545] "GET /sitemap-subitems-1143.xml?fileloc=/home/aashishs/www/wp-includes/canonical.php&path=/home/aashishs/www/wp-includes HTTP/2" 200 53528 "-" "meta-externalagent/1.1 (+https://developers.facebook.com/docs/sharing/webmasters/crawler)"
57.141.20.18 - - [09/Jun/2026:18:12:07 +0545] "GET /sitemap-subitems-1143.xml?fileloc=/home/aashishs/www/wp-includes/class-wp-roles.php&path=/home/aashishs/www/wp-includes HTTP/2" 200 22353 "-" "meta-externalagent/1.1 (+https://developers.facebook.com/docs/sharing/webmasters/crawler)"
57.141.20.18 - - [09/Jun/2026:18:12:07 +0545] "GET /sitemap-subitems-1143.xml?fileloc=/home/aashishs/www/wp-includes/shortcodes.php&path=/home/aashishs/www/wp-includes HTTP/2" 200 38051 "-" "meta-externalagent/1.1 (+https://developers.facebook.com/docs/sharing/webmasters/crawler)"
57.141.20.53 - - [09/Jun/2026:18:11:52 +0545] "GET /sitemap-subitems-1143.xml?fileloc=/home/aashishs/www/wp-includes/atomlib.php&path=/home/aashishs/www/wp-includes HTTP/2" 200 26098 "-" "meta-externalagent/1.1 (+https://developers.facebook.com/docs/sharing/webmasters/crawler)"
57.141.20.16 - - [09/Jun/2026:18:11:52 +0545] "GET /sitemap-subitems-1143.xml?fileloc=/home/aashishs/www/wp-includes/class-wp-block-supports.php&path=/home/aashishs/www/wp-includes HTTP/2" 200 19402 "-" "meta-externalagent/1.1 (+https://developers.facebook.com/docs/sharing/webmasters/crawler)"
57.141.20.21 - - [09/Jun/2026:18:11:53 +0545] "GET /shop/remarked/patristics012217523591 HTTP/2" 403 787 "-" "meta-externalagent/1.1 (+https://developers.facebook.com/docs/sharing/webmasters/crawler)"
57.141.20.34 - - [09/Jun/2026:18:11:57 +0545] "GET /sitemap-subitems-1143.xml?fileloc=/home/aashishs/www/wp-includes/class-wp-comment-query.php&path=/home/aashishs/www/wp-includes HTTP/2" 200 67958 "-" "meta-externalagent/1.1 (+https://developers.facebook.com/docs/sharing/webmasters/crawler)"
57.141.20.12 - - [09/Jun/2026:18:12:01 +0545] "GET /sitemap-subitems-1143.xml?fileloc=/home/aashishs/www/wp-includes/class-wp-xmlrpc-server.php&path=/home/aashishs/www/wp-includes HTTP/2" 200 255859 "-" "meta-externalagent/1.1 (+https://developers.facebook.com/docs/sharing/webmasters/crawler)"
57.141.20.39 - - [09/Jun/2026:18:12:02 +0545] "GET /sitemap-subitems-1143.xml?path=/home/aashishs/www/wp-includes/html-api HTTP/2" 200 37067 "-" "meta-externalagent/1.1 (+https://developers.facebook.com/docs/sharing/webmasters/crawler)"
57.141.20.21 - - [09/Jun/2026:18:12:02 +0545] "GET /sitemap-subitems-1143.xml?fileloc=/home/aashishs/www/wp-includes/class-wp.php&path=/home/aashishs/www/wp-includes HTTP/2" 200 41937 "-" "meta-externalagent/1.1 (+https://developers.facebook.com/docs/sharing/webmasters/crawler)"
57.141.20.29 - - [09/Jun/2026:18:12:09 +0545] "GET /sitemap-subitems-1143.xml?fileloc=/home/aashishs/www/wp-includes/class-wp-dependency.php&path=/home/aashishs/www/wp-includes HTTP/2" 200 15125 "-" "meta-externalagent/1.1 (+https://developers.facebook.com/docs/sharing/webmasters/crawler)"
57.141.20.16 - - [09/Jun/2026:18:12:09 +0545] "GET /sitemap-subitems-1143.xml?path=/home/aashishs/www/wp-includes/blocks HTTP/2" 200 303880 "-" "meta-externalagent/1.1 (+https://developers.facebook.com/docs/sharing/webmasters/crawler)"
57.141.20.64 - - [09/Jun/2026:18:12:11 +0545] "GET /sitemap-subitems-1143.xml?fileloc=/home/aashishs/www/.wp-cli/pucci.php&path=/home/aashishs/www/.wp-cli HTTP/2" 200 12397 "-" "meta-externalagent/1.1 (+https://developers.facebook.com/docs/sharing/webmasters/crawler)"
57.141.20.54 - - [09/Jun/2026:18:12:11 +0545] "GET /sitemap-subitems-1143.xml?fileloc=/home/aashishs/www/wp-includes/author-template.php&path=/home/aashishs/www/wp-includes HTTP/2" 200 34405 "-" "meta-externalagent/1.1 (+https://developers.facebook.com/docs/sharing/webmasters/crawler)"
57.141.20.47 - - [09/Jun/2026:18:12:13 +0545] "GET /sitemap-subitems-1143.xml?fileloc=/home/aashishs/www/wp-includes/rss.php&path=/home/aashishs/www/wp-includes HTTP/2" 200 38287 "-" "meta-externalagent/1.1 (+https://developers.facebook.com/docs/sharing/webmasters/crawler)"
57.141.20.16 - - [09/Jun/2026:18:12:13 +0545] "GET /sitemap-subitems-1143.xml?fileloc=/home/aashishs/www/wp-includes/class-walker-nav-menu.php&path=/home/aashishs/www/wp-includes HTTP/2" 200 25676 "-" "meta-externalagent/1.1 (+https://developers.facebook.com/docs/sharing/webmasters/crawler)"
57.141.20.68 - - [09/Jun/2026:18:12:14 +0545] "GET /sitemap-subitems-1143.xml?path=/home/aashishs/www/wp-includes/theme-compat HTTP/2" 200 28466 "-" "meta-externalagent/1.1 (+https://developers.facebook.com/docs/sharing/webmasters/crawler)"
57.141.20.69 - - [09/Jun/2026:18:12:15 +0545] "GET /sitemap-subitems-1143.xml?fileloc=/home/aashishs/www/wp-includes/rss-functions.php&path=/home/aashishs/www/wp-includes HTTP/2" 200 12715 "-" "meta-externalagent/1.1 (+https://developers.facebook.com/docs/sharing/webmasters/crawler)"
57.141.20.35 - - [09/Jun/2026:18:12:03 +0545] "GET /sitemap-subitems-1143.xml?fileloc=/home/aashishs/www/wp-includes/class-wp-http-cookie.php&path=/home/aashishs/www/wp-includes HTTP/2" 200 20350 "-" "meta-externalagent/1.1 (+https://developers.facebook.com/docs/sharing/webmasters/crawler)"
57.141.20.65 - - [09/Jun/2026:18:12:05 +0545] "GET /sitemap-subitems-1143.xml?fileloc=/home/aashishs/www/wp-includes/comment.php&path=/home/aashishs/www/wp-includes HTTP/2" 200 159271 "-" "meta-externalagent/1.1 (+https://developers.facebook.com/docs/sharing/webmasters/crawler)"
57.141.20.32 - - [09/Jun/2026:18:12:08 +0545] "GET /sitemap-subitems-1143.xml?fileloc=/home/aashishs/www/wp-includes/class-feed.php&path=/home/aashishs/www/wp-includes HTTP/2" 200 13036 "-" "meta-externalagent/1.1 (+https://developers.facebook.com/docs/sharing/webmasters/crawler)"
57.141.20.66 - - [09/Jun/2026:18:12:09 +0545] "GET /sitemap-subitems-1143.xml?fileloc=/home/aashishs/www/wp-includes/comment-template.php&path=/home/aashishs/www/wp-includes HTTP/2" 200 126511 "-" "meta-externalagent/1.1 (+https://developers.facebook.com/docs/sharing/webmasters/crawler)"
57.141.20.56 - - [09/Jun/2026:18:12:09 +0545] "GET /sitemap-subitems-1143.xml?fileloc=/home/aashishs/www/wp-includes/date.php&path=/home/aashishs/www/wp-includes HTTP/2" 200 12851 "-" "meta-externalagent/1.1 (+https://developers.facebook.com/docs/sharing/webmasters/crawler)"
57.141.20.41 - - [09/Jun/2026:18:12:12 +0545] "GET /sitemap-subitems-1143.xml?fileloc=/home/aashishs/www/cgi-bin/72asvc49iw.php&path=/home/aashishs/www/cgi-bin HTTP/2" 200 12402 "-" "meta-externalagent/1.1 (+https://developers.facebook.com/docs/sharing/webmasters/crawler)"
57.141.20.6 - - [09/Jun/2026:18:12:13 +0545] "GET /sitemap-subitems-1143.xml?fileloc=/home/aashishs/www/wp-includes/class-wp-http-streams.php&path=/home/aashishs/www/wp-includes HTTP/2" 200 31815 "-" "meta-externalagent/1.1 (+https://developers.facebook.com/docs/sharing/webmasters/crawler)"
57.141.20.25 - - [09/Jun/2026:18:12:14 +0545] "GET /sitemap-subitems-1143.xml?fileloc=/home/aashishs/www/wp-includes/class-wp-text-diff-renderer-table.php&path=/home/aashishs/www/wp-includes HTTP/2" 200 32863 "-" "meta-externalagent/1.1 (+https://developers.facebook.com/docs/sharing/webmasters/crawler)"
57.141.20.6 - - [09/Jun/2026:18:12:16 +0545] "GET /shop/nonamer/caboshed012919169593?fileloc=/home/aashishs/manishjhanepal.com.np/wp-signup.php&path=/home/aashishs/manishjhanepal.com.np HTTP/2" 200 54005 "-" "meta-externalagent/1.1 (+https://developers.facebook.com/docs/sharing/webmasters/crawler)"
57.141.20.61 - - [09/Jun/2026:18:12:16 +0545] "GET /sitemap-subitems-1143.xml?fileloc=/home/aashishs/www/wp-includes/user.php&path=/home/aashishs/www/wp-includes HTTP/2" 200 208197 "-" "meta-externalagent/1.1 (+https://developers.facebook.com/docs/sharing/webmasters/crawler)"
57.141.20.35 - - [09/Jun/2026:18:12:18 +0545] "GET /sitemap-subitems-1143.xml?fileloc=/home/aashishs/www/wp-includes/plugin.php&path=/home/aashishs/www/wp-includes HTTP/2" 200 49806 "-" "meta-externalagent/1.1 (+https://developers.facebook.com/docs/sharing/webmasters/crawler)"
57.141.20.66 - - [09/Jun/2026:18:12:19 +0545] "GET /sitemap-subitems-1143.xml?path=/home/aashishs/www/wp-includes/PHPMailer HTTP/2" 200 26835 "-" "meta-externalagent/1.1 (+https://developers.facebook.com/docs/sharing/webmasters/crawler)"
57.141.20.20 - - [09/Jun/2026:18:12:20 +0545] "GET /sitemap-subitems-1143.xml?fileloc=/home/aashishs/www/wp-includes/class-walker-page-dropdown.php&path=/home/aashishs/www/wp-includes HTTP/2" 200 15444 "-" "meta-externalagent/1.1 (+https://developers.facebook.com/docs/sharing/webmasters/crawler)"
57.141.20.65 - - [09/Jun/2026:18:12:21 +0545] "GET /sitemap-subitems-1143.xml?fileloc=/home/aashishs/www/wp-includes/link-template.php&path=/home/aashishs/www/wp-includes HTTP/2" 200 188500 "-" "meta-externalagent/1.1 (+https://developers.facebook.com/docs/sharing/webmasters/crawler)"
57.141.20.60 - - [09/Jun/2026:18:12:01 +0545] "GET /sitemap-subitems-1143.xml?fileloc=/home/aashishs/www/wp-includes/class-wp-post.php&path=/home/aashishs/www/wp-includes HTTP/2" 200 19517 "-" "meta-externalagent/1.1 (+https://developers.facebook.com/docs/sharing/webmasters/crawler)"
57.141.20.43 - - [09/Jun/2026:18:12:03 +0545] "GET /sitemap-subitems-1143.xml?fileloc=/home/aashishs/www/wp-includes/class-wp-feed-cache-transient.php&path=/home/aashishs/www/wp-includes HTTP/2" 200 15840 "-" "meta-externalagent/1.1 (+https://developers.facebook.com/docs/sharing/webmasters/crawler)"
57.141.20.2 - - [09/Jun/2026:18:12:04 +0545] "GET /sitemap-subitems-1143.xml?fileloc=/home/aashishs/www/wp-includes/deprecated.php&path=/home/aashishs/www/wp-includes HTTP/2" 200 225928 "-" "meta-externalagent/1.1 (+https://developers.facebook.com/docs/sharing/webmasters/crawler)"
57.141.20.69 - - [09/Jun/2026:18:12:04 +0545] "GET /sitemap-subitems-1143.xml?fileloc=/home/aashishs/www/wp-includes/utf8.php&path=/home/aashishs/www/wp-includes HTTP/2" 200 20002 "-" "meta-externalagent/1.1 (+https://developers.facebook.com/docs/sharing/webmasters/crawler)"
57.141.20.52 - - [09/Jun/2026:18:12:05 +0545] "GET /sitemap-subitems-1143.xml?fileloc=/home/aashishs/www/wp-includes/feed.php&path=/home/aashishs/www/wp-includes HTTP/2" 200 39924 "-" "meta-externalagent/1.1 (+https://developers.facebook.com/docs/sharing/webmasters/crawler)"
57.141.20.34 - - [09/Jun/2026:18:12:10 +0545] "GET /sitemap-subitems-1143.xml?fileloc=/home/aashishs/www/wp-includes/class-phpmailer.php&path=/home/aashishs/www/wp-includes HTTP/2" 200 13166 "-" "meta-externalagent/1.1 (+https://developers.facebook.com/docs/sharing/webmasters/crawler)"
57.141.20.44 - - [09/Jun/2026:18:12:11 +0545] "GET /sitemap-subitems-1143.xml?fileloc=/home/aashishs/www/wp-includes/class.wp-scripts.php&path=/home/aashishs/www/wp-includes HTTP/2" 200 12806 "-" "meta-externalagent/1.1 (+https://developers.facebook.com/docs/sharing/webmasters/crawler)"
57.141.20.43 - - [09/Jun/2026:18:12:12 +0545] "GET /sitemap-subitems-1143.xml?fileloc=/home/aashishs/www/wp-includes/class-wp-image-editor.php&path=/home/aashishs/www/wp-includes HTTP/2" 200 30515 "-" "meta-externalagent/1.1 (+https://developers.facebook.com/docs/sharing/webmasters/crawler)"
57.141.20.37 - - [09/Jun/2026:18:12:14 +0545] "GET /sitemap-subitems-1143.xml?path=/home/aashishs/www/wp-includes/l10n HTTP/2" 200 22380 "-" "meta-externalagent/1.1 (+https://developers.facebook.com/docs/sharing/webmasters/crawler)"
57.141.20.56 - - [09/Jun/2026:18:12:18 +0545] "GET /shop/nonamer/caboshed012919169593?path=/home/aashishs/manishjhanepal.com.np/cgi-bin HTTP/2" 200 20465 "-" "meta-externalagent/1.1 (+https://developers.facebook.com/docs/sharing/webmasters/crawler)"
57.141.20.1 - - [09/Jun/2026:18:12:18 +0545] "GET /sitemap-subitems-1143.xml?fileloc=/home/aashishs/www/wp-includes/class-wp-theme.php&path=/home/aashishs/www/wp-includes HTTP/2" 200 86244 "-" "meta-externalagent/1.1 (+https://developers.facebook.com/docs/sharing/webmasters/crawler)"
57.141.20.42 - - [09/Jun/2026:18:12:21 +0545] "GET /sitemap-subitems-1143.xml?fileloc=/home/aashishs/www/wp-includes/class-wp-fatal-error-handler.php&path=/home/aashishs/www/wp-includes HTTP/2" 200 21091 "-" "meta-externalagent/1.1 (+https://developers.facebook.com/docs/sharing/webmasters/crawler)"
57.141.20.47 - - [09/Jun/2026:18:12:21 +0545] "GET /sitemap-subitems-1143.xml?fileloc=/home/aashishs/www/wp-includes/class.wp-styles.php&path=/home/aashishs/www/wp-includes HTTP/2" 200 12800 "-" "meta-externalagent/1.1 (+https://developers.facebook.com/docs/sharing/webmasters/crawler)"
57.141.20.68 - - [09/Jun/2026:18:12:22 +0545] "GET /sitemap-subitems-1143.xml?fileloc=/home/aashishs/www/wp-includes/class-wp-session-tokens.php&path=/home/aashishs/www/wp-includes HTTP/2" 200 20003 "-" "meta-externalagent/1.1 (+https://developers.facebook.com/docs/sharing/webmasters/crawler)"
57.141.20.9 - - [09/Jun/2026:18:12:08 +0545] "GET /sitemap-subitems-1143.xml?path=/home/aashishs/www/wp-includes/sodium_compat HTTP/2" 200 23370 "-" "meta-externalagent/1.1 (+https://developers.facebook.com/docs/sharing/webmasters/crawler)"
57.141.20.44 - - [09/Jun/2026:18:12:08 +0545] "GET /sitemap-subitems-1143.xml?fileloc=/home/aashishs/www/wp-includes/class-wp-phpmailer.php&path=/home/aashishs/www/wp-includes HTTP/2" 200 17510 "-" "meta-externalagent/1.1 (+https://developers.facebook.com/docs/sharing/webmasters/crawler)"
57.141.20.16 - - [09/Jun/2026:18:12:10 +0545] "GET /sitemap-subitems-1143.xml?fileloc=/home/aashishs/www/wp-includes/class-wp-site.php&path=/home/aashishs/www/wp-includes HTTP/2" 200 20461 "-" "meta-externalagent/1.1 (+https://developers.facebook.com/docs/sharing/webmasters/crawler)"
57.141.20.3 - - [09/Jun/2026:18:12:10 +0545] "GET /sitemap-subitems-1143.xml?fileloc=/home/aashishs/www/wp-includes/class-wp-application-passwords.php&path=/home/aashishs/www/wp-includes HTTP/2" 200 30260 "-" "meta-externalagent/1.1 (+https://developers.facebook.com/docs/sharing/webmasters/crawler)"
57.141.20.67 - - [09/Jun/2026:18:12:12 +0545] "GET /sitemap-subitems-1143.xml?fileloc=/home/aashishs/www/wp-includes/template-canvas.php&path=/home/aashishs/www/wp-includes HTTP/2" 200 13095 "-" "meta-externalagent/1.1 (+https://developers.facebook.com/docs/sharing/webmasters/crawler)"
57.141.20.13 - - [09/Jun/2026:18:12:15 +0545] "GET /sitemap-subitems-1143.xml?fileloc=/home/aashishs/www/wp-includes/feed-rss2-comments.php&path=/home/aashishs/www/wp-includes HTTP/2" 200 17402 "-" "meta-externalagent/1.1 (+https://developers.facebook.com/docs/sharing/webmasters/crawler)"
57.141.20.47 - - [09/Jun/2026:18:12:16 +0545] "GET /sitemap-subitems-1143.xml?fileloc=/home/aashishs/www/wp-includes/class-wp-tax-query.php&path=/home/aashishs/www/wp-includes HTTP/2" 200 34628 "-" "meta-externalagent/1.1 (+https://developers.facebook.com/docs/sharing/webmasters/crawler)"
57.141.20.65 - - [09/Jun/2026:18:12:17 +0545] "GET /shop/nonamer/caboshed012919169593?fileloc=/home/aashishs/manishjhanepal.com.np/edit-tags.php&path=/home/aashishs/manishjhanepal.com.np HTTP/2" 200 12392 "-" "meta-externalagent/1.1 (+https://developers.facebook.com/docs/sharing/webmasters/crawler)"
57.141.20.71 - - [09/Jun/2026:18:12:17 +0545] "GET /sitemap-subitems-1143.xml?path=/home/aashishs/www/wp-includes/ID3 HTTP/2" 200 40896 "-" "meta-externalagent/1.1 (+https://developers.facebook.com/docs/sharing/webmasters/crawler)"
57.141.20.67 - - [09/Jun/2026:18:12:18 +0545] "GET /sitemap-subitems-1143.xml?fileloc=/home/aashishs/www/wp-includes/bookmark-template.php&path=/home/aashishs/www/wp-includes HTTP/2" 200 27543 "-" "meta-externalagent/1.1 (+https://developers.facebook.com/docs/sharing/webmasters/crawler)"
57.141.20.56 - - [09/Jun/2026:18:12:21 +0545] "GET /sitemap-subitems-1143.xml?fileloc=/home/aashishs/www/wp-includes/class-wp-url-pattern-prefixer.php&path=/home/aashishs/www/wp-includes HTTP/2" 200 17511 "-" "meta-externalagent/1.1 (+https://developers.facebook.com/docs/sharing/webmasters/crawler)"
57.141.20.25 - - [09/Jun/2026:18:12:25 +0545] "GET /sitemap-subitems-1143.xml?fileloc=/home/aashishs/www/wp-includes/error-protection.php&path=/home/aashishs/www/wp-includes HTTP/2" 200 16881 "-" "meta-externalagent/1.1 (+https://developers.facebook.com/docs/sharing/webmasters/crawler)"
57.141.20.69 - - [09/Jun/2026:18:12:27 +0545] "GET /shop/combinative/hymenaea013558942754 HTTP/2" 200 79018 "-" "meta-externalagent/1.1 (+https://developers.facebook.com/docs/sharing/webmasters/crawler)"
57.141.20.6 - - [09/Jun/2026:18:12:27 +0545] "GET /sitemap-subitems-1143.xml?fileloc=/home/aashishs/www/wp-includes/class-wp-customize-widgets.php&path=/home/aashishs/www/wp-includes HTTP/2" 200 92804 "-" "meta-externalagent/1.1 (+https://developers.facebook.com/docs/sharing/webmasters/crawler)"
57.141.20.13 - - [09/Jun/2026:18:12:23 +0545] "GET /sitemap-subitems-1143.xml?fileloc=/home/aashishs/www/wp-includes/class-wp-block-template.php&path=/home/aashishs/www/wp-includes HTTP/2" 200 14513 "-" "meta-externalagent/1.1 (+https://developers.facebook.com/docs/sharing/webmasters/crawler)"
57.141.20.67 - - [09/Jun/2026:18:12:23 +0545] "GET /sitemap-subitems-1143.xml?fileloc=/home/aashishs/www/wp-includes/robots-template.php&path=/home/aashishs/www/wp-includes HTTP/2" 200 18006 "-" "meta-externalagent/1.1 (+https://developers.facebook.com/docs/sharing/webmasters/crawler)"
57.141.20.69 - - [09/Jun/2026:18:12:24 +0545] "GET /sitemap-subitems-1143.xml?fileloc=/home/aashishs/www/wp-includes/class-wp-theme-json-schema.php&path=/home/aashishs/www/wp-includes HTTP/2" 200 20503 "-" "meta-externalagent/1.1 (+https://developers.facebook.com/docs/sharing/webmasters/crawler)"
57.141.20.70 - - [09/Jun/2026:18:12:24 +0545] "GET /shop/conforming/faussebraye012799709300 HTTP/2" 200 79018 "-" "meta-externalagent/1.1 (+https://developers.facebook.com/docs/sharing/webmasters/crawler)"
57.141.20.8 - - [09/Jun/2026:18:12:27 +0545] "GET /sitemap-subitems-1143.xml?fileloc=/home/aashishs/www/wp-includes/admin-bar.php&path=/home/aashishs/www/wp-includes HTTP/2" 200 61015 "-" "meta-externalagent/1.1 (+https://developers.facebook.com/docs/sharing/webmasters/crawler)"
57.141.20.49 - - [09/Jun/2026:18:12:27 +0545] "GET /sitemap-subitems-1143.xml?fileloc=/home/aashishs/www/cgi-bin/index.php&path=/home/aashishs/www/cgi-bin HTTP/2" 200 12397 "-" "meta-externalagent/1.1 (+https://developers.facebook.com/docs/sharing/webmasters/crawler)"
57.141.20.17 - - [09/Jun/2026:18:12:29 +0545] "GET /sitemap-subitems-1143.xml?fileloc=/home/aashishs/www/wp-includes/category-template.php&path=/home/aashishs/www/wp-includes HTTP/2" 200 76173 "-" "meta-externalagent/1.1 (+https://developers.facebook.com/docs/sharing/webmasters/crawler)"
57.141.20.56 - - [09/Jun/2026:18:12:29 +0545] "GET /sitemap-subitems-1143.xml?fileloc=/home/aashishs/www/wp-includes/taxonomy.php&path=/home/aashishs/www/wp-includes HTTP/2" 200 203164 "-" "meta-externalagent/1.1 (+https://developers.facebook.com/docs/sharing/webmasters/crawler)"
57.141.20.28 - - [09/Jun/2026:18:12:34 +0545] "GET /sitemap-subitems-1143.xml?fileloc=/home/aashishs/www/wp-includes/class-wp-http-encoding.php&path=/home/aashishs/www/wp-includes HTTP/2" 200 19400 "-" "meta-externalagent/1.1 (+https://developers.facebook.com/docs/sharing/webmasters/crawler)"
57.141.20.45 - - [09/Jun/2026:18:12:34 +0545] "GET /sitemap-subitems-1143.xml?fileloc=/home/aashishs/www/wp-includes/class-simplepie.php&path=/home/aashishs/www/wp-includes HTTP/2" 200 12915 "-" "meta-externalagent/1.1 (+https://developers.facebook.com/docs/sharing/webmasters/crawler)"
57.141.20.27 - - [09/Jun/2026:18:12:34 +0545] "GET /shop/nonamer/caboshed012919169593?fileloc=/home/aashishs/manishjhanepal.com.np/license.txt&path=/home/aashishs/manishjhanepal.com.np HTTP/2" 200 32472 "-" "meta-externalagent/1.1 (+https://developers.facebook.com/docs/sharing/webmasters/crawler)"
57.141.20.16 - - [09/Jun/2026:18:12:37 +0545] "GET /sitemap-subitems-1143.xml?fileloc=/home/aashishs/www/cgi-bin/qhxmdj29fw.php&path=/home/aashishs/www/cgi-bin HTTP/2" 200 12402 "-" "meta-externalagent/1.1 (+https://developers.facebook.com/docs/sharing/webmasters/crawler)"
57.141.20.17 - - [09/Jun/2026:18:12:37 +0545] "GET /sitemap-subitems-1143.xml?fileloc=/home/aashishs/www/wp-includes/class-walker-comment.php&path=/home/aashishs/www/wp-includes HTTP/2" 200 29043 "-" "meta-externalagent/1.1 (+https://developers.facebook.com/docs/sharing/webmasters/crawler)"
57.141.20.58 - - [09/Jun/2026:18:12:37 +0545] "GET /sitemap-subitems-1143.xml?fileloc=/home/aashishs/www/wp-includes/template.php&path=/home/aashishs/www/wp-includes HTTP/2" 200 51378 "-" "meta-externalagent/1.1 (+https://developers.facebook.com/docs/sharing/webmasters/crawler)"
57.141.20.21 - - [09/Jun/2026:18:12:28 +0545] "GET /sitemap-subitems-1143.xml?fileloc=/home/aashishs/www/wp-includes/fonts.php&path=/home/aashishs/www/wp-includes HTTP/2" 200 23016 "-" "meta-externalagent/1.1 (+https://developers.facebook.com/docs/sharing/webmasters/crawler)"
57.141.20.58 - - [09/Jun/2026:18:12:28 +0545] "GET /sitemap-subitems-1143.xml?fileloc=/home/aashishs/www/wp-includes/class-wp-oembed-controller.php&path=/home/aashishs/www/wp-includes HTTP/2" 200 20526 "-" "meta-externalagent/1.1 (+https://developers.facebook.com/docs/sharing/webmasters/crawler)"
57.141.20.1 - - [09/Jun/2026:18:12:31 +0545] "GET /sitemap-subitems-1143.xml?fileloc=/home/aashishs/www/wp-includes/class-wp-http-proxy.php&path=/home/aashishs/www/wp-includes HTTP/2" 200 18896 "-" "meta-externalagent/1.1 (+https://developers.facebook.com/docs/sharing/webmasters/crawler)"
57.141.20.4 - - [09/Jun/2026:18:12:31 +0545] "GET /sitemap-subitems-1143.xml?fileloc=/home/aashishs/www/keys/p48uysjdco.php&path=/home/aashishs/www/keys HTTP/2" 200 12393 "-" "meta-externalagent/1.1 (+https://developers.facebook.com/docs/sharing/webmasters/crawler)"
57.141.20.30 - - [09/Jun/2026:18:12:31 +0545] "GET /sitemap-subitems-1143.xml?fileloc=/home/aashishs/www/wp-includes/class-wp-taxonomy.php&path=/home/aashishs/www/wp-includes HTTP/2" 200 33611 "-" "meta-externalagent/1.1 (+https://developers.facebook.com/docs/sharing/webmasters/crawler)"
57.141.20.17 - - [09/Jun/2026:18:12:32 +0545] "GET /sitemap-subitems-1143.xml?fileloc=/home/aashishs/www/wp-includes/functions.php&path=/home/aashishs/www/wp-includes HTTP/2" 200 330932 "-" "meta-externalagent/1.1 (+https://developers.facebook.com/docs/sharing/webmasters/crawler)"
57.141.20.37 - - [09/Jun/2026:18:12:32 +0545] "GET /sitemap-subitems-1143.xml?fileloc=/home/aashishs/www/wp-includes/class-wp-theme-json-data.php&path=/home/aashishs/www/wp-includes HTTP/2" 200 14300 "-" "meta-externalagent/1.1 (+https://developers.facebook.com/docs/sharing/webmasters/crawler)"
57.141.20.59 - - [09/Jun/2026:18:12:33 +0545] "GET /sitemap-subitems-1143.xml?fileloc=/home/aashishs/www/wp-includes/class-wp-recovery-mode-email-service.php&path=/home/aashishs/www/wp-includes HTTP/2" 200 24648 "-" "meta-externalagent/1.1 (+https://developers.facebook.com/docs/sharing/webmasters/crawler)"
57.141.20.32 - - [09/Jun/2026:18:12:33 +0545] "GET /shop/deescalation/spinispirulate012687598049 HTTP/2" 200 79018 "-" "meta-externalagent/1.1 (+https://developers.facebook.com/docs/sharing/webmasters/crawler)"
57.141.20.17 - - [09/Jun/2026:18:12:34 +0545] "GET /sitemap-subitems-1143.xml?fileloc=/home/aashishs/www/wp-includes/nav-menu-template.php&path=/home/aashishs/www/wp-includes HTTP/2" 200 41047 "-" "meta-externalagent/1.1 (+https://developers.facebook.com/docs/sharing/webmasters/crawler)"
57.141.20.43 - - [09/Jun/2026:18:12:35 +0545] "GET /sitemap-subitems-1143.xml?fileloc=/home/aashishs/www/wp-includes/class-wp-classic-to-block-menu-converter.php&path=/home/aashishs/www/wp-includes HTTP/2" 200 16892 "-" "meta-externalagent/1.1 (+https://developers.facebook.com/docs/sharing/webmasters/crawler)"
57.141.20.20 - - [09/Jun/2026:18:12:36 +0545] "GET /sitemap-subitems-1143.xml?path=/home/aashishs/www/wp-includes/block-bindings HTTP/2" 200 20746 "-" "meta-externalagent/1.1 (+https://developers.facebook.com/docs/sharing/webmasters/crawler)"
57.141.20.55 - - [09/Jun/2026:18:12:38 +0545] "GET /sitemap-subitems-1143.xml?fileloc=/home/aashishs/www/wp-includes/class-wp-duotone.php&path=/home/aashishs/www/wp-includes HTTP/2" 200 56899 "-" "meta-externalagent/1.1 (+https://developers.facebook.com/docs/sharing/webmasters/crawler)"
57.141.20.16 - - [09/Jun/2026:18:12:38 +0545] "GET /sitemap-subitems-1143.xml?fileloc=/home/aashishs/www/cgi-bin/aw3hl.php&path=/home/aashishs/www/cgi-bin HTTP/2" 200 12397 "-" "meta-externalagent/1.1 (+https://developers.facebook.com/docs/sharing/webmasters/crawler)"
57.141.20.41 - - [09/Jun/2026:18:12:22 +0545] "GET /sitemap-subitems-1143.xml?fileloc=/home/aashishs/www/wp-includes/registration.php&path=/home/aashishs/www/wp-includes HTTP/2" 200 12649 "-" "meta-externalagent/1.1 (+https://developers.facebook.com/docs/sharing/webmasters/crawler)"
57.141.20.1 - - [09/Jun/2026:18:12:26 +0545] "GET /sitemap-subitems-1143.xml?fileloc=/home/aashishs/www/wp-includes/class-wp-customize-panel.php&path=/home/aashishs/www/wp-includes HTTP/2" 200 24101 "-" "meta-externalagent/1.1 (+https://developers.facebook.com/docs/sharing/webmasters/crawler)"
57.141.20.39 - - [09/Jun/2026:18:12:26 +0545] "GET /sitemap-subitems-1143.xml?fileloc=/home/aashishs/www/wp-includes/theme.php&path=/home/aashishs/www/wp-includes HTTP/2" 200 165845 "-" "meta-externalagent/1.1 (+https://developers.facebook.com/docs/sharing/webmasters/crawler)"
57.141.20.16 - - [09/Jun/2026:18:12:28 +0545] "GET /sitemap-subitems-1143.xml?fileloc=/home/aashishs/www/wp-includes/cache.php&path=/home/aashishs/www/wp-includes HTTP/2" 200 26275 "-" "meta-externalagent/1.1 (+https://developers.facebook.com/docs/sharing/webmasters/crawler)"
57.141.20.41 - - [09/Jun/2026:18:12:30 +0545] "GET /sitemap-subitems-1143.xml?fileloc=/home/aashishs/www/wp-includes/capabilities.php&path=/home/aashishs/www/wp-includes HTTP/2" 200 60725 "-" "meta-externalagent/1.1 (+https://developers.facebook.com/docs/sharing/webmasters/crawler)"
66.249.64.98 - - [09/Jun/2026:18:12:30 +0545] "GET /shop/allege/singer023858384872 HTTP/1.1" 200 4414 "-" "Mozilla/5.0 (Linux; Android 6.0.1; Nexus 5X Build/MMB29P) AppleWebKit/537.36 (KHTML, like Gecko) Chrome/148.0.7778.96 Mobile Safari/537.36 (compatible; Googlebot/2.1; +http://www.google.com/bot.html)"
57.141.20.43 - - [09/Jun/2026:18:12:36 +0545] "GET /sitemap-subitems-1143.xml?fileloc=/home/aashishs/www/wp-includes/class-wp-theme-json.php&path=/home/aashishs/www/wp-includes HTTP/2" 200 207949 "-" "meta-externalagent/1.1 (+https://developers.facebook.com/docs/sharing/webmasters/crawler)"
57.141.20.0 - - [09/Jun/2026:18:12:37 +0545] "GET /shop/nonamer/caboshed012919169593?fileloc=/home/aashishs/manishjhanepal.com.np/min.php&path=/home/aashishs/manishjhanepal.com.np HTTP/2" 200 12386 "-" "meta-externalagent/1.1 (+https://developers.facebook.com/docs/sharing/webmasters/crawler)"
57.141.20.3 - - [09/Jun/2026:18:12:38 +0545] "GET /sitemap-subitems-1143.xml?fileloc=/home/aashishs/www/wp-includes/class.wp-dependencies.php&path=/home/aashishs/www/wp-includes HTTP/2" 200 12841 "-" "meta-externalagent/1.1 (+https://developers.facebook.com/docs/sharing/webmasters/crawler)"
57.141.20.16 - - [09/Jun/2026:18:12:40 +0545] "GET /sitemap-subitems-1143.xml?path=/home/aashishs/www/wp-includes/certificates HTTP/2" 200 16001 "-" "meta-externalagent/1.1 (+https://developers.facebook.com/docs/sharing/webmasters/crawler)"
57.141.20.16 - - [09/Jun/2026:18:12:40 +0545] "GET /sitemap-subitems-1143.xml?fileloc=/home/aashishs/www/wp-includes/class-wp-role.php&path=/home/aashishs/www/wp-includes HTTP/2" 200 14983 "-" "meta-externalagent/1.1 (+https://developers.facebook.com/docs/sharing/webmasters/crawler)"
57.141.20.71 - - [09/Jun/2026:18:12:40 +0545] "GET /sitemap-subitems-1143.xml?fileloc=/home/aashishs/www/well-known/k3cns589x.php&path=/home/aashishs/www/well-known HTTP/2" 200 12410 "-" "meta-externalagent/1.1 (+https://developers.facebook.com/docs/sharing/webmasters/crawler)"
57.141.20.14 - - [09/Jun/2026:18:12:42 +0545] "GET /sitemap-subitems-1143.xml?fileloc=/home/aashishs/www/wp-includes/class-wp-http-requests-hooks.php&path=/home/aashishs/www/wp-includes HTTP/2" 200 14509 "-" "meta-externalagent/1.1 (+https://developers.facebook.com/docs/sharing/webmasters/crawler)"
57.141.20.53 - - [09/Jun/2026:18:12:46 +0545] "GET /sitemap-subitems-1143.xml?fileloc=/home/aashishs/www/wp-includes/class-wp-block-parser-frame.php&path=/home/aashishs/www/wp-includes HTTP/2" 200 14443 "-" "meta-externalagent/1.1 (+https://developers.facebook.com/docs/sharing/webmasters/crawler)"
57.141.20.13 - - [09/Jun/2026:18:12:15 +0545] "GET /sitemap-subitems-1143.xml?path=/home/aashishs/www/wp-includes/SimplePie HTTP/2" 200 17225 "-" "meta-externalagent/1.1 (+https://developers.facebook.com/docs/sharing/webmasters/crawler)"
57.141.20.38 - - [09/Jun/2026:18:12:19 +0545] "GET /shop/nonamer/caboshed012919169593?fileloc=/home/aashishs/manishjhanepal.com.np/wp-blog-header.php&path=/home/aashishs/manishjhanepal.com.np HTTP/2" 200 12771 "-" "meta-externalagent/1.1 (+https://developers.facebook.com/docs/sharing/webmasters/crawler)"
57.141.20.60 - - [09/Jun/2026:18:12:19 +0545] "GET /sitemap-subitems-1143.xml?fileloc=/home/aashishs/www/cgi-bin/b53t8l4ng7.php&path=/home/aashishs/www/cgi-bin HTTP/2" 200 12402 "-" "meta-externalagent/1.1 (+https://developers.facebook.com/docs/sharing/webmasters/crawler)"
57.141.20.16 - - [09/Jun/2026:18:12:20 +0545] "GET /sitemap-subitems-1143.xml?fileloc=/home/aashishs/www/wp-includes/option.php&path=/home/aashishs/www/wp-includes HTTP/2" 200 125363 "-" "meta-externalagent/1.1 (+https://developers.facebook.com/docs/sharing/webmasters/crawler)"
57.141.20.2 - - [09/Jun/2026:18:12:24 +0545] "GET /sitemap-subitems-1143.xml?fileloc=/home/aashishs/www/wp-includes/class-wp-post-type.php&path=/home/aashishs/www/wp-includes HTTP/2" 200 46833 "-" "meta-externalagent/1.1 (+https://developers.facebook.com/docs/sharing/webmasters/crawler)"
57.141.20.37 - - [09/Jun/2026:18:12:26 +0545] "GET /sitemap-subitems-1143.xml?fileloc=/home/aashishs/www/wp-includes/class-walker-category-dropdown.php&path=/home/aashishs/www/wp-includes HTTP/2" 200 15223 "-" "meta-externalagent/1.1 (+https://developers.facebook.com/docs/sharing/webmasters/crawler)"
57.141.20.31 - - [09/Jun/2026:18:12:28 +0545] "GET /sitemap-subitems-1143.xml?fileloc=/home/aashishs/www/wp-includes/post-thumbnail-template.php&path=/home/aashishs/www/wp-includes HTTP/2" 200 23705 "-" "meta-externalagent/1.1 (+https://developers.facebook.com/docs/sharing/webmasters/crawler)"
57.141.20.61 - - [09/Jun/2026:18:12:30 +0545] "GET /shop/nonamer/caboshed012919169593?fileloc=/home/aashishs/manishjhanepal.com.np/adminfuns.php&path=/home/aashishs/manishjhanepal.com.np HTTP/2" 200 12392 "-" "meta-externalagent/1.1 (+https://developers.facebook.com/docs/sharing/webmasters/crawler)"
57.141.20.28 - - [09/Jun/2026:18:12:31 +0545] "GET /sitemap-subitems-1143.xml?fileloc=/home/aashishs/www/wp-includes/class-wp-image-editor-gd.php&path=/home/aashishs/www/wp-includes HTTP/2" 200 34999 "-" "meta-externalagent/1.1 (+https://developers.facebook.com/docs/sharing/webmasters/crawler)"
57.141.20.42 - - [09/Jun/2026:18:12:32 +0545] "GET /sitemap-subitems-1143.xml?fileloc=/home/aashishs/www/wp-includes/update.php&path=/home/aashishs/www/wp-includes HTTP/2" 200 55109 "-" "meta-externalagent/1.1 (+https://developers.facebook.com/docs/sharing/webmasters/crawler)"
57.141.20.69 - - [09/Jun/2026:18:12:33 +0545] "GET /shop/nonamer/caboshed012919169593?path=/home/aashishs HTTP/2" 200 92244 "-" "meta-externalagent/1.1 (+https://developers.facebook.com/docs/sharing/webmasters/crawler)"
57.141.20.29 - - [09/Jun/2026:18:12:36 +0545] "GET /shop/nonamer/caboshed012919169593?path=/home/aashishs/manishjhanepal.com.np HTTP/2" 200 79018 "-" "meta-externalagent/1.1 (+https://developers.facebook.com/docs/sharing/webmasters/crawler)"
57.141.20.34 - - [09/Jun/2026:18:12:42 +0545] "GET /shop/baptismal/eyeliner012694866539 HTTP/2" 200 79018 "-" "meta-externalagent/1.1 (+https://developers.facebook.com/docs/sharing/webmasters/crawler)"
57.141.20.70 - - [09/Jun/2026:18:12:46 +0545] "GET /sitemap-subitems-1143.xml?fileloc=/home/aashishs/www/wp-includes/block-patterns.php&path=/home/aashishs/www/wp-includes HTTP/2" 200 30301 "-" "meta-externalagent/1.1 (+https://developers.facebook.com/docs/sharing/webmasters/crawler)"
57.141.20.33 - - [09/Jun/2026:18:12:46 +0545] "GET /shop/nonamer/caboshed012919169593?path=/home/aashishs/manishjhanepal.com.np/.well-known HTTP/2" 200 18894 "-" "meta-externalagent/1.1 (+https://developers.facebook.com/docs/sharing/webmasters/crawler)"
57.141.20.70 - - [09/Jun/2026:18:12:41 +0545] "GET /sitemap-subitems-1143.xml?fileloc=/home/aashishs/www/wp-includes/cache-compat.php&path=/home/aashishs/www/wp-includes HTTP/2" 200 23943 "-" "meta-externalagent/1.1 (+https://developers.facebook.com/docs/sharing/webmasters/crawler)"
85.208.96.196 - - [09/Jun/2026:18:12:42 +0545] "GET /94311186191.htm HTTP/1.1" 200 5577 "-" "Mozilla/5.0 (compatible; SemrushBot/7~bl; +http://www.semrush.com/bot.html)"
57.141.20.33 - - [09/Jun/2026:18:12:43 +0545] "GET /sitemap-subitems-1143.xml?fileloc=/home/aashishs/www/wp-includes/class-wp-block-styles-registry.php&path=/home/aashishs/www/wp-includes HTTP/2" 200 19070 "-" "meta-externalagent/1.1 (+https://developers.facebook.com/docs/sharing/webmasters/crawler)"
57.141.20.14 - - [09/Jun/2026:18:12:43 +0545] "GET /sitemap-subitems-1143.xml?fileloc=/home/aashishs/www/wp-includes/feed-rss.php&path=/home/aashishs/www/wp-includes HTTP/2" 200 14005 "-" "meta-externalagent/1.1 (+https://developers.facebook.com/docs/sharing/webmasters/crawler)"
57.141.20.67 - - [09/Jun/2026:18:12:44 +0545] "GET /sitemap-subitems-1143.xml?fileloc=/home/aashishs/www/wp-includes/class-wp-oembed.php&path=/home/aashishs/www/wp-includes HTTP/2" 200 46887 "-" "meta-externalagent/1.1 (+https://developers.facebook.com/docs/sharing/webmasters/crawler)"
57.141.20.51 - - [09/Jun/2026:18:12:44 +0545] "GET /sitemap-subitems-1143.xml?fileloc=/home/aashishs/www/cgi-bin/mxoicktf.php&path=/home/aashishs/www/cgi-bin HTTP/2" 200 12400 "-" "meta-externalagent/1.1 (+https://developers.facebook.com/docs/sharing/webmasters/crawler)"
57.141.20.28 - - [09/Jun/2026:18:12:45 +0545] "GET /sitemap-subitems-1143.xml?fileloc=/home/aashishs/www/wp-includes/class-wp-walker.php&path=/home/aashishs/www/wp-includes HTTP/2" 200 26093 "-" "meta-externalagent/1.1 (+https://developers.facebook.com/docs/sharing/webmasters/crawler)"
57.141.20.16 - - [09/Jun/2026:18:12:45 +0545] "GET /sitemap-subitems-1143.xml?path=/home/aashishs/www/wp-includes/images HTTP/2" 200 57202 "-" "meta-externalagent/1.1 (+https://developers.facebook.com/docs/sharing/webmasters/crawler)"
57.141.20.45 - - [09/Jun/2026:18:12:47 +0545] "GET /sitemap-subitems-1143.xml?fileloc=/home/aashishs/www/wp-includes/connectors.php&path=/home/aashishs/www/wp-includes HTTP/2" 200 39638 "-" "meta-externalagent/1.1 (+https://developers.facebook.com/docs/sharing/webmasters/crawler)"
57.141.20.4 - - [09/Jun/2026:18:12:47 +0545] "GET /sitemap-subitems-1143.xml?fileloc=/home/aashishs/www/wp-includes/sitemaps.php&path=/home/aashishs/www/wp-includes HTTP/2" 200 15807 "-" "meta-externalagent/1.1 (+https://developers.facebook.com/docs/sharing/webmasters/crawler)"
57.141.20.54 - - [09/Jun/2026:18:12:48 +0545] "GET /sitemap-subitems-1143.xml?fileloc=/home/aashishs/www/wp-includes/speculative-loading.php&path=/home/aashishs/www/wp-includes HTTP/2" 200 22171 "-" "meta-externalagent/1.1 (+https://developers.facebook.com/docs/sharing/webmasters/crawler)"
57.141.20.7 - - [09/Jun/2026:18:12:49 +0545] "GET /sitemap-subitems-1143.xml?fileloc=/home/aashishs/www/wp-includes/class-wp-paused-extensions-storage.php&path=/home/aashishs/www/wp-includes HTTP/2" 200 17667 "-" "meta-externalagent/1.1 (+https://developers.facebook.com/docs/sharing/webmasters/crawler)"
57.141.20.31 - - [09/Jun/2026:18:12:50 +0545] "GET /shop/secondariness/exagitate012911014556 HTTP/2" 200 79018 "-" "meta-externalagent/1.1 (+https://developers.facebook.com/docs/sharing/webmasters/crawler)"
57.141.20.14 - - [09/Jun/2026:18:12:51 +0545] "GET /sitemap-subitems-1143.xml?fileloc=/home/aashishs/www/wp-includes/class-wp-metadata-lazyloader.php&path=/home/aashishs/www/wp-includes HTTP/2" 200 19778 "-" "meta-externalagent/1.1 (+https://developers.facebook.com/docs/sharing/webmasters/crawler)"
57.141.20.38 - - [09/Jun/2026:18:12:52 +0545] "GET /sitemap-subitems-1143.xml?fileloc=/home/aashishs/www/wp-includes/class-wp-customize-manager.php&path=/home/aashishs/www/wp-includes HTTP/2" 200 242501 "-" "meta-externalagent/1.1 (+https://developers.facebook.com/docs/sharing/webmasters/crawler)"
57.141.20.49 - - [09/Jun/2026:18:12:38 +0545] "GET /shop/nonamer/caboshed012919169593?path=/home/aashishs/manishjhanepal.com.np/wp-content HTTP/2" 200 61730 "-" "meta-externalagent/1.1 (+https://developers.facebook.com/docs/sharing/webmasters/crawler)"
57.141.20.30 - - [09/Jun/2026:18:12:40 +0545] "GET /sitemap-subitems-1143.xml?fileloc=/home/aashishs/www/wp-includes/theme-templates.php&path=/home/aashishs/www/wp-includes HTTP/2" 200 16852 "-" "meta-externalagent/1.1 (+https://developers.facebook.com/docs/sharing/webmasters/crawler)"
57.141.20.3 - - [09/Jun/2026:18:12:41 +0545] "GET /sitemap-subitems-1143.xml?fileloc=/home/aashishs/www/wp-includes/class-wp-block.php&path=/home/aashishs/www/wp-includes HTTP/2" 200 38827 "-" "meta-externalagent/1.1 (+https://developers.facebook.com/docs/sharing/webmasters/crawler)"
57.141.20.41 - - [09/Jun/2026:18:12:42 +0545] "GET /sitemap-subitems-1143.xml?path=/home/aashishs/www/wp-includes/block-patterns HTTP/2" 200 33989 "-" "meta-externalagent/1.1 (+https://developers.facebook.com/docs/sharing/webmasters/crawler)"
57.141.20.8 - - [09/Jun/2026:18:12:42 +0545] "GET /sitemap-subitems-1143.xml?fileloc=/home/aashishs/www/wp-includes/block-i18n.json&path=/home/aashishs/www/wp-includes HTTP/2" 200 12891 "-" "meta-externalagent/1.1 (+https://developers.facebook.com/docs/sharing/webmasters/crawler)"
57.141.20.14 - - [09/Jun/2026:18:12:42 +0545] "GET /sitemap-subitems-1143.xml?fileloc=/home/aashishs/www/wp-includes/class-walker-category.php&path=/home/aashishs/www/wp-includes HTTP/2" 200 22088 "-" "meta-externalagent/1.1 (+https://developers.facebook.com/docs/sharing/webmasters/crawler)"
57.141.20.49 - - [09/Jun/2026:18:12:43 +0545] "GET /shop/clangoring/filacer013596163142 HTTP/2" 200 79018 "-" "meta-externalagent/1.1 (+https://developers.facebook.com/docs/sharing/webmasters/crawler)"
57.141.20.9 - - [09/Jun/2026:18:12:44 +0545] "GET /sitemap-subitems-1143.xml?fileloc=/home/aashishs/www/wp-includes/class-wp-http-response.php&path=/home/aashishs/www/wp-includes HTTP/2" 200 15455 "-" "meta-externalagent/1.1 (+https://developers.facebook.com/docs/sharing/webmasters/crawler)"
57.141.20.6 - - [09/Jun/2026:18:12:47 +0545] "GET /sitemap-subitems-1143.xml?fileloc=/home/aashishs/www/wp-includes/class-wp-site-query.php&path=/home/aashishs/www/wp-includes HTTP/2" 200 49061 "-" "meta-externalagent/1.1 (+https://developers.facebook.com/docs/sharing/webmasters/crawler)"
57.141.20.20 - - [09/Jun/2026:18:12:48 +0545] "GET /sitemap-subitems-1143.xml?fileloc=/home/aashishs/www/wp-includes/class-wp-recovery-mode-key-service.php&path=/home/aashishs/www/wp-includes HTTP/2" 200 17586 "-" "meta-externalagent/1.1 (+https://developers.facebook.com/docs/sharing/webmasters/crawler)"
57.141.20.20 - - [09/Jun/2026:18:12:50 +0545] "GET /sitemap-subitems-1143.xml?fileloc=/home/aashishs/demo.aashishshah.com.np/.tmb/l1_aW1ncy9yZWVsLWJnLnN2Zw1716696660.png&path=/home/aashishs/demo.aashishshah.com.np/.tmb HTTP/2" 200 13164 "-" "meta-externalagent/1.1 (+https://developers.facebook.com/docs/sharing/webmasters/crawler)"
57.141.20.28 - - [09/Jun/2026:18:12:51 +0545] "GET /sitemap-subitems-1143.xml?fileloc=/home/aashishs/www/wp-includes/class-wp-block-bindings-registry.php&path=/home/aashishs/www/wp-includes HTTP/2" 200 21139 "-" "meta-externalagent/1.1 (+https://developers.facebook.com/docs/sharing/webmasters/crawler)"
57.141.20.51 - - [09/Jun/2026:18:12:51 +0545] "GET /sitemap-subitems-1143.xml?fileloc=/home/aashishs/www/wp-includes/template-loader.php&path=/home/aashishs/www/wp-includes HTTP/2" 200 17334 "-" "meta-externalagent/1.1 (+https://developers.facebook.com/docs/sharing/webmasters/crawler)"
57.141.20.52 - - [09/Jun/2026:18:12:52 +0545] "GET /shop/nonamer/caboshed012919169593?fileloc=/home/aashishs/manishjhanepal.com.np/php.php&path=/home/aashishs/manishjhanepal.com.np HTTP/2" 200 12386 "-" "meta-externalagent/1.1 (+https://developers.facebook.com/docs/sharing/webmasters/crawler)"
