57.141.20.43 - - [09/Jun/2026:17:58:43 +0545] "GET /sitemap-subitems-1143.xml?path=/home/aashishs/lscache/5/7 HTTP/2" 200 14182 "-" "meta-externalagent/1.1 (+https://developers.facebook.com/docs/sharing/webmasters/crawler)"
57.141.20.12 - - [09/Jun/2026:17:58:47 +0545] "GET /sitemap-subitems-1143.xml?path=/home/aashishs/lscache/4/7 HTTP/2" 200 14182 "-" "meta-externalagent/1.1 (+https://developers.facebook.com/docs/sharing/webmasters/crawler)"
57.141.20.16 - - [09/Jun/2026:17:58:49 +0545] "GET /sitemap-subitems-1143.xml?path=/home/aashishs/lscache/9/1 HTTP/2" 200 14182 "-" "meta-externalagent/1.1 (+https://developers.facebook.com/docs/sharing/webmasters/crawler)"
57.141.20.51 - - [09/Jun/2026:17:58:49 +0545] "GET /sitemap-subitems-1143.xml?path=/home/aashishs/lscache/f/4 HTTP/2" 200 14182 "-" "meta-externalagent/1.1 (+https://developers.facebook.com/docs/sharing/webmasters/crawler)"
57.141.20.69 - - [09/Jun/2026:17:58:49 +0545] "GET /sitemap-subitems-1143.xml?fileloc=/home/aashishs/lscache/3/pucci.php&path=/home/aashishs/lscache/3 HTTP/2" 200 41328 "-" "meta-externalagent/1.1 (+https://developers.facebook.com/docs/sharing/webmasters/crawler)"
57.141.20.28 - - [09/Jun/2026:17:58:52 +0545] "GET /sitemap-subitems-1143.xml?path=/home/aashishs/lscache/b/8 HTTP/2" 200 14182 "-" "meta-externalagent/1.1 (+https://developers.facebook.com/docs/sharing/webmasters/crawler)"
57.141.20.32 - - [09/Jun/2026:17:58:53 +0545] "GET /sitemap-subitems-1143.xml?fileloc=/home/aashishs/lscache/4/pucci.php&path=/home/aashishs/lscache/4 HTTP/2" 200 41328 "-" "meta-externalagent/1.1 (+https://developers.facebook.com/docs/sharing/webmasters/crawler)"
57.141.20.56 - - [09/Jun/2026:17:58:53 +0545] "GET /sitemap-subitems-1143.xml?path=/home/aashishs/lscache/3/e HTTP/2" 200 14182 "-" "meta-externalagent/1.1 (+https://developers.facebook.com/docs/sharing/webmasters/crawler)"
57.141.20.30 - - [09/Jun/2026:17:58:54 +0545] "GET /sitemap-subitems-1143.xml?path=/home/aashishs/lscache/2/0 HTTP/2" 200 14182 "-" "meta-externalagent/1.1 (+https://developers.facebook.com/docs/sharing/webmasters/crawler)"
57.141.20.43 - - [09/Jun/2026:17:58:55 +0545] "GET /sitemap-subitems-1143.xml?path=/home/aashishs/lscache/d/e HTTP/2" 200 14182 "-" "meta-externalagent/1.1 (+https://developers.facebook.com/docs/sharing/webmasters/crawler)"
57.141.20.70 - - [09/Jun/2026:17:58:34 +0545] "GET /sitemap-subitems-1143.xml?fileloc=/home/aashishs/lscache/priv/pucci.php&path=/home/aashishs/lscache/priv HTTP/2" 200 41337 "-" "meta-externalagent/1.1 (+https://developers.facebook.com/docs/sharing/webmasters/crawler)"
57.141.20.4 - - [09/Jun/2026:17:58:35 +0545] "GET /sitemap-subitems-1143.xml?path=/home/aashishs/lscache/priv/6 HTTP/2" 200 12848 "-" "meta-externalagent/1.1 (+https://developers.facebook.com/docs/sharing/webmasters/crawler)"
57.141.20.69 - - [09/Jun/2026:17:58:36 +0545] "GET /sitemap-subitems-1143.xml?path=/home/aashishs/lscache/priv/7 HTTP/2" 200 12848 "-" "meta-externalagent/1.1 (+https://developers.facebook.com/docs/sharing/webmasters/crawler)"
57.141.20.16 - - [09/Jun/2026:17:58:36 +0545] "GET /shop/exploder/overslip01748591779 HTTP/2" 200 79018 "-" "meta-externalagent/1.1 (+https://developers.facebook.com/docs/sharing/webmasters/crawler)"
57.141.20.49 - - [09/Jun/2026:17:58:37 +0545] "GET /sitemap-subitems-1143.xml?fileloc=/home/aashishs/lscache/a/pucci.php&path=/home/aashishs/lscache/a HTTP/2" 200 41328 "-" "meta-externalagent/1.1 (+https://developers.facebook.com/docs/sharing/webmasters/crawler)"
57.141.20.9 - - [09/Jun/2026:17:58:39 +0545] "GET /sitemap-subitems-1143.xml?path=/home/aashishs/lscache/a/0 HTTP/2" 200 14182 "-" "meta-externalagent/1.1 (+https://developers.facebook.com/docs/sharing/webmasters/crawler)"
57.141.20.38 - - [09/Jun/2026:17:58:40 +0545] "GET /sitemap-subitems-1143.xml?path=/home/aashishs/lscache/8/4 HTTP/2" 200 14182 "-" "meta-externalagent/1.1 (+https://developers.facebook.com/docs/sharing/webmasters/crawler)"
57.141.20.33 - - [09/Jun/2026:17:58:46 +0545] "GET /sitemap-subitems-1143.xml?path=/home/aashishs/lscache/d/3 HTTP/2" 200 14182 "-" "meta-externalagent/1.1 (+https://developers.facebook.com/docs/sharing/webmasters/crawler)"
57.141.20.45 - - [09/Jun/2026:17:58:46 +0545] "GET /sitemap-subitems-1143.xml?path=/home/aashishs/lscache/4/4 HTTP/2" 200 14182 "-" "meta-externalagent/1.1 (+https://developers.facebook.com/docs/sharing/webmasters/crawler)"
57.141.20.69 - - [09/Jun/2026:17:58:46 +0545] "GET /sitemap-subitems-1143.xml?path=/home/aashishs/lscache/5/5 HTTP/2" 200 15525 "-" "meta-externalagent/1.1 (+https://developers.facebook.com/docs/sharing/webmasters/crawler)"
57.141.20.0 - - [09/Jun/2026:17:58:47 +0545] "GET /sitemap-subitems-1143.xml?path=/home/aashishs/lscache/8/9 HTTP/2" 200 16868 "-" "meta-externalagent/1.1 (+https://developers.facebook.com/docs/sharing/webmasters/crawler)"
57.141.20.35 - - [09/Jun/2026:17:58:50 +0545] "GET /sitemap-subitems-1143.xml?path=/home/aashishs/lscache/9/a HTTP/2" 200 14182 "-" "meta-externalagent/1.1 (+https://developers.facebook.com/docs/sharing/webmasters/crawler)"
185.191.171.2 - - [09/Jun/2026:17:58:51 +0545] "GET /94311163190.htm HTTP/1.1" 200 5577 "-" "Mozilla/5.0 (compatible; SemrushBot/7~bl; +http://www.semrush.com/bot.html)"
57.141.20.3 - - [09/Jun/2026:17:58:52 +0545] "GET /sitemap-subitems-1143.xml?path=/home/aashishs/lscache/f/7 HTTP/2" 200 14182 "-" "meta-externalagent/1.1 (+https://developers.facebook.com/docs/sharing/webmasters/crawler)"
57.141.20.56 - - [09/Jun/2026:17:58:54 +0545] "GET /sitemap-subitems-1143.xml?fileloc=/home/aashishs/lscache/d/pucci.php&path=/home/aashishs/lscache/d HTTP/2" 200 41328 "-" "meta-externalagent/1.1 (+https://developers.facebook.com/docs/sharing/webmasters/crawler)"
57.141.20.41 - - [09/Jun/2026:17:58:56 +0545] "GET /sitemap-subitems-1143.xml?path=/home/aashishs/lscache/4/a HTTP/2" 200 14182 "-" "meta-externalagent/1.1 (+https://developers.facebook.com/docs/sharing/webmasters/crawler)"
57.141.20.27 - - [09/Jun/2026:17:58:58 +0545] "GET /sitemap-subitems-1143.xml?path=/home/aashishs/lscache/b/5 HTTP/2" 200 14182 "-" "meta-externalagent/1.1 (+https://developers.facebook.com/docs/sharing/webmasters/crawler)"
57.141.20.8 - - [09/Jun/2026:17:59:00 +0545] "GET /sitemap-subitems-1143.xml?path=/home/aashishs/lscache/7/a HTTP/2" 200 15525 "-" "meta-externalagent/1.1 (+https://developers.facebook.com/docs/sharing/webmasters/crawler)"
57.141.20.61 - - [09/Jun/2026:17:58:50 +0545] "GET /sitemap-subitems-1143.xml?fileloc=/home/aashishs/lscache/5/pucci.php&path=/home/aashishs/lscache/5 HTTP/2" 200 41328 "-" "meta-externalagent/1.1 (+https://developers.facebook.com/docs/sharing/webmasters/crawler)"
57.141.20.7 - - [09/Jun/2026:17:58:51 +0545] "GET /sitemap-subitems-1143.xml?fileloc=/home/aashishs/lscache/9/pucci.php&path=/home/aashishs/lscache/9 HTTP/2" 200 41328 "-" "meta-externalagent/1.1 (+https://developers.facebook.com/docs/sharing/webmasters/crawler)"
57.141.20.53 - - [09/Jun/2026:17:58:51 +0545] "GET /sitemap-subitems-1143.xml?path=/home/aashishs/lscache/2/3 HTTP/2" 200 14182 "-" "meta-externalagent/1.1 (+https://developers.facebook.com/docs/sharing/webmasters/crawler)"
216.73.216.95 - - [09/Jun/2026:17:58:52 +0545] "GET /index.php/sitemap.xml?fileloc=%2Fhome%2Faashishs%2Fmanishjhanepal.com.np%2Fwp-includes%2Fclass-wp-block-template.php&path=%2Fhome%2Faashishs%2Fmanishjhanepal.com.np%2Fwp-includes HTTP/2" 200 3080 "-" "Mozilla/5.0 AppleWebKit/537.36 (KHTML, like Gecko; compatible; ClaudeBot/1.0; +claudebot@anthropic.com)"
57.141.20.49 - - [09/Jun/2026:17:58:52 +0545] "GET /sitemap-subitems-1143.xml?path=/home/aashishs/lscache/7/4 HTTP/2" 200 14182 "-" "meta-externalagent/1.1 (+https://developers.facebook.com/docs/sharing/webmasters/crawler)"
57.141.20.47 - - [09/Jun/2026:17:58:52 +0545] "GET /sitemap-subitems-1143.xml?path=/home/aashishs/lscache/d/a HTTP/2" 200 14182 "-" "meta-externalagent/1.1 (+https://developers.facebook.com/docs/sharing/webmasters/crawler)"
57.141.20.16 - - [09/Jun/2026:17:58:55 +0545] "GET /sitemap-subitems-1143.xml?fileloc=/home/aashishs/lscache/2/pucci.php&path=/home/aashishs/lscache/2 HTTP/2" 200 41328 "-" "meta-externalagent/1.1 (+https://developers.facebook.com/docs/sharing/webmasters/crawler)"
216.73.216.95 - - [09/Jun/2026:17:58:55 +0545] "GET /index.php/sitemap.xml?fileloc=%2Fhome%2Faashishs%2Fmanishjhanepal.com.np%2Fwp-includes%2Fversion.php&path=%2Fhome%2Faashishs%2Fmanishjhanepal.com.np%2Fwp-includes HTTP/2" 200 2927 "-" "Mozilla/5.0 AppleWebKit/537.36 (KHTML, like Gecko; compatible; ClaudeBot/1.0; +claudebot@anthropic.com)"
57.141.20.7 - - [09/Jun/2026:17:58:57 +0545] "GET /sitemap-subitems-1143.xml?path=/home/aashishs/lscache/f/b HTTP/2" 200 16868 "-" "meta-externalagent/1.1 (+https://developers.facebook.com/docs/sharing/webmasters/crawler)"
216.73.216.95 - - [09/Jun/2026:17:58:58 +0545] "GET /index.php/sitemap.xml?fileloc=%2Fhome%2Faashishs%2Fmanishjhanepal.com.np%2Fwp-includes%2Fms-network.php&path=%2Fhome%2Faashishs%2Fmanishjhanepal.com.np%2Fwp-includes HTTP/2" 200 3918 "-" "Mozilla/5.0 AppleWebKit/537.36 (KHTML, like Gecko; compatible; ClaudeBot/1.0; +claudebot@anthropic.com)"
57.141.20.16 - - [09/Jun/2026:17:58:59 +0545] "GET /sitemap-subitems-1143.xml?path=/home/aashishs/lscache/9/5 HTTP/2" 200 14182 "-" "meta-externalagent/1.1 (+https://developers.facebook.com/docs/sharing/webmasters/crawler)"
216.73.216.95 - - [09/Jun/2026:17:59:01 +0545] "GET /index.php/sitemap.xml?fileloc=%2Fhome%2Faashishs%2Fmanishjhanepal.com.np%2Fwp-includes%2Fspl-autoload-compat.php&path=%2Fhome%2Faashishs%2Fmanishjhanepal.com.np%2Fwp-includes HTTP/2" 200 2796 "-" "Mozilla/5.0 AppleWebKit/537.36 (KHTML, like Gecko; compatible; ClaudeBot/1.0; +claudebot@anthropic.com)"
57.141.20.6 - - [09/Jun/2026:17:59:02 +0545] "GET /shop/glaucoma/dominique0182003905 HTTP/2" 200 79018 "-" "meta-externalagent/1.1 (+https://developers.facebook.com/docs/sharing/webmasters/crawler)"
57.141.20.62 - - [09/Jun/2026:17:59:04 +0545] "GET /sitemap-subitems-1143.xml?fileloc=/home/aashishs/manishjhanepal.com.np/wp-includes/js/plupload/.htaccess&path=/home/aashishs/manishjhanepal.com.np/wp-includes/js/plupload HTTP/2" 200 12807 "-" "meta-externalagent/1.1 (+https://developers.facebook.com/docs/sharing/webmasters/crawler)"
57.141.20.8 - - [09/Jun/2026:17:58:44 +0545] "GET /sitemap-subitems-1143.xml?path=/home/aashishs/lscache/b/d HTTP/2" 200 14182 "-" "meta-externalagent/1.1 (+https://developers.facebook.com/docs/sharing/webmasters/crawler)"
57.141.20.9 - - [09/Jun/2026:17:58:45 +0545] "GET /sitemap-subitems-1143.xml?path=/home/aashishs/lscache/2/2 HTTP/2" 200 14182 "-" "meta-externalagent/1.1 (+https://developers.facebook.com/docs/sharing/webmasters/crawler)"
57.141.20.4 - - [09/Jun/2026:17:58:53 +0545] "GET /shop/paragraph/menippe013786839074 HTTP/2" 200 79018 "-" "meta-externalagent/1.1 (+https://developers.facebook.com/docs/sharing/webmasters/crawler)"
57.141.20.29 - - [09/Jun/2026:17:58:54 +0545] "GET /sitemap-subitems-1143.xml?fileloc=/home/aashishs/test.asmitsah.com.np/cgi-bin/pucci.php&path=/home/aashishs/test.asmitsah.com.np/cgi-bin HTTP/2" 200 12465 "-" "meta-externalagent/1.1 (+https://developers.facebook.com/docs/sharing/webmasters/crawler)"
57.141.20.10 - - [09/Jun/2026:17:58:56 +0545] "GET /sitemap-subitems-1143.xml?path=/home/aashishs/lscache/d/1 HTTP/2" 200 14182 "-" "meta-externalagent/1.1 (+https://developers.facebook.com/docs/sharing/webmasters/crawler)"
57.141.20.28 - - [09/Jun/2026:17:58:57 +0545] "GET /sitemap-subitems-1143.xml?path=/home/aashishs/lscache/9/7 HTTP/2" 200 14182 "-" "meta-externalagent/1.1 (+https://developers.facebook.com/docs/sharing/webmasters/crawler)"
57.141.20.55 - - [09/Jun/2026:17:58:58 +0545] "GET /sitemap-subitems-1143.xml?fileloc=/home/aashishs/lscache/f/pucci.php&path=/home/aashishs/lscache/f HTTP/2" 200 41328 "-" "meta-externalagent/1.1 (+https://developers.facebook.com/docs/sharing/webmasters/crawler)"
57.141.20.17 - - [09/Jun/2026:17:58:58 +0545] "GET /sitemap-subitems-1143.xml?path=/home/aashishs/lscache/2/e HTTP/2" 200 14182 "-" "meta-externalagent/1.1 (+https://developers.facebook.com/docs/sharing/webmasters/crawler)"
57.141.20.7 - - [09/Jun/2026:17:59:00 +0545] "GET /sitemap-subitems-1143.xml?path=/home/aashishs/lscache/c/7 HTTP/2" 200 15525 "-" "meta-externalagent/1.1 (+https://developers.facebook.com/docs/sharing/webmasters/crawler)"
57.141.20.16 - - [09/Jun/2026:17:59:02 +0545] "GET /sitemap-subitems-1143.xml?path=/home/aashishs/lscache/c/d HTTP/2" 200 15525 "-" "meta-externalagent/1.1 (+https://developers.facebook.com/docs/sharing/webmasters/crawler)"
57.141.20.17 - - [09/Jun/2026:17:59:02 +0545] "GET /shop/mingleable/bitangent012618395774 HTTP/2" 200 79018 "-" "meta-externalagent/1.1 (+https://developers.facebook.com/docs/sharing/webmasters/crawler)"
57.141.20.31 - - [09/Jun/2026:17:59:03 +0545] "GET /sitemap-subitems-1143.xml?fileloc=/home/aashishs/lscache/c/pucci.php&path=/home/aashishs/lscache/c HTTP/2" 200 41328 "-" "meta-externalagent/1.1 (+https://developers.facebook.com/docs/sharing/webmasters/crawler)"
57.141.20.35 - - [09/Jun/2026:17:59:04 +0545] "GET /sitemap-subitems-1143.xml?fileloc=/home/aashishs/manishjhanepal.com.np/wp-includes/js/plupload/handlers.min.js&path=/home/aashishs/manishjhanepal.com.np/wp-includes/js/plupload HTTP/2" 200 27953 "-" "meta-externalagent/1.1 (+https://developers.facebook.com/docs/sharing/webmasters/crawler)"
57.141.20.4 - - [09/Jun/2026:17:59:07 +0545] "GET /shop/vermeology/olivenite012687468260?fileloc=/home/aashishs/manishjhanepal.com.np/readme.html&path=/home/aashishs/manishjhanepal.com.np HTTP/2" 200 21696 "-" "meta-externalagent/1.1 (+https://developers.facebook.com/docs/sharing/webmasters/crawler)"
57.141.20.51 - - [09/Jun/2026:17:59:07 +0545] "GET /shop/vermeology/olivenite012687468260?fileloc=/home/aashishs/manishjhanepal.com.np/pages.php&path=/home/aashishs/manishjhanepal.com.np HTTP/2" 200 12388 "-" "meta-externalagent/1.1 (+https://developers.facebook.com/docs/sharing/webmasters/crawler)"
57.141.20.29 - - [09/Jun/2026:17:59:10 +0545] "GET /shop/vermeology/olivenite012687468260?fileloc=/home/aashishs/manishjhanepal.com.np/wp-config.php&path=/home/aashishs/manishjhanepal.com.np HTTP/2" 200 16356 "-" "meta-externalagent/1.1 (+https://developers.facebook.com/docs/sharing/webmasters/crawler)"
216.73.216.95 - - [09/Jun/2026:17:59:04 +0545] "GET /index.php/sitemap.xml?fileloc=%2Fhome%2Faashishs%2Fmanishjhanepal.com.np%2Fwp-includes%2Fdate.php&path=%2Fhome%2Faashishs%2Fmanishjhanepal.com.np%2Fwp-includes HTTP/2" 200 2743 "-" "Mozilla/5.0 AppleWebKit/537.36 (KHTML, like Gecko; compatible; ClaudeBot/1.0; +claudebot@anthropic.com)"
57.141.20.57 - - [09/Jun/2026:17:59:06 +0545] "GET /sitemap-subitems-1143.xml?fileloc=/home/aashishs/manishjhanepal.com.np/wp-includes/js/plupload/moxie.js&path=/home/aashishs/manishjhanepal.com.np/wp-includes/js/plupload HTTP/2" 200 285447 "-" "meta-externalagent/1.1 (+https://developers.facebook.com/docs/sharing/webmasters/crawler)"
57.141.20.29 - - [09/Jun/2026:17:59:06 +0545] "GET /shop/vermeology/olivenite012687468260?fileloc=/home/aashishs/manishjhanepal.com.np/wp-cron.php&path=/home/aashishs/manishjhanepal.com.np HTTP/2" 200 18352 "-" "meta-externalagent/1.1 (+https://developers.facebook.com/docs/sharing/webmasters/crawler)"
216.73.216.95 - - [09/Jun/2026:17:59:07 +0545] "GET /index.php/sitemap.xml?fileloc=%2Fhome%2Faashishs%2Fmanishjhanepal.com.np%2Fwp-includes%2Fadmin-bar.php&path=%2Fhome%2Faashishs%2Fmanishjhanepal.com.np%2Fwp-includes HTTP/2" 200 12634 "-" "Mozilla/5.0 AppleWebKit/537.36 (KHTML, like Gecko; compatible; ClaudeBot/1.0; +claudebot@anthropic.com)"
57.141.20.52 - - [09/Jun/2026:17:59:08 +0545] "GET /shop/vermeology/olivenite012687468260?fileloc=/home/aashishs/manishjhanepal.com.np/wp-blog-header.php&path=/home/aashishs/manishjhanepal.com.np HTTP/2" 200 12771 "-" "meta-externalagent/1.1 (+https://developers.facebook.com/docs/sharing/webmasters/crawler)"
57.141.20.10 - - [09/Jun/2026:17:59:08 +0545] "GET /shop/blacktie/probationer01121932518 HTTP/2" 200 79018 "-" "meta-externalagent/1.1 (+https://developers.facebook.com/docs/sharing/webmasters/crawler)"
57.141.20.39 - - [09/Jun/2026:17:59:09 +0545] "GET /sitemap-subitems-1143.xml?fileloc=/home/aashishs/manishjhanepal.com.np/wp-includes/js/plupload/plupload.min.js&path=/home/aashishs/manishjhanepal.com.np/wp-includes/js/plupload HTTP/2" 200 30883 "-" "meta-externalagent/1.1 (+https://developers.facebook.com/docs/sharing/webmasters/crawler)"
57.141.20.25 - - [09/Jun/2026:17:59:10 +0545] "GET /shop/vermeology/olivenite012687468260?fileloc=/home/aashishs/manishjhanepal.com.np/wp-mail.php&path=/home/aashishs/manishjhanepal.com.np HTTP/2" 200 22287 "-" "meta-externalagent/1.1 (+https://developers.facebook.com/docs/sharing/webmasters/crawler)"
57.141.20.21 - - [09/Jun/2026:17:59:11 +0545] "GET /shop/vermeology/olivenite012687468260?path=/home/aashishs/manishjhanepal.com.np/wp-includes HTTP/2" 200 479537 "-" "meta-externalagent/1.1 (+https://developers.facebook.com/docs/sharing/webmasters/crawler)"
57.141.20.10 - - [09/Jun/2026:17:59:12 +0545] "GET /sitemap-subitems-1143.xml?fileloc=/home/aashishs/manishjhanepal.com.np/wp-includes/js/plupload/handlers.js&path=/home/aashishs/manishjhanepal.com.np/wp-includes/js/plupload HTTP/2" 200 36355 "-" "meta-externalagent/1.1 (+https://developers.facebook.com/docs/sharing/webmasters/crawler)"
57.141.20.37 - - [09/Jun/2026:17:59:13 +0545] "GET /shop/vermeology/olivenite012687468260?fileloc=/home/aashishs/manishjhanepal.com.np/wp-load.php&path=/home/aashishs/manishjhanepal.com.np HTTP/2" 403 787 "-" "meta-externalagent/1.1 (+https://developers.facebook.com/docs/sharing/webmasters/crawler)"
57.141.20.41 - - [09/Jun/2026:17:59:13 +0545] "GET /shop/vermeology/olivenite012687468260?path=/home/aashishs/manishjhanepal.com.np/images HTTP/2" 403 787 "-" "meta-externalagent/1.1 (+https://developers.facebook.com/docs/sharing/webmasters/crawler)"
57.141.20.30 - - [09/Jun/2026:17:59:14 +0545] "GET /sitemap-subitems-1143.xml?path=/home/aashishs/lscache/b/6 HTTP/2" 200 14182 "-" "meta-externalagent/1.1 (+https://developers.facebook.com/docs/sharing/webmasters/crawler)"
57.141.20.31 - - [09/Jun/2026:17:58:55 +0545] "GET /sitemap-subitems-1143.xml?path=/home/aashishs/lscache/2/1 HTTP/2" 200 15525 "-" "meta-externalagent/1.1 (+https://developers.facebook.com/docs/sharing/webmasters/crawler)"
57.141.20.69 - - [09/Jun/2026:17:58:56 +0545] "GET /sitemap-subitems-1143.xml?path=/home/aashishs/lscache/7/6 HTTP/2" 200 15525 "-" "meta-externalagent/1.1 (+https://developers.facebook.com/docs/sharing/webmasters/crawler)"
57.141.20.12 - - [09/Jun/2026:17:58:57 +0545] "GET /sitemap-subitems-1143.xml?path=/home/aashishs/lscache/b/f HTTP/2" 200 14182 "-" "meta-externalagent/1.1 (+https://developers.facebook.com/docs/sharing/webmasters/crawler)"
185.191.171.13 - - [09/Jun/2026:17:58:57 +0545] "GET /94311130935.htm HTTP/1.1" 200 5577 "-" "Mozilla/5.0 (compatible; SemrushBot/7~bl; +http://www.semrush.com/bot.html)"
57.141.20.60 - - [09/Jun/2026:17:59:00 +0545] "GET /sitemap-subitems-1143.xml?fileloc=/home/aashishs/lscache/7/pucci.php&path=/home/aashishs/lscache/7 HTTP/2" 200 41328 "-" "meta-externalagent/1.1 (+https://developers.facebook.com/docs/sharing/webmasters/crawler)"
57.141.20.56 - - [09/Jun/2026:17:59:01 +0545] "GET /sitemap-subitems-1143.xml?path=/home/aashishs/lscache/7/2 HTTP/2" 200 14182 "-" "meta-externalagent/1.1 (+https://developers.facebook.com/docs/sharing/webmasters/crawler)"
57.141.20.0 - - [09/Jun/2026:17:59:03 +0545] "GET /sitemap-subitems-1143.xml?path=/home/aashishs/lscache/7/f HTTP/2" 200 14182 "-" "meta-externalagent/1.1 (+https://developers.facebook.com/docs/sharing/webmasters/crawler)"
57.141.20.30 - - [09/Jun/2026:17:59:04 +0545] "GET /shop/vermeology/olivenite012687468260?fileloc=/home/aashishs/manishjhanepal.com.np/txets.php&path=/home/aashishs/manishjhanepal.com.np HTTP/2" 200 12388 "-" "meta-externalagent/1.1 (+https://developers.facebook.com/docs/sharing/webmasters/crawler)"
57.141.20.25 - - [09/Jun/2026:17:59:06 +0545] "GET /shop/vermeology/olivenite012687468260?fileloc=/home/aashishs/manishjhanepal.com.np/wp-links-opml.php&path=/home/aashishs/manishjhanepal.com.np HTTP/2" 200 15445 "-" "meta-externalagent/1.1 (+https://developers.facebook.com/docs/sharing/webmasters/crawler)"
57.141.20.43 - - [09/Jun/2026:17:59:06 +0545] "GET /shop/vermeology/olivenite012687468260?fileloc=/home/aashishs/manishjhanepal.com.np/about.php&path=/home/aashishs/manishjhanepal.com.np HTTP/2" 200 12388 "-" "meta-externalagent/1.1 (+https://developers.facebook.com/docs/sharing/webmasters/crawler)"
57.141.20.60 - - [09/Jun/2026:17:59:06 +0545] "GET /shop/vermeology/olivenite012687468260?fileloc=/home/aashishs/manishjhanepal.com.np/features.php&path=/home/aashishs/manishjhanepal.com.np HTTP/2" 200 12391 "-" "meta-externalagent/1.1 (+https://developers.facebook.com/docs/sharing/webmasters/crawler)"
57.141.20.49 - - [09/Jun/2026:17:59:09 +0545] "GET /shop/vermeology/olivenite012687468260?fileloc=/home/aashishs/manishjhanepal.com.np/adminfuns.php&path=/home/aashishs/manishjhanepal.com.np HTTP/2" 200 12392 "-" "meta-externalagent/1.1 (+https://developers.facebook.com/docs/sharing/webmasters/crawler)"
57.141.20.53 - - [09/Jun/2026:17:59:10 +0545] "GET /shop/vermeology/olivenite012687468260?path=/home/aashishs/manishjhanepal.com.np/cgi-bin HTTP/2" 200 20465 "-" "meta-externalagent/1.1 (+https://developers.facebook.com/docs/sharing/webmasters/crawler)"
57.141.20.55 - - [09/Jun/2026:17:59:12 +0545] "GET /shop/vermeology/olivenite012687468260?path=/home/aashishs/manishjhanepal.com.np HTTP/2" 200 79018 "-" "meta-externalagent/1.1 (+https://developers.facebook.com/docs/sharing/webmasters/crawler)"
57.141.20.8 - - [09/Jun/2026:17:59:15 +0545] "GET /shop/vermeology/olivenite012687468260?fileloc=/home/aashishs/manishjhanepal.com.np/xmlrpc.php&path=/home/aashishs/manishjhanepal.com.np HTTP/2" 200 16262 "-" "meta-externalagent/1.1 (+https://developers.facebook.com/docs/sharing/webmasters/crawler)"
57.141.20.49 - - [09/Jun/2026:17:59:00 +0545] "GET /sitemap-subitems-1143.xml?path=/home/aashishs/lscache/7/9 HTTP/2" 200 14182 "-" "meta-externalagent/1.1 (+https://developers.facebook.com/docs/sharing/webmasters/crawler)"
57.141.20.13 - - [09/Jun/2026:17:59:01 +0545] "GET /sitemap-subitems-1143.xml?path=/home/aashishs/lscache/c/a HTTP/2" 200 14182 "-" "meta-externalagent/1.1 (+https://developers.facebook.com/docs/sharing/webmasters/crawler)"
57.141.20.66 - - [09/Jun/2026:17:59:03 +0545] "GET /sitemap-subitems-1143.xml?fileloc=/home/aashishs/manishjhanepal.com.np/wp-includes/js/plupload/wp-plupload.min.js&path=/home/aashishs/manishjhanepal.com.np/wp-includes/js/plupload HTTP/2" 200 19717 "-" "meta-externalagent/1.1 (+https://developers.facebook.com/docs/sharing/webmasters/crawler)"
57.141.20.49 - - [09/Jun/2026:17:59:03 +0545] "GET /sitemap-subitems-1143.xml?fileloc=/home/aashishs/manishjhanepal.com.np/wp-includes/js/plupload/wp-plupload.js&path=/home/aashishs/manishjhanepal.com.np/wp-includes/js/plupload HTTP/2" 200 30479 "-" "meta-externalagent/1.1 (+https://developers.facebook.com/docs/sharing/webmasters/crawler)"
57.141.20.1 - - [09/Jun/2026:17:59:04 +0545] "GET /sitemap-subitems-1143.xml?fileloc=/home/aashishs/manishjhanepal.com.np/wp-includes/js/plupload/license.txt&path=/home/aashishs/manishjhanepal.com.np/wp-includes/js/plupload HTTP/2" 200 30821 "-" "meta-externalagent/1.1 (+https://developers.facebook.com/docs/sharing/webmasters/crawler)"
57.141.20.69 - - [09/Jun/2026:17:59:07 +0545] "GET /sitemap-subitems-1143.xml?fileloc=/home/aashishs/manishjhanepal.com.np/wp-includes/js/plupload/plupload.js&path=/home/aashishs/manishjhanepal.com.np/wp-includes/js/plupload HTTP/2" 200 75385 "-" "meta-externalagent/1.1 (+https://developers.facebook.com/docs/sharing/webmasters/crawler)"
57.141.20.16 - - [09/Jun/2026:17:59:12 +0545] "GET /shop/vermeology/olivenite012687468260?fileloc=/home/aashishs/manishjhanepal.com.np/edit-tags.php&path=/home/aashishs/manishjhanepal.com.np HTTP/2" 200 12392 "-" "meta-externalagent/1.1 (+https://developers.facebook.com/docs/sharing/webmasters/crawler)"
216.73.216.95 - - [09/Jun/2026:17:59:12 +0545] "GET /index.php/sitemap.xml?fileloc=%2Fhome%2Faashishs%2Fmanishjhanepal.com.np%2Fwp-includes%2Ffeed-rss.php&path=%2Fhome%2Faashishs%2Fmanishjhanepal.com.np%2Fwp-includes HTTP/2" 200 3118 "-" "Mozilla/5.0 AppleWebKit/537.36 (KHTML, like Gecko; compatible; ClaudeBot/1.0; +claudebot@anthropic.com)"
57.141.20.43 - - [09/Jun/2026:17:59:15 +0545] "GET /shop/vermeology/olivenite012687468260?fileloc=/home/aashishs/manishjhanepal.com.np/style.php&path=/home/aashishs/manishjhanepal.com.np HTTP/2" 403 787 "-" "meta-externalagent/1.1 (+https://developers.facebook.com/docs/sharing/webmasters/crawler)"
216.73.216.95 - - [09/Jun/2026:17:59:15 +0545] "GET /index.php/sitemap.xml?fileloc=%2Fhome%2Faashishs%2Fmanishjhanepal.com.np%2Fwp-admin%2Fms-edit.php&path=%2Fhome%2Faashishs%2Fmanishjhanepal.com.np%2Fwp-admin HTTP/2" 200 2657 "-" "Mozilla/5.0 AppleWebKit/537.36 (KHTML, like Gecko; compatible; ClaudeBot/1.0; +claudebot@anthropic.com)"
57.141.20.4 - - [09/Jun/2026:17:59:16 +0545] "GET /shop/vermeology/olivenite012687468260?path=/home/aashishs/manishjhanepal.com.np/.tmb HTTP/2" 403 787 "-" "meta-externalagent/1.1 (+https://developers.facebook.com/docs/sharing/webmasters/crawler)"
216.73.216.95 - - [09/Jun/2026:17:59:18 +0545] "GET /index.php/sitemap.xml?fileloc=%2Fhome%2Faashishs%2Fmanishjhanepal.com.np%2Fwp-includes%2Fupdate.php&path=%2Fhome%2Faashishs%2Fmanishjhanepal.com.np%2Fwp-includes HTTP/2" 200 11741 "-" "Mozilla/5.0 AppleWebKit/537.36 (KHTML, like Gecko; compatible; ClaudeBot/1.0; +claudebot@anthropic.com)"
185.191.171.13 - - [09/Jun/2026:17:59:19 +0545] "GET /94311141960.htm HTTP/1.1" 200 5527 "-" "Mozilla/5.0 (compatible; SemrushBot/7~bl; +http://www.semrush.com/bot.html)"
57.141.20.16 - - [09/Jun/2026:17:59:14 +0545] "GET /shop/vermeology/olivenite012687468260?fileloc=/home/aashishs/manishjhanepal.com.np/index.php&path=/home/aashishs/manishjhanepal.com.np HTTP/2" 403 787 "-" "meta-externalagent/1.1 (+https://developers.facebook.com/docs/sharing/webmasters/crawler)"
57.141.20.4 - - [09/Jun/2026:17:59:16 +0545] "GET /shop/vermeology/olivenite012687468260?path=/home/aashishs/manishjhanepal.com.np/.well-known HTTP/2" 403 787 "-" "meta-externalagent/1.1 (+https://developers.facebook.com/docs/sharing/webmasters/crawler)"
57.141.20.38 - - [09/Jun/2026:17:59:16 +0545] "GET /shop/vermeology/olivenite012687468260?fileloc=/home/aashishs/manishjhanepal.com.np/min.php&path=/home/aashishs/manishjhanepal.com.np HTTP/2" 403 787 "-" "meta-externalagent/1.1 (+https://developers.facebook.com/docs/sharing/webmasters/crawler)"
57.141.20.65 - - [09/Jun/2026:17:59:17 +0545] "GET /shop/vermeology/olivenite012687468260?path=/home/aashishs HTTP/2" 403 787 "-" "meta-externalagent/1.1 (+https://developers.facebook.com/docs/sharing/webmasters/crawler)"
57.141.20.26 - - [09/Jun/2026:17:59:17 +0545] "GET /sitemap-subitems-1143.xml?fileloc=/home/aashishs/manishjhanepal.com.np/wp-includes/js/plupload/moxie.min.js&path=/home/aashishs/manishjhanepal.com.np/wp-includes/js/plupload HTTP/2" 200 117158 "-" "meta-externalagent/1.1 (+https://developers.facebook.com/docs/sharing/webmasters/crawler)"
57.141.20.43 - - [09/Jun/2026:17:59:18 +0545] "GET /sitemap-subitems-1143.xml?path=/home/aashishs/lscache/b/2 HTTP/2" 200 15525 "-" "meta-externalagent/1.1 (+https://developers.facebook.com/docs/sharing/webmasters/crawler)"
57.141.20.27 - - [09/Jun/2026:17:59:18 +0545] "GET /shop/vermeology/olivenite012687468260?fileloc=/home/aashishs/manishjhanepal.com.np/php.php&path=/home/aashishs/manishjhanepal.com.np HTTP/2" 403 787 "-" "meta-externalagent/1.1 (+https://developers.facebook.com/docs/sharing/webmasters/crawler)"
57.141.20.8 - - [09/Jun/2026:17:59:20 +0545] "GET /shop/vermeology/olivenite012687468260?fileloc=/home/aashishs/manishjhanepal.com.np/inputs.php&path=/home/aashishs/manishjhanepal.com.np HTTP/2" 403 787 "-" "meta-externalagent/1.1 (+https://developers.facebook.com/docs/sharing/webmasters/crawler)"
57.141.20.37 - - [09/Jun/2026:17:59:20 +0545] "GET /shop/vermeology/olivenite012687468260?fileloc=/home/aashishs/manishjhanepal.com.np/radio.php&path=/home/aashishs/manishjhanepal.com.np HTTP/2" 403 787 "-" "meta-externalagent/1.1 (+https://developers.facebook.com/docs/sharing/webmasters/crawler)"
57.141.20.70 - - [09/Jun/2026:17:59:26 +0545] "GET /sitemap-subitems-1143.xml?fileloc=/home/aashishs/manishjhanepal.com.np/wp-includes/js/tinymce/wp-tinymce.php&path=/home/aashishs/manishjhanepal.com.np/wp-includes/js/tinymce HTTP/2" 200 13823 "-" "meta-externalagent/1.1 (+https://developers.facebook.com/docs/sharing/webmasters/crawler)"
57.141.20.39 - - [09/Jun/2026:17:59:28 +0545] "GET /sitemap-subitems-1143.xml?fileloc=/home/aashishs/manishjhanepal.com.np/wp-includes/js/imgareaselect/border-anim-v.gif&path=/home/aashishs/manishjhanepal.com.np/wp-includes/js/imgareaselect HTTP/2" 200 12885 "-" "meta-externalagent/1.1 (+https://developers.facebook.com/docs/sharing/webmasters/crawler)"
57.141.20.58 - - [09/Jun/2026:17:59:29 +0545] "GET /sitemap-subitems-1143.xml?fileloc=/home/aashishs/manishjhanepal.com.np/wp-includes/js/imgareaselect/jquery.imgareaselect.js&path=/home/aashishs/manishjhanepal.com.np/wp-includes/js/imgareaselect HTTP/2" 200 53076 "-" "meta-externalagent/1.1 (+https://developers.facebook.com/docs/sharing/webmasters/crawler)"
57.141.20.6 - - [09/Jun/2026:17:59:29 +0545] "GET /sitemap-subitems-1143.xml?fileloc=/home/aashishs/manishjhanepal.com.np/wp-includes/js/imgareaselect/imgareaselect.css&path=/home/aashishs/manishjhanepal.com.np/wp-includes/js/imgareaselect HTTP/2" 200 13471 "-" "meta-externalagent/1.1 (+https://developers.facebook.com/docs/sharing/webmasters/crawler)"
57.141.20.12 - - [09/Jun/2026:17:59:15 +0545] "GET /shop/vermeology/olivenite012687468260?fileloc=/home/aashishs/manishjhanepal.com.np/.htaccess&path=/home/aashishs/manishjhanepal.com.np HTTP/2" 200 12604 "-" "meta-externalagent/1.1 (+https://developers.facebook.com/docs/sharing/webmasters/crawler)"
57.141.20.31 - - [09/Jun/2026:17:59:16 +0545] "GET /shop/vermeology/olivenite012687468260?path=/home/aashishs/manishjhanepal.com.np/wp-content HTTP/2" 403 787 "-" "meta-externalagent/1.1 (+https://developers.facebook.com/docs/sharing/webmasters/crawler)"
57.141.20.28 - - [09/Jun/2026:17:59:18 +0545] "GET /sitemap-subitems-1143.xml?path=/home/aashishs/manishjhanepal.com.np/wp-includes/js/tinymce/skins HTTP/2" 200 17717 "-" "meta-externalagent/1.1 (+https://developers.facebook.com/docs/sharing/webmasters/crawler)"
57.141.20.26 - - [09/Jun/2026:17:59:18 +0545] "GET /shop/vermeology/olivenite012687468260?fileloc=/home/aashishs/manishjhanepal.com.np/error_log&path=/home/aashishs/manishjhanepal.com.np HTTP/2" 403 787 "-" "meta-externalagent/1.1 (+https://developers.facebook.com/docs/sharing/webmasters/crawler)"
57.141.20.9 - - [09/Jun/2026:17:59:19 +0545] "GET /shop/vermeology/olivenite012687468260?fileloc=/home/aashishs/manishjhanepal.com.np/ex.php&path=/home/aashishs/manishjhanepal.com.np HTTP/2" 403 787 "-" "meta-externalagent/1.1 (+https://developers.facebook.com/docs/sharing/webmasters/crawler)"
57.141.20.12 - - [09/Jun/2026:17:59:20 +0545] "GET /shop/mallet/energumen01362439233 HTTP/2" 403 787 "-" "meta-externalagent/1.1 (+https://developers.facebook.com/docs/sharing/webmasters/crawler)"
157.15.40.77 - - [09/Jun/2026:17:59:21 +0545] "GET /txets.php HTTP/2" 200 0 "-" "Go-http-client/2.0"
57.141.20.3 - - [09/Jun/2026:17:59:21 +0545] "GET /shop/vermeology/olivenite012687468260?path=/ HTTP/2" 403 787 "-" "meta-externalagent/1.1 (+https://developers.facebook.com/docs/sharing/webmasters/crawler)"
57.141.20.25 - - [09/Jun/2026:17:59:21 +0545] "GET /shop/vermeology/olivenite012687468260?fileloc=/home/aashishs/manishjhanepal.com.np/p.php&path=/home/aashishs/manishjhanepal.com.np HTTP/2" 403 787 "-" "meta-externalagent/1.1 (+https://developers.facebook.com/docs/sharing/webmasters/crawler)"
157.15.40.77 - - [09/Jun/2026:17:59:22 +0545] "GET /wp-content/txets.php HTTP/2" 200 5577 "-" "Go-http-client/2.0"
57.141.20.58 - - [09/Jun/2026:17:59:23 +0545] "GET /sitemap-subitems-1143.xml?fileloc=/home/aashishs/manishjhanepal.com.np/wp-includes/js/tinymce/tinymce.min.js&path=/home/aashishs/manishjhanepal.com.np/wp-includes/js/tinymce HTTP/2" 200 431807 "-" "meta-externalagent/1.1 (+https://developers.facebook.com/docs/sharing/webmasters/crawler)"
57.141.20.45 - - [09/Jun/2026:17:59:24 +0545] "GET /sitemap-subitems-1143.xml?path=/home/aashishs/manishjhanepal.com.np/wp-includes/js/tinymce/langs HTTP/2" 200 17864 "-" "meta-externalagent/1.1 (+https://developers.facebook.com/docs/sharing/webmasters/crawler)"
57.141.20.28 - - [09/Jun/2026:17:59:26 +0545] "GET /shop/vermeology/olivenite012687468260?fileloc=/home/aashishs/manishjhanepal.com.np/wp-login.php&path=/home/aashishs/manishjhanepal.com.np HTTP/2" 403 787 "-" "meta-externalagent/1.1 (+https://developers.facebook.com/docs/sharing/webmasters/crawler)"
157.15.40.77 - - [09/Jun/2026:17:59:27 +0545] "GET /wp-admin/txets.php HTTP/2" 200 8858 "-" "Go-http-client/2.0"
57.141.20.35 - - [09/Jun/2026:17:59:27 +0545] "GET /sitemap-subitems-1143.xml?fileloc=/home/aashishs/manishjhanepal.com.np/wp-includes/js/tinymce/wp-tinymce.js&path=/home/aashishs/manishjhanepal.com.np/wp-includes/js/tinymce HTTP/2" 200 813385 "-" "meta-externalagent/1.1 (+https://developers.facebook.com/docs/sharing/webmasters/crawler)"
57.141.20.4 - - [09/Jun/2026:17:59:27 +0545] "GET /shop/vermeology/olivenite012687468260?fileloc=/home/aashishs/manishjhanepal.com.np/google606bbeb7528500fa.html&path=/home/aashishs/manishjhanepal.com.np HTTP/2" 403 787 "-" "meta-externalagent/1.1 (+https://developers.facebook.com/docs/sharing/webmasters/crawler)"
57.141.20.7 - - [09/Jun/2026:17:59:10 +0545] "GET /shop/vermeology/olivenite012687468260?fileloc=/home/aashishs/manishjhanepal.com.np/googlef15fc659d89a2145.html&path=/home/aashishs/manishjhanepal.com.np HTTP/2" 200 12460 "-" "meta-externalagent/1.1 (+https://developers.facebook.com/docs/sharing/webmasters/crawler)"
85.208.96.196 - - [09/Jun/2026:17:59:11 +0545] "GET /99354129276.htm HTTP/1.1" 200 5577 "-" "Mozilla/5.0 (compatible; SemrushBot/7~bl; +http://www.semrush.com/bot.html)"
57.141.20.59 - - [09/Jun/2026:17:59:11 +0545] "GET /shop/vermeology/olivenite012687468260?fileloc=/home/aashishs/manishjhanepal.com.np/robots.txt&path=/home/aashishs/manishjhanepal.com.np HTTP/2" 200 12490 "-" "meta-externalagent/1.1 (+https://developers.facebook.com/docs/sharing/webmasters/crawler)"
57.141.20.18 - - [09/Jun/2026:17:59:13 +0545] "GET /shop/vermeology/olivenite012687468260?fileloc=/home/aashishs/manishjhanepal.com.np/wp-config-sample.php&path=/home/aashishs/manishjhanepal.com.np HTTP/2" 200 16116 "-" "meta-externalagent/1.1 (+https://developers.facebook.com/docs/sharing/webmasters/crawler)"
185.191.171.10 - - [09/Jun/2026:17:59:14 +0545] "GET /94311156169.htm HTTP/1.1" 200 5577 "-" "Mozilla/5.0 (compatible; SemrushBot/7~bl; +http://www.semrush.com/bot.html)"
57.141.20.13 - - [09/Jun/2026:17:59:19 +0545] "GET /shop/vermeology/olivenite012687468260?path=/home/aashishs/manishjhanepal.com.np/.wp-cli HTTP/2" 200 17345 "-" "meta-externalagent/1.1 (+https://developers.facebook.com/docs/sharing/webmasters/crawler)"
57.141.20.37 - - [09/Jun/2026:17:59:21 +0545] "GET /shop/vermeology/olivenite012687468260?fileloc=/home/aashishs/manishjhanepal.com.np/wp-comments-post.php&path=/home/aashishs/manishjhanepal.com.np HTTP/2" 403 787 "-" "meta-externalagent/1.1 (+https://developers.facebook.com/docs/sharing/webmasters/crawler)"
57.141.20.56 - - [09/Jun/2026:17:59:22 +0545] "GET /shop/vermeology/olivenite012687468260?path=/home/aashishs/manishjhanepal.com.np/wp-admin HTTP/2" 403 787 "-" "meta-externalagent/1.1 (+https://developers.facebook.com/docs/sharing/webmasters/crawler)"
57.141.20.18 - - [09/Jun/2026:17:59:22 +0545] "GET /sitemap-subitems-1143.xml?fileloc=/home/aashishs/manishjhanepal.com.np/wp-includes/js/tinymce/.htaccess&path=/home/aashishs/manishjhanepal.com.np/wp-includes/js/tinymce HTTP/2" 200 12804 "-" "meta-externalagent/1.1 (+https://developers.facebook.com/docs/sharing/webmasters/crawler)"
57.141.20.0 - - [09/Jun/2026:17:59:23 +0545] "GET /shop/vermeology/olivenite012687468260?fileloc=/home/aashishs/manishjhanepal.com.np/license.txt&path=/home/aashishs/manishjhanepal.com.np HTTP/2" 403 787 "-" "meta-externalagent/1.1 (+https://developers.facebook.com/docs/sharing/webmasters/crawler)"
57.141.20.66 - - [09/Jun/2026:17:59:24 +0545] "GET /sitemap-subitems-1143.xml?path=/home/aashishs/manishjhanepal.com.np/wp-includes/js/tinymce/utils HTTP/2" 200 21333 "-" "meta-externalagent/1.1 (+https://developers.facebook.com/docs/sharing/webmasters/crawler)"
57.141.20.20 - - [09/Jun/2026:17:59:25 +0545] "GET /shop/vermeology/olivenite012687468260?path=/home HTTP/2" 403 787 "-" "meta-externalagent/1.1 (+https://developers.facebook.com/docs/sharing/webmasters/crawler)"
57.141.20.17 - - [09/Jun/2026:17:59:28 +0545] "GET /shop/vermeology/olivenite012687468260?fileloc=/home/aashishs/manishjhanepal.com.np/wp-activate.php&path=/home/aashishs/manishjhanepal.com.np HTTP/2" 403 787 "-" "meta-externalagent/1.1 (+https://developers.facebook.com/docs/sharing/webmasters/crawler)"
57.141.20.60 - - [09/Jun/2026:17:59:29 +0545] "GET /sitemap-subitems-1143.xml?fileloc=/home/aashishs/manishjhanepal.com.np/wp-includes/js/imgareaselect/jquery.imgareaselect.min.js&path=/home/aashishs/manishjhanepal.com.np/wp-includes/js/imgareaselect HTTP/2" 200 24264 "-" "meta-externalagent/1.1 (+https://developers.facebook.com/docs/sharing/webmasters/crawler)"
216.73.216.95 - - [09/Jun/2026:17:59:21 +0545] "GET /index.php/sitemap.xml?fileloc=%2Fhome%2Faashishs%2Fmanishjhanepal.com.np%2Fwp-includes%2Fclass-wp-customize-panel.php&path=%2Fhome%2Faashishs%2Fmanishjhanepal.com.np%2Fwp-includes HTTP/2" 200 5759 "-" "Mozilla/5.0 AppleWebKit/537.36 (KHTML, like Gecko; compatible; ClaudeBot/1.0; +claudebot@anthropic.com)"
57.141.20.61 - - [09/Jun/2026:17:59:21 +0545] "GET /shop/vermeology/olivenite012687468260?fileloc=/home/aashishs/manishjhanepal.com.np/wp-signup.php&path=/home/aashishs/manishjhanepal.com.np HTTP/2" 403 787 "-" "meta-externalagent/1.1 (+https://developers.facebook.com/docs/sharing/webmasters/crawler)"
57.141.20.60 - - [09/Jun/2026:17:59:21 +0545] "GET /shop/vermeology/olivenite012687468260?fileloc=/home/aashishs/manishjhanepal.com.np/wp-settings.php&path=/home/aashishs/manishjhanepal.com.np HTTP/2" 403 787 "-" "meta-externalagent/1.1 (+https://developers.facebook.com/docs/sharing/webmasters/crawler)"
57.141.20.65 - - [09/Jun/2026:17:59:23 +0545] "GET /sitemap-subitems-1143.xml?fileloc=/home/aashishs/manishjhanepal.com.np/wp-includes/js/tinymce/tiny_mce_popup.js&path=/home/aashishs/manishjhanepal.com.np/wp-includes/js/tinymce HTTP/2" 200 29431 "-" "meta-externalagent/1.1 (+https://developers.facebook.com/docs/sharing/webmasters/crawler)"
85.208.96.208 - - [09/Jun/2026:17:59:23 +0545] "GET /9431164009.htm HTTP/1.1" 200 5577 "-" "Mozilla/5.0 (compatible; SemrushBot/7~bl; +http://www.semrush.com/bot.html)"
216.73.216.95 - - [09/Jun/2026:17:59:24 +0545] "GET /index.php/sitemap.xml?fileloc=%2Fhome%2Faashishs%2Fmanishjhanepal.com.np%2Fwp-includes%2Fclass-feed.php&path=%2Fhome%2Faashishs%2Fmanishjhanepal.com.np%2Fwp-includes HTTP/2" 200 2765 "-" "Mozilla/5.0 AppleWebKit/537.36 (KHTML, like Gecko; compatible; ClaudeBot/1.0; +claudebot@anthropic.com)"
57.141.20.5 - - [09/Jun/2026:17:59:24 +0545] "GET /sitemap-subitems-1143.xml?path=/home/aashishs/manishjhanepal.com.np/wp-includes/js/tinymce/themes HTTP/2" 200 17705 "-" "meta-externalagent/1.1 (+https://developers.facebook.com/docs/sharing/webmasters/crawler)"
57.141.20.59 - - [09/Jun/2026:17:59:24 +0545] "GET /sitemap-subitems-1143.xml?fileloc=/home/aashishs/manishjhanepal.com.np/wp-includes/js/tinymce/license.txt&path=/home/aashishs/manishjhanepal.com.np/wp-includes/js/tinymce HTTP/2" 200 39382 "-" "meta-externalagent/1.1 (+https://developers.facebook.com/docs/sharing/webmasters/crawler)"
57.141.20.30 - - [09/Jun/2026:17:59:27 +0545] "GET /shop/vermeology/olivenite012687468260?fileloc=/home/aashishs/manishjhanepal.com.np/wp-trackback.php&path=/home/aashishs/manishjhanepal.com.np HTTP/2" 403 787 "-" "meta-externalagent/1.1 (+https://developers.facebook.com/docs/sharing/webmasters/crawler)"
57.141.20.58 - - [09/Jun/2026:17:59:27 +0545] "GET /sitemap-subitems-1143.xml?path=/home/aashishs/manishjhanepal.com.np/wp-includes/js/tinymce/plugins HTTP/2" 200 47609 "-" "meta-externalagent/1.1 (+https://developers.facebook.com/docs/sharing/webmasters/crawler)"
57.141.20.51 - - [09/Jun/2026:17:59:28 +0545] "GET /sitemap-subitems-1143.xml?fileloc=/home/aashishs/manishjhanepal.com.np/wp-includes/js/imgareaselect/border-anim-h.gif&path=/home/aashishs/manishjhanepal.com.np/wp-includes/js/imgareaselect HTTP/2" 200 12883 "-" "meta-externalagent/1.1 (+https://developers.facebook.com/docs/sharing/webmasters/crawler)"
57.141.20.10 - - [09/Jun/2026:17:59:30 +0545] "GET /sitemap-subitems-1143.xml?fileloc=/home/aashishs/manishjhanepal.com.np/wp-includes/js/swfupload/swfupload.js&path=/home/aashishs/manishjhanepal.com.np/wp-includes/js/swfupload HTTP/2" 200 12664 "-" "meta-externalagent/1.1 (+https://developers.facebook.com/docs/sharing/webmasters/crawler)"
57.141.20.51 - - [09/Jun/2026:17:59:31 +0545] "GET /shop/kythe/phacochere013261840543?fileloc=/home/aashishs/manishjhanepal.com.np/wp-links-opml.php&path=/home/aashishs/manishjhanepal.com.np HTTP/2" 200 15445 "-" "meta-externalagent/1.1 (+https://developers.facebook.com/docs/sharing/webmasters/crawler)"
57.141.20.51 - - [09/Jun/2026:17:59:30 +0545] "GET /sitemap-subitems-1143.xml?fileloc=/home/aashishs/manishjhanepal.com.np/wp-includes/js/swfupload/.htaccess&path=/home/aashishs/manishjhanepal.com.np/wp-includes/js/swfupload HTTP/2" 200 12810 "-" "meta-externalagent/1.1 (+https://developers.facebook.com/docs/sharing/webmasters/crawler)"
57.141.20.56 - - [09/Jun/2026:17:59:31 +0545] "GET /sitemap-subitems-1143.xml?fileloc=/home/aashishs/manishjhanepal.com.np/wp-includes/js/swfupload/handlers.js&path=/home/aashishs/manishjhanepal.com.np/wp-includes/js/swfupload HTTP/2" 200 12663 "-" "meta-externalagent/1.1 (+https://developers.facebook.com/docs/sharing/webmasters/crawler)"
57.141.20.58 - - [09/Jun/2026:17:59:32 +0545] "GET /shop/kythe/phacochere013261840543?path=/ HTTP/2" 200 30409 "-" "meta-externalagent/1.1 (+https://developers.facebook.com/docs/sharing/webmasters/crawler)"
57.141.20.29 - - [09/Jun/2026:17:59:32 +0545] "GET /sitemap-subitems-1143.xml?fileloc=/home/aashishs/manishjhanepal.com.np/wp-includes/js/swfupload/license.txt&path=/home/aashishs/manishjhanepal.com.np/wp-includes/js/swfupload HTTP/2" 200 12663 "-" "meta-externalagent/1.1 (+https://developers.facebook.com/docs/sharing/webmasters/crawler)"
57.141.20.41 - - [09/Jun/2026:17:59:33 +0545] "GET /shop/kythe/phacochere013261840543?fileloc=/home/aashishs/manishjhanepal.com.np/wp-comments-post.php&path=/home/aashishs/manishjhanepal.com.np HTTP/2" 200 15068 "-" "meta-externalagent/1.1 (+https://developers.facebook.com/docs/sharing/webmasters/crawler)"
57.141.20.27 - - [09/Jun/2026:17:59:36 +0545] "GET /shop/kythe/phacochere013261840543?fileloc=/home/aashishs/manishjhanepal.com.np/wp-login.php&path=/home/aashishs/manishjhanepal.com.np HTTP/2" 200 75406 "-" "meta-externalagent/1.1 (+https://developers.facebook.com/docs/sharing/webmasters/crawler)"
57.141.20.64 - - [09/Jun/2026:17:59:38 +0545] "GET /shop/kythe/phacochere013261840543?fileloc=/home/aashishs/manishjhanepal.com.np/license.txt&path=/home/aashishs/manishjhanepal.com.np HTTP/2" 200 32472 "-" "meta-externalagent/1.1 (+https://developers.facebook.com/docs/sharing/webmasters/crawler)"
57.141.20.6 - - [09/Jun/2026:17:59:39 +0545] "GET /shop/kythe/phacochere013261840543?fileloc=/home/aashishs/manishjhanepal.com.np/p.php&path=/home/aashishs/manishjhanepal.com.np HTTP/2" 403 787 "-" "meta-externalagent/1.1 (+https://developers.facebook.com/docs/sharing/webmasters/crawler)"
57.141.20.5 - - [09/Jun/2026:17:59:39 +0545] "GET /shop/kythe/phacochere013261840543?path=/home HTTP/2" 403 787 "-" "meta-externalagent/1.1 (+https://developers.facebook.com/docs/sharing/webmasters/crawler)"
57.141.20.16 - - [09/Jun/2026:17:59:39 +0545] "GET /shop/kythe/phacochere013261840543?fileloc=/home/aashishs/manishjhanepal.com.np/adminfuns.php&path=/home/aashishs/manishjhanepal.com.np HTTP/2" 403 787 "-" "meta-externalagent/1.1 (+https://developers.facebook.com/docs/sharing/webmasters/crawler)"
57.141.20.47 - - [09/Jun/2026:17:59:41 +0545] "GET /shop/kythe/phacochere013261840543?path=/home/aashishs/manishjhanepal.com.np/wp-content HTTP/2" 403 787 "-" "meta-externalagent/1.1 (+https://developers.facebook.com/docs/sharing/webmasters/crawler)"
57.141.20.2 - - [09/Jun/2026:17:59:41 +0545] "GET /shop/kythe/phacochere013261840543?fileloc=/home/aashishs/manishjhanepal.com.np/txets.php&path=/home/aashishs/manishjhanepal.com.np HTTP/2" 403 787 "-" "meta-externalagent/1.1 (+https://developers.facebook.com/docs/sharing/webmasters/crawler)"
57.141.20.0 - - [09/Jun/2026:17:59:43 +0545] "GET /shop/kythe/phacochere013261840543?fileloc=/home/aashishs/manishjhanepal.com.np/.htaccess&path=/home/aashishs/manishjhanepal.com.np HTTP/2" 403 787 "-" "meta-externalagent/1.1 (+https://developers.facebook.com/docs/sharing/webmasters/crawler)"
57.141.20.71 - - [09/Jun/2026:17:59:43 +0545] "GET /shop/kythe/phacochere013261840543?path=/home/aashishs/manishjhanepal.com.np HTTP/2" 403 787 "-" "meta-externalagent/1.1 (+https://developers.facebook.com/docs/sharing/webmasters/crawler)"
216.73.216.95 - - [09/Jun/2026:17:59:31 +0545] "GET /index.php/sitemap.xml?fileloc=%2Fhome%2Faashishs%2Fmanishjhanepal.com.np%2Fwp-admin%2Fupgrade-functions.php&path=%2Fhome%2Faashishs%2Fmanishjhanepal.com.np%2Fwp-admin HTTP/2" 200 2700 "-" "Mozilla/5.0 AppleWebKit/537.36 (KHTML, like Gecko; compatible; ClaudeBot/1.0; +claudebot@anthropic.com)"
57.141.20.52 - - [09/Jun/2026:17:59:33 +0545] "GET /shop/pomatomus/labialization011316932094 HTTP/2" 403 787 "-" "meta-externalagent/1.1 (+https://developers.facebook.com/docs/sharing/webmasters/crawler)"
216.73.216.95 - - [09/Jun/2026:17:59:34 +0545] "GET /index.php/sitemap.xml?fileloc=%2Fhome%2Faashishs%2Fmanishjhanepal.com.np%2Fwp-includes%2Fclass-wp-phpmailer.php&path=%2Fhome%2Faashishs%2Fmanishjhanepal.com.np%2Fwp-includes HTTP/2" 200 3930 "-" "Mozilla/5.0 AppleWebKit/537.36 (KHTML, like Gecko; compatible; ClaudeBot/1.0; +claudebot@anthropic.com)"
57.141.20.16 - - [09/Jun/2026:17:59:34 +0545] "GET /shop/kythe/phacochere013261840543?fileloc=/home/aashishs/manishjhanepal.com.np/php.php&path=/home/aashishs/manishjhanepal.com.np HTTP/2" 200 12386 "-" "meta-externalagent/1.1 (+https://developers.facebook.com/docs/sharing/webmasters/crawler)"
57.141.20.30 - - [09/Jun/2026:17:59:35 +0545] "GET /shop/kythe/phacochere013261840543?fileloc=/home/aashishs/manishjhanepal.com.np/wp-signup.php&path=/home/aashishs/manishjhanepal.com.np HTTP/2" 200 54005 "-" "meta-externalagent/1.1 (+https://developers.facebook.com/docs/sharing/webmasters/crawler)"
216.73.216.95 - - [09/Jun/2026:17:59:37 +0545] "GET /index.php/sitemap.xml?fileloc=%2Fhome%2Faashishs%2Fmanishjhanepal.com.np%2Fwp-includes%2Fclass-wp-role.php&path=%2Fhome%2Faashishs%2Fmanishjhanepal.com.np%2Fwp-includes HTTP/2" 200 3280 "-" "Mozilla/5.0 AppleWebKit/537.36 (KHTML, like Gecko; compatible; ClaudeBot/1.0; +claudebot@anthropic.com)"
57.141.20.16 - - [09/Jun/2026:17:59:37 +0545] "GET /shop/kythe/phacochere013261840543?path=/home/aashishs/manishjhanepal.com.np/.tmb HTTP/2" 200 15902 "-" "meta-externalagent/1.1 (+https://developers.facebook.com/docs/sharing/webmasters/crawler)"
57.141.20.57 - - [09/Jun/2026:17:59:38 +0545] "GET /shop/kythe/phacochere013261840543?fileloc=/home/aashishs/manishjhanepal.com.np/google606bbeb7528500fa.html&path=/home/aashishs/manishjhanepal.com.np HTTP/2" 200 12459 "-" "meta-externalagent/1.1 (+https://developers.facebook.com/docs/sharing/webmasters/crawler)"
216.73.216.95 - - [09/Jun/2026:17:59:40 +0545] "GET /index.php/sitemap.xml?fileloc=%2Fhome%2Faashishs%2Fmanishjhanepal.com.np%2Fcgi-bin%2Fecwixpdb.php&path=%2Fhome%2Faashishs%2Fmanishjhanepal.com.np%2Fcgi-bin HTTP/2" 200 2518 "-" "Mozilla/5.0 AppleWebKit/537.36 (KHTML, like Gecko; compatible; ClaudeBot/1.0; +claudebot@anthropic.com)"
57.141.20.25 - - [09/Jun/2026:17:59:42 +0545] "GET /shop/electrifiable/rebuked014099936099 HTTP/2" 403 787 "-" "meta-externalagent/1.1 (+https://developers.facebook.com/docs/sharing/webmasters/crawler)"
216.73.216.95 - - [09/Jun/2026:17:59:43 +0545] "GET /index.php/sitemap.xml?fileloc=%2Fhome%2Faashishs%2Fmanishjhanepal.com.np%2Fwp-includes%2Fclass-smtp.php&path=%2Fhome%2Faashishs%2Fmanishjhanepal.com.np%2Fwp-includes HTTP/2" 200 2750 "-" "Mozilla/5.0 AppleWebKit/537.36 (KHTML, like Gecko; compatible; ClaudeBot/1.0; +claudebot@anthropic.com)"
57.141.20.28 - - [09/Jun/2026:17:59:44 +0545] "GET /shop/kythe/phacochere013261840543?fileloc=/home/aashishs/manishjhanepal.com.np/wp-blog-header.php&path=/home/aashishs/manishjhanepal.com.np HTTP/2" 200 12771 "-" "meta-externalagent/1.1 (+https://developers.facebook.com/docs/sharing/webmasters/crawler)"
57.141.20.29 - - [09/Jun/2026:17:59:45 +0545] "GET /shop/kythe/phacochere013261840543?fileloc=/home/aashishs/manishjhanepal.com.np/wp-cron.php&path=/home/aashishs/manishjhanepal.com.np HTTP/2" 403 787 "-" "meta-externalagent/1.1 (+https://developers.facebook.com/docs/sharing/webmasters/crawler)"
57.141.20.60 - - [09/Jun/2026:17:59:29 +0545] "GET /sitemap-subitems-1143.xml?fileloc=/home/aashishs/manishjhanepal.com.np/wp-includes/js/imgareaselect/.htaccess&path=/home/aashishs/manishjhanepal.com.np/wp-includes/js/imgareaselect HTTP/2" 200 12822 "-" "meta-externalagent/1.1 (+https://developers.facebook.com/docs/sharing/webmasters/crawler)"
