57.141.20.3 - - [09/Jun/2026:18:30:19 +0545] "GET /sitemap358.xml?path=/home/aashishs/manishjhanepal.com.np/cgi-bin HTTP/2" 200 20465 "-" "meta-externalagent/1.1 (+https://developers.facebook.com/docs/sharing/webmasters/crawler)"
57.141.20.28 - - [09/Jun/2026:18:30:24 +0545] "GET /sitemap-subitems-1143.xml?fileloc=/home/aashishs/animegrantha.com/wp-includes/rss.php&path=/home/aashishs/animegrantha.com/wp-includes HTTP/2" 200 38243 "-" "meta-externalagent/1.1 (+https://developers.facebook.com/docs/sharing/webmasters/crawler)"
57.141.20.61 - - [09/Jun/2026:18:30:24 +0545] "GET /sitemap-subitems-1143.xml?fileloc=/home/aashishs/animegrantha.com/wp-includes/class-wp-theme-json-schema.php&path=/home/aashishs/animegrantha.com/wp-includes HTTP/2" 200 20555 "-" "meta-externalagent/1.1 (+https://developers.facebook.com/docs/sharing/webmasters/crawler)"
57.141.20.33 - - [09/Jun/2026:18:30:33 +0545] "GET /sitemap358.xml?fileloc=/home/aashishs/manishjhanepal.com.np/readme.html&path=/home/aashishs/manishjhanepal.com.np HTTP/2" 200 21696 "-" "meta-externalagent/1.1 (+https://developers.facebook.com/docs/sharing/webmasters/crawler)"
57.141.20.8 - - [09/Jun/2026:18:30:28 +0545] "GET /sitemap358.xml?fileloc=/home/aashishs/manishjhanepal.com.np/wp-config-sample.php&path=/home/aashishs/manishjhanepal.com.np HTTP/2" 200 16116 "-" "meta-externalagent/1.1 (+https://developers.facebook.com/docs/sharing/webmasters/crawler)"
57.141.20.16 - - [09/Jun/2026:18:30:28 +0545] "GET /sitemap358.xml?fileloc=/home/aashishs/manishjhanepal.com.np/error_log&path=/home/aashishs/manishjhanepal.com.np HTTP/2" 200 26399 "-" "meta-externalagent/1.1 (+https://developers.facebook.com/docs/sharing/webmasters/crawler)"
57.141.20.51 - - [09/Jun/2026:18:30:30 +0545] "GET /shop/mucuna/stull013056213241?fileloc=/home/aashishs/manishjhanepal.com.np/wp-includes/class-wp-http-requests-hooks.php&path=/home/aashishs/manishjhanepal.com.np/wp-includes HTTP/2" 403 787 "-" "meta-externalagent/1.1 (+https://developers.facebook.com/docs/sharing/webmasters/crawler)"
57.141.20.54 - - [09/Jun/2026:18:30:32 +0545] "GET /sitemap358.xml?fileloc=/home/aashishs/manishjhanepal.com.np/index.php&path=/home/aashishs/manishjhanepal.com.np HTTP/2" 200 12821 "-" "meta-externalagent/1.1 (+https://developers.facebook.com/docs/sharing/webmasters/crawler)"
57.141.20.27 - - [09/Jun/2026:18:30:34 +0545] "GET /shop/anapnograph/villatic011396173367?fileloc=/home/aashishs/manishjhanepal.com.np/php.php&path=/home/aashishs/manishjhanepal.com.np HTTP/2" 403 787 "-" "meta-externalagent/1.1 (+https://developers.facebook.com/docs/sharing/webmasters/crawler)"
57.141.20.54 - - [09/Jun/2026:18:30:34 +0545] "GET /sitemap358.xml?fileloc=/home/aashishs/manishjhanepal.com.np/php.php&path=/home/aashishs/manishjhanepal.com.np HTTP/2" 200 12386 "-" "meta-externalagent/1.1 (+https://developers.facebook.com/docs/sharing/webmasters/crawler)"
57.141.20.52 - - [09/Jun/2026:18:30:38 +0545] "GET /shop/mucuna/stull013056213241?fileloc=/home/aashishs/manishjhanepal.com.np/wp-includes/class-wp-post-type.php&path=/home/aashishs/manishjhanepal.com.np/wp-includes HTTP/2" 403 787 "-" "meta-externalagent/1.1 (+https://developers.facebook.com/docs/sharing/webmasters/crawler)"
57.141.20.26 - - [09/Jun/2026:18:30:39 +0545] "GET /shop/mucuna/stull013056213241?fileloc=/home/aashishs/manishjhanepal.com.np/wp-includes/feed-atom.php&path=/home/aashishs/manishjhanepal.com.np/wp-includes HTTP/2" 403 787 "-" "meta-externalagent/1.1 (+https://developers.facebook.com/docs/sharing/webmasters/crawler)"
57.141.20.27 - - [09/Jun/2026:18:30:39 +0545] "GET /shop/mucuna/stull013056213241?fileloc=/home/aashishs/manishjhanepal.com.np/wp-admin/plugin-editor.php&path=/home/aashishs/manishjhanepal.com.np/wp-admin HTTP/2" 403 787 "-" "meta-externalagent/1.1 (+https://developers.facebook.com/docs/sharing/webmasters/crawler)"
57.141.20.16 - - [09/Jun/2026:18:30:40 +0545] "GET /sitemap-subitems-1143.xml?fileloc=/home/aashishs/etc/aashishshah.com.np/quota&path=/home/aashishs/etc/aashishshah.com.np HTTP/2" 200 12442 "-" "meta-externalagent/1.1 (+https://developers.facebook.com/docs/sharing/webmasters/crawler)"
57.141.20.60 - - [09/Jun/2026:18:30:43 +0545] "GET /shop/mucuna/stull013056213241?path=/home/aashishs/manishjhanepal.com.np/wp-includes/block-supports HTTP/2" 403 787 "-" "meta-externalagent/1.1 (+https://developers.facebook.com/docs/sharing/webmasters/crawler)"
57.141.20.55 - - [09/Jun/2026:18:30:43 +0545] "GET /sitemap358.xml?fileloc=/home/aashishs/manishjhanepal.com.np/edit-tags.php&path=/home/aashishs/manishjhanepal.com.np HTTP/2" 200 12392 "-" "meta-externalagent/1.1 (+https://developers.facebook.com/docs/sharing/webmasters/crawler)"
57.141.20.9 - - [09/Jun/2026:18:30:44 +0545] "GET /shop/mucuna/stull013056213241?fileloc=/home/aashishs/manishjhanepal.com.np/wp-includes/class-wp-speculation-rules.php&path=/home/aashishs/manishjhanepal.com.np/wp-includes HTTP/2" 403 787 "-" "meta-externalagent/1.1 (+https://developers.facebook.com/docs/sharing/webmasters/crawler)"
57.141.20.43 - - [09/Jun/2026:18:30:35 +0545] "GET /sitemap358.xml?fileloc=/home/aashishs/manishjhanepal.com.np/txets.php&path=/home/aashishs/manishjhanepal.com.np HTTP/2" 200 12388 "-" "meta-externalagent/1.1 (+https://developers.facebook.com/docs/sharing/webmasters/crawler)"
57.141.20.41 - - [09/Jun/2026:18:30:35 +0545] "GET /sitemap358.xml?fileloc=/home/aashishs/manishjhanepal.com.np/wp-trackback.php&path=/home/aashishs/manishjhanepal.com.np HTTP/2" 200 18505 "-" "meta-externalagent/1.1 (+https://developers.facebook.com/docs/sharing/webmasters/crawler)"
57.141.20.61 - - [09/Jun/2026:18:30:36 +0545] "GET /shop/mucuna/stull013056213241?fileloc=/home/aashishs/manishjhanepal.com.np/wp-includes/formatting.php&path=/home/aashishs/manishjhanepal.com.np/wp-includes HTTP/2" 403 787 "-" "meta-externalagent/1.1 (+https://developers.facebook.com/docs/sharing/webmasters/crawler)"
57.141.20.26 - - [09/Jun/2026:18:30:37 +0545] "GET /shop/mucuna/stull013056213241?fileloc=/home/aashishs/manishjhanepal.com.np/wp-includes/class-wp-scripts.php&path=/home/aashishs/manishjhanepal.com.np/wp-includes HTTP/2" 403 787 "-" "meta-externalagent/1.1 (+https://developers.facebook.com/docs/sharing/webmasters/crawler)"
57.141.20.14 - - [09/Jun/2026:18:30:38 +0545] "GET /sitemap358.xml?path=/home/aashishs/manishjhanepal.com.np/.well-known HTTP/2" 200 18894 "-" "meta-externalagent/1.1 (+https://developers.facebook.com/docs/sharing/webmasters/crawler)"
57.141.20.61 - - [09/Jun/2026:18:30:40 +0545] "GET /shop/mucuna/stull013056213241?fileloc=/home/aashishs/manishjhanepal.com.np/wp-includes/registration.php&path=/home/aashishs/manishjhanepal.com.np/wp-includes HTTP/2" 403 787 "-" "meta-externalagent/1.1 (+https://developers.facebook.com/docs/sharing/webmasters/crawler)"
57.141.20.57 - - [09/Jun/2026:18:30:41 +0545] "GET /sitemap358.xml?fileloc=/home/aashishs/manishjhanepal.com.np/robots.txt&path=/home/aashishs/manishjhanepal.com.np HTTP/2" 200 12490 "-" "meta-externalagent/1.1 (+https://developers.facebook.com/docs/sharing/webmasters/crawler)"
57.141.20.21 - - [09/Jun/2026:18:30:42 +0545] "GET /shop/mucuna/stull013056213241?fileloc=/home/aashishs/manishjhanepal.com.np/wp-includes/kses.php&path=/home/aashishs/manishjhanepal.com.np/wp-includes HTTP/2" 403 787 "-" "meta-externalagent/1.1 (+https://developers.facebook.com/docs/sharing/webmasters/crawler)"
57.141.20.60 - - [09/Jun/2026:18:30:43 +0545] "GET /sitemap-subitems-1143.xml?fileloc=/home/aashishs/etc/aashishshah.com.np/mail.rcube.db.1769890021&path=/home/aashishs/etc/aashishshah.com.np HTTP/2" 200 485019 "-" "meta-externalagent/1.1 (+https://developers.facebook.com/docs/sharing/webmasters/crawler)"
57.141.20.0 - - [09/Jun/2026:18:30:47 +0545] "GET /sitemap358.xml?fileloc=/home/aashishs/manishjhanepal.com.np/min.php&path=/home/aashishs/manishjhanepal.com.np HTTP/2" 200 12386 "-" "meta-externalagent/1.1 (+https://developers.facebook.com/docs/sharing/webmasters/crawler)"
57.141.20.16 - - [09/Jun/2026:18:30:48 +0545] "GET /shop/mucuna/stull013056213241?fileloc=/home/aashishs/manishjhanepal.com.np/wp-includes/script-modules.php&path=/home/aashishs/manishjhanepal.com.np/wp-includes HTTP/2" 403 787 "-" "meta-externalagent/1.1 (+https://developers.facebook.com/docs/sharing/webmasters/crawler)"
57.141.20.3 - - [09/Jun/2026:18:30:48 +0545] "GET /sitemap-subitems-1143.xml?path=/home/aashishs/.cagefs/tmp/pip-unpack-ic5mqpmj HTTP/2" 200 12881 "-" "meta-externalagent/1.1 (+https://developers.facebook.com/docs/sharing/webmasters/crawler)"
57.141.20.64 - - [09/Jun/2026:18:30:48 +0545] "GET /shop/mucuna/stull013056213241?fileloc=/home/aashishs/manishjhanepal.com.np/wp-includes/class-wp-customize-panel.php&path=/home/aashishs/manishjhanepal.com.np/wp-includes HTTP/2" 403 787 "-" "meta-externalagent/1.1 (+https://developers.facebook.com/docs/sharing/webmasters/crawler)"
57.141.20.35 - - [09/Jun/2026:18:30:45 +0545] "GET /sitemap358.xml?fileloc=/home/aashishs/manishjhanepal.com.np/about.php&path=/home/aashishs/manishjhanepal.com.np HTTP/2" 200 12388 "-" "meta-externalagent/1.1 (+https://developers.facebook.com/docs/sharing/webmasters/crawler)"
57.141.20.30 - - [09/Jun/2026:18:30:46 +0545] "GET /shop/mucuna/stull013056213241?fileloc=/home/aashishs/manishjhanepal.com.np/wp-includes/pluggable.php&path=/home/aashishs/manishjhanepal.com.np/wp-includes HTTP/2" 403 787 "-" "meta-externalagent/1.1 (+https://developers.facebook.com/docs/sharing/webmasters/crawler)"
57.141.20.70 - - [09/Jun/2026:18:30:46 +0545] "GET /sitemap-subitems-1143.xml?fileloc=/home/aashishs/etc/aashishshah.com.np/mail.rcube.db.1771963588&path=/home/aashishs/etc/aashishshah.com.np HTTP/2" 200 485019 "-" "meta-externalagent/1.1 (+https://developers.facebook.com/docs/sharing/webmasters/crawler)"
57.141.20.7 - - [09/Jun/2026:18:30:46 +0545] "GET /shop/mucuna/stull013056213241?path=//opt HTTP/2" 403 787 "-" "meta-externalagent/1.1 (+https://developers.facebook.com/docs/sharing/webmasters/crawler)"
57.141.20.16 - - [09/Jun/2026:18:30:47 +0545] "GET /shop/mucuna/stull013056213241?fileloc=/home/aashishs/manishjhanepal.com.np/wp-admin/edit-comments.php&path=/home/aashishs/manishjhanepal.com.np/wp-admin HTTP/2" 403 787 "-" "meta-externalagent/1.1 (+https://developers.facebook.com/docs/sharing/webmasters/crawler)"
57.141.20.71 - - [09/Jun/2026:18:30:50 +0545] "GET /shop/mucuna/stull013056213241?fileloc=/home/aashishs/manishjhanepal.com.np/wp-includes/class-wp-block-editor-context.php&path=/home/aashishs/manishjhanepal.com.np/wp-includes HTTP/2" 403 787 "-" "meta-externalagent/1.1 (+https://developers.facebook.com/docs/sharing/webmasters/crawler)"
85.208.96.200 - - [09/Jun/2026:18:30:50 +0545] "GET /9431180612.htm HTTP/1.1" 200 5577 "-" "Mozilla/5.0 (compatible; SemrushBot/7~bl; +http://www.semrush.com/bot.html)"
57.141.20.68 - - [09/Jun/2026:18:30:50 +0545] "GET /sitemap-subitems-1143.xml?fileloc=/home/aashishs/.wp-toolkit/backups/pucci.php&path=/home/aashishs/.wp-toolkit/backups HTTP/2" 200 12429 "-" "meta-externalagent/1.1 (+https://developers.facebook.com/docs/sharing/webmasters/crawler)"
57.141.20.61 - - [09/Jun/2026:18:30:50 +0545] "GET /sitemap358.xml?path=/home/aashishs/manishjhanepal.com.np/wp-content HTTP/2" 200 61730 "-" "meta-externalagent/1.1 (+https://developers.facebook.com/docs/sharing/webmasters/crawler)"
57.141.20.41 - - [09/Jun/2026:18:30:51 +0545] "GET /shop/mucuna/stull013056213241?path=/home/aashishs/.cphorde HTTP/2" 403 787 "-" "meta-externalagent/1.1 (+https://developers.facebook.com/docs/sharing/webmasters/crawler)"
57.141.20.6 - - [09/Jun/2026:18:30:51 +0545] "GET /shop/mucuna/stull013056213241?fileloc=/home/aashishs/manishjhanepal.com.np/wp-includes/spl-autoload-compat.php&path=/home/aashishs/manishjhanepal.com.np/wp-includes HTTP/2" 403 787 "-" "meta-externalagent/1.1 (+https://developers.facebook.com/docs/sharing/webmasters/crawler)"
57.141.20.60 - - [09/Jun/2026:18:30:51 +0545] "GET /shop/mucuna/stull013056213241?path=/home/aashishs/.cagefs HTTP/2" 403 787 "-" "meta-externalagent/1.1 (+https://developers.facebook.com/docs/sharing/webmasters/crawler)"
57.141.20.20 - - [09/Jun/2026:18:30:52 +0545] "GET /shop/mucuna/stull013056213241?fileloc=/home/aashishs/manishjhanepal.com.np/wp-includes/query.php&path=/home/aashishs/manishjhanepal.com.np/wp-includes HTTP/2" 200 51307 "-" "meta-externalagent/1.1 (+https://developers.facebook.com/docs/sharing/webmasters/crawler)"
57.141.20.67 - - [09/Jun/2026:18:30:52 +0545] "GET /shop/mucuna/stull013056213241?fileloc=/home/aashishs/manishjhanepal.com.np/wp-includes/cache.php&path=/home/aashishs/manishjhanepal.com.np/wp-includes HTTP/2" 403 787 "-" "meta-externalagent/1.1 (+https://developers.facebook.com/docs/sharing/webmasters/crawler)"
57.141.20.17 - - [09/Jun/2026:18:30:34 +0545] "GET /shop/mucuna/stull013056213241?fileloc=/home/aashishs/manishjhanepal.com.np/wp-includes/functions.wp-scripts.php&path=/home/aashishs/manishjhanepal.com.np/wp-includes HTTP/2" 403 787 "-" "meta-externalagent/1.1 (+https://developers.facebook.com/docs/sharing/webmasters/crawler)"
57.141.20.20 - - [09/Jun/2026:18:30:35 +0545] "GET /sitemap358.xml?fileloc=/home/aashishs/manishjhanepal.com.np/wp-login.php&path=/home/aashishs/manishjhanepal.com.np HTTP/2" 200 75406 "-" "meta-externalagent/1.1 (+https://developers.facebook.com/docs/sharing/webmasters/crawler)"
57.141.20.38 - - [09/Jun/2026:18:30:36 +0545] "GET /shop/mucuna/stull013056213241?path=/home/aashishs/.gnupg HTTP/2" 403 787 "-" "meta-externalagent/1.1 (+https://developers.facebook.com/docs/sharing/webmasters/crawler)"
57.141.20.61 - - [09/Jun/2026:18:30:37 +0545] "GET /shop/mucuna/stull013056213241?fileloc=/home/aashishs/manishjhanepal.com.np/wp-includes/class-snoopy.php&path=/home/aashishs/manishjhanepal.com.np/wp-includes HTTP/2" 403 787 "-" "meta-externalagent/1.1 (+https://developers.facebook.com/docs/sharing/webmasters/crawler)"
57.141.20.16 - - [09/Jun/2026:18:30:40 +0545] "GET /sitemap-subitems-1143.xml?fileloc=/home/aashishs/.cagefs/tmp/.bh_vlock_fc26329eba&path=/home/aashishs/.cagefs/tmp HTTP/2" 200 12422 "-" "meta-externalagent/1.1 (+https://developers.facebook.com/docs/sharing/webmasters/crawler)"
57.141.20.6 - - [09/Jun/2026:18:30:40 +0545] "GET /sitemap-subitems-1143.xml?fileloc=/home/aashishs/etc/aashishshah.com.np/mail.rcube.db.1766261174&path=/home/aashishs/etc/aashishshah.com.np HTTP/2" 200 485019 "-" "meta-externalagent/1.1 (+https://developers.facebook.com/docs/sharing/webmasters/crawler)"
57.141.20.60 - - [09/Jun/2026:18:30:43 +0545] "GET /shop/mucuna/stull013056213241?fileloc=/home/aashishs/manishjhanepal.com.np/wp-includes/class-wp-editor.php&path=/home/aashishs/manishjhanepal.com.np/wp-includes HTTP/2" 403 787 "-" "meta-externalagent/1.1 (+https://developers.facebook.com/docs/sharing/webmasters/crawler)"
57.141.20.16 - - [09/Jun/2026:18:30:43 +0545] "GET /shop/mucuna/stull013056213241?fileloc=/home/aashishs/manishjhanepal.com.np/wp-includes/class-wp-image-editor.php&path=/home/aashishs/manishjhanepal.com.np/wp-includes HTTP/2" 403 787 "-" "meta-externalagent/1.1 (+https://developers.facebook.com/docs/sharing/webmasters/crawler)"
57.141.20.16 - - [09/Jun/2026:18:30:44 +0545] "GET /shop/mucuna/stull013056213241?path=/home/aashishs/.cache HTTP/2" 403 787 "-" "meta-externalagent/1.1 (+https://developers.facebook.com/docs/sharing/webmasters/crawler)"
57.141.20.16 - - [09/Jun/2026:18:30:47 +0545] "GET /shop/mucuna/stull013056213241?fileloc=/home/aashishs/manishjhanepal.com.np/wp-admin/async-upload.php&path=/home/aashishs/manishjhanepal.com.np/wp-admin HTTP/2" 403 787 "-" "meta-externalagent/1.1 (+https://developers.facebook.com/docs/sharing/webmasters/crawler)"
57.141.20.34 - - [09/Jun/2026:18:30:51 +0545] "GET /sitemap358.xml?fileloc=/home/aashishs/manishjhanepal.com.np/wp-comments-post.php&path=/home/aashishs/manishjhanepal.com.np HTTP/2" 200 15068 "-" "meta-externalagent/1.1 (+https://developers.facebook.com/docs/sharing/webmasters/crawler)"
57.141.20.60 - - [09/Jun/2026:18:30:53 +0545] "GET /shop/mucuna/stull013056213241?fileloc=/home/aashishs/manishjhanepal.com.np/wp-admin/ms-sites.php&path=/home/aashishs/manishjhanepal.com.np/wp-admin HTTP/2" 403 787 "-" "meta-externalagent/1.1 (+https://developers.facebook.com/docs/sharing/webmasters/crawler)"
57.141.20.34 - - [09/Jun/2026:18:30:54 +0545] "GET /sitemap-subitems-1143.xml?fileloc=/home/aashishs/etc/aashishshah.com.np/mail.rcube.db&path=/home/aashishs/etc/aashishshah.com.np HTTP/2" 200 485008 "-" "meta-externalagent/1.1 (+https://developers.facebook.com/docs/sharing/webmasters/crawler)"
57.141.20.52 - - [09/Jun/2026:18:30:59 +0545] "GET /sitemap-subitems-1143.xml?path=/home/aashishs/.cagefs/tmp/pip-unpack-1xp0d90g HTTP/2" 200 12881 "-" "meta-externalagent/1.1 (+https://developers.facebook.com/docs/sharing/webmasters/crawler)"
57.141.20.6 - - [09/Jun/2026:18:30:32 +0545] "GET /shop/mucuna/stull013056213241?fileloc=/home/aashishs/backup-9.15.2023_16-58-19_aashishs.tar.gz&path=/home/aashishs HTTP/2" 403 787 "-" "meta-externalagent/1.1 (+https://developers.facebook.com/docs/sharing/webmasters/crawler)"
57.141.20.25 - - [09/Jun/2026:18:30:33 +0545] "GET /sitemap358.xml?path=/ HTTP/2" 200 30409 "-" "meta-externalagent/1.1 (+https://developers.facebook.com/docs/sharing/webmasters/crawler)"
57.141.20.29 - - [09/Jun/2026:18:30:34 +0545] "GET /shop/mucuna/stull013056213241?fileloc=/home/aashishs/manishjhanepal.com.np/wp-includes/class-wp-textdomain-registry.php&path=/home/aashishs/manishjhanepal.com.np/wp-includes HTTP/2" 403 787 "-" "meta-externalagent/1.1 (+https://developers.facebook.com/docs/sharing/webmasters/crawler)"
57.141.20.17 - - [09/Jun/2026:18:30:35 +0545] "GET /shop/wallabee/reseizer014157705086 HTTP/2" 403 787 "-" "meta-externalagent/1.1 (+https://developers.facebook.com/docs/sharing/webmasters/crawler)"
57.141.20.8 - - [09/Jun/2026:18:30:39 +0545] "GET /shop/mucuna/stull013056213241?fileloc=/home/aashishs/manishjhanepal.com.np/wp-includes/class-wp-xmlrpc-server.php&path=/home/aashishs/manishjhanepal.com.np/wp-includes HTTP/2" 403 787 "-" "meta-externalagent/1.1 (+https://developers.facebook.com/docs/sharing/webmasters/crawler)"
57.141.20.3 - - [09/Jun/2026:18:30:39 +0545] "GET /sitemap358.xml?path=/home/aashishs/manishjhanepal.com.np/wp-includes HTTP/2" 200 479537 "-" "meta-externalagent/1.1 (+https://developers.facebook.com/docs/sharing/webmasters/crawler)"
57.141.20.8 - - [09/Jun/2026:18:30:42 +0545] "GET /shop/mucuna/stull013056213241?fileloc=/home/aashishs/manishjhanepal.com.np/wp-includes/version.php&path=/home/aashishs/manishjhanepal.com.np/wp-includes HTTP/2" 403 787 "-" "meta-externalagent/1.1 (+https://developers.facebook.com/docs/sharing/webmasters/crawler)"
57.141.20.5 - - [09/Jun/2026:18:30:44 +0545] "GET /shop/mucuna/stull013056213241?path=/home/aashishs/manishjhanepal.com.np/wp-includes/block-bindings HTTP/2" 403 787 "-" "meta-externalagent/1.1 (+https://developers.facebook.com/docs/sharing/webmasters/crawler)"
57.141.20.1 - - [09/Jun/2026:18:30:45 +0545] "GET /sitemap-subitems-1143.xml?fileloc=/home/aashishs/etc/aashishshah.com.np/mail.rcube.db.1775592371&path=/home/aashishs/etc/aashishshah.com.np HTTP/2" 200 485019 "-" "meta-externalagent/1.1 (+https://developers.facebook.com/docs/sharing/webmasters/crawler)"
57.141.20.32 - - [09/Jun/2026:18:30:47 +0545] "GET /shop/mucuna/stull013056213241?path=/home/aashishs/manishjhanepal.com.np/wp-includes/collaboration HTTP/2" 403 787 "-" "meta-externalagent/1.1 (+https://developers.facebook.com/docs/sharing/webmasters/crawler)"
57.141.20.31 - - [09/Jun/2026:18:30:56 +0545] "GET /shop/mucuna/stull013056213241?fileloc=/home/aashishs/manishjhanepal.com.np/wp-includes/sitemaps.php&path=/home/aashishs/manishjhanepal.com.np/wp-includes HTTP/2" 403 787 "-" "meta-externalagent/1.1 (+https://developers.facebook.com/docs/sharing/webmasters/crawler)"
57.141.20.42 - - [09/Jun/2026:18:30:58 +0545] "GET /sitemap-subitems-1143.xml?fileloc=/home/aashishs/etc/aashishshah.com.np/passwd&path=/home/aashishs/etc/aashishshah.com.np HTTP/2" 200 12427 "-" "meta-externalagent/1.1 (+https://developers.facebook.com/docs/sharing/webmasters/crawler)"
57.141.20.8 - - [09/Jun/2026:18:30:58 +0545] "GET /sitemap-subitems-1143.xml?fileloc=/home/aashishs/etc/aashishshah.com.np/pucci.php&path=/home/aashishs/etc/aashishshah.com.np HTTP/2" 200 12430 "-" "meta-externalagent/1.1 (+https://developers.facebook.com/docs/sharing/webmasters/crawler)"
57.141.20.45 - - [09/Jun/2026:18:31:00 +0545] "GET /shop/mucuna/stull013056213241?fileloc=/home/aashishs/manishjhanepal.com.np/wp-includes/class-wp-metadata-lazyloader.php&path=/home/aashishs/manishjhanepal.com.np/wp-includes HTTP/2" 403 787 "-" "meta-externalagent/1.1 (+https://developers.facebook.com/docs/sharing/webmasters/crawler)"
57.141.20.8 - - [09/Jun/2026:18:30:49 +0545] "GET /shop/mucuna/stull013056213241?fileloc=/home/aashishs/manishjhanepal.com.np/wp-includes/class-wp-recovery-mode-cookie-service.php&path=/home/aashishs/manishjhanepal.com.np/wp-includes HTTP/2" 403 787 "-" "meta-externalagent/1.1 (+https://developers.facebook.com/docs/sharing/webmasters/crawler)"
57.141.20.21 - - [09/Jun/2026:18:30:50 +0545] "GET /shop/mucuna/stull013056213241?fileloc=/home/aashishs/manishjhanepal.com.np/wp-includes/class-wp-locale-switcher.php&path=/home/aashishs/manishjhanepal.com.np/wp-includes HTTP/2" 403 787 "-" "meta-externalagent/1.1 (+https://developers.facebook.com/docs/sharing/webmasters/crawler)"
57.141.20.18 - - [09/Jun/2026:18:30:51 +0545] "GET /sitemap-subitems-1143.xml?fileloc=/home/aashishs/etc/aashishshah.com.np/mail.rcube.db.latest&path=/home/aashishs/etc/aashishshah.com.np HTTP/2" 200 485015 "-" "meta-externalagent/1.1 (+https://developers.facebook.com/docs/sharing/webmasters/crawler)"
57.141.20.49 - - [09/Jun/2026:18:30:54 +0545] "GET /shop/mucuna/stull013056213241?path=//tmp HTTP/2" 403 787 "-" "meta-externalagent/1.1 (+https://developers.facebook.com/docs/sharing/webmasters/crawler)"
57.141.20.27 - - [09/Jun/2026:18:30:54 +0545] "GET /shop/mucuna/stull013056213241?fileloc=/home/aashishs/manishjhanepal.com.np/wp-includes/class-wp-ajax-response.php&path=/home/aashishs/manishjhanepal.com.np/wp-includes HTTP/2" 403 787 "-" "meta-externalagent/1.1 (+https://developers.facebook.com/docs/sharing/webmasters/crawler)"
57.141.20.64 - - [09/Jun/2026:18:30:55 +0545] "GET /shop/mucuna/stull013056213241?fileloc=/home/aashishs/manishjhanepal.com.np/wp-includes/error_log&path=/home/aashishs/manishjhanepal.com.np/wp-includes HTTP/2" 403 787 "-" "meta-externalagent/1.1 (+https://developers.facebook.com/docs/sharing/webmasters/crawler)"
57.141.20.68 - - [09/Jun/2026:18:30:56 +0545] "GET /shop/hypnum/liberality012530634456 HTTP/2" 200 79018 "-" "meta-externalagent/1.1 (+https://developers.facebook.com/docs/sharing/webmasters/crawler)"
185.191.171.7 - - [09/Jun/2026:18:30:56 +0545] "GET /94311105547.htm HTTP/1.1" 200 5577 "-" "Mozilla/5.0 (compatible; SemrushBot/7~bl; +http://www.semrush.com/bot.html)"
57.141.20.43 - - [09/Jun/2026:18:30:57 +0545] "GET /shop/mucuna/stull013056213241?path=/home/aashishs/savyajewelry.com HTTP/2" 403 787 "-" "meta-externalagent/1.1 (+https://developers.facebook.com/docs/sharing/webmasters/crawler)"
57.141.20.61 - - [09/Jun/2026:18:30:58 +0545] "GET /shop/mucuna/stull013056213241?path=/home/aashishs/access-logs HTTP/2" 403 787 "-" "meta-externalagent/1.1 (+https://developers.facebook.com/docs/sharing/webmasters/crawler)"
57.141.20.71 - - [09/Jun/2026:18:30:59 +0545] "GET /shop/mucuna/stull013056213241?fileloc=/home/aashishs/manishjhanepal.com.np/wp-includes/ms-blogs.php&path=/home/aashishs/manishjhanepal.com.np/wp-includes HTTP/2" 403 787 "-" "meta-externalagent/1.1 (+https://developers.facebook.com/docs/sharing/webmasters/crawler)"
57.141.20.13 - - [09/Jun/2026:18:30:59 +0545] "GET /shop/mucuna/stull013056213241?fileloc=/home/aashishs/manishjhanepal.com.np/wp-admin/load-scripts.php&path=/home/aashishs/manishjhanepal.com.np/wp-admin HTTP/2" 403 787 "-" "meta-externalagent/1.1 (+https://developers.facebook.com/docs/sharing/webmasters/crawler)"
57.141.20.14 - - [09/Jun/2026:18:31:03 +0545] "GET /sitemap473.xml?fileloc=/home/aashishs/manishjhanepal.com.np/googlef15fc659d89a2145.html&path=/home/aashishs/manishjhanepal.com.np HTTP/2" 200 12460 "-" "meta-externalagent/1.1 (+https://developers.facebook.com/docs/sharing/webmasters/crawler)"
57.141.20.65 - - [09/Jun/2026:18:31:05 +0545] "GET /shop/mucuna/stull013056213241?fileloc=/home/aashishs/manishjhanepal.com.np/wp-admin/export-personal-data.php&path=/home/aashishs/manishjhanepal.com.np/wp-admin HTTP/2" 403 787 "-" "meta-externalagent/1.1 (+https://developers.facebook.com/docs/sharing/webmasters/crawler)"
57.141.20.16 - - [09/Jun/2026:18:30:53 +0545] "GET /shop/mucuna/stull013056213241?fileloc=/home/aashishs/manishjhanepal.com.np/wp-includes/class-wp-customize-control.php&path=/home/aashishs/manishjhanepal.com.np/wp-includes HTTP/2" 403 787 "-" "meta-externalagent/1.1 (+https://developers.facebook.com/docs/sharing/webmasters/crawler)"
57.141.20.28 - - [09/Jun/2026:18:30:54 +0545] "GET /shop/mucuna/stull013056213241?fileloc=/home/aashishs/manishjhanepal.com.np/wp-includes/class-phpass.php&path=/home/aashishs/manishjhanepal.com.np/wp-includes HTTP/2" 403 787 "-" "meta-externalagent/1.1 (+https://developers.facebook.com/docs/sharing/webmasters/crawler)"
57.141.20.59 - - [09/Jun/2026:18:30:55 +0545] "GET /sitemap-subitems-1143.xml?path=/home/aashishs/etc/aashishshah.com.np/@pwcache HTTP/2" 200 14426 "-" "meta-externalagent/1.1 (+https://developers.facebook.com/docs/sharing/webmasters/crawler)"
57.141.20.17 - - [09/Jun/2026:18:30:56 +0545] "GET /shop/mucuna/stull013056213241?fileloc=/home/aashishs/manishjhanepal.com.np/wp-includes/class-http.php&path=/home/aashishs/manishjhanepal.com.np/wp-includes HTTP/2" 403 787 "-" "meta-externalagent/1.1 (+https://developers.facebook.com/docs/sharing/webmasters/crawler)"
57.141.20.70 - - [09/Jun/2026:18:30:56 +0545] "GET /sitemap-subitems-1143.xml?fileloc=/home/aashishs/etc/aashishshah.com.np/shadow&path=/home/aashishs/etc/aashishshah.com.np HTTP/2" 200 12427 "-" "meta-externalagent/1.1 (+https://developers.facebook.com/docs/sharing/webmasters/crawler)"
57.141.20.56 - - [09/Jun/2026:18:30:57 +0545] "GET /sitemap358.xml?path=/home/aashishs/manishjhanepal.com.np/.wp-cli HTTP/2" 200 17345 "-" "meta-externalagent/1.1 (+https://developers.facebook.com/docs/sharing/webmasters/crawler)"
57.141.20.54 - - [09/Jun/2026:18:31:01 +0545] "GET /sitemap473.xml?fileloc=/home/aashishs/manishjhanepal.com.np/p.php&path=/home/aashishs/manishjhanepal.com.np HTTP/2" 200 12384 "-" "meta-externalagent/1.1 (+https://developers.facebook.com/docs/sharing/webmasters/crawler)"
57.141.20.69 - - [09/Jun/2026:18:31:02 +0545] "GET /sitemap473.xml?fileloc=/home/aashishs/manishjhanepal.com.np/wp-trackback.php&path=/home/aashishs/manishjhanepal.com.np HTTP/2" 200 18505 "-" "meta-externalagent/1.1 (+https://developers.facebook.com/docs/sharing/webmasters/crawler)"
57.141.20.52 - - [09/Jun/2026:18:31:04 +0545] "GET /sitemap473.xml?fileloc=/home/aashishs/manishjhanepal.com.np/wp-cron.php&path=/home/aashishs/manishjhanepal.com.np HTTP/2" 200 18352 "-" "meta-externalagent/1.1 (+https://developers.facebook.com/docs/sharing/webmasters/crawler)"
57.141.20.16 - - [09/Jun/2026:18:31:04 +0545] "GET /sitemap473.xml?fileloc=/home/aashishs/manishjhanepal.com.np/adminfuns.php&path=/home/aashishs/manishjhanepal.com.np HTTP/2" 200 12392 "-" "meta-externalagent/1.1 (+https://developers.facebook.com/docs/sharing/webmasters/crawler)"
57.141.20.49 - - [09/Jun/2026:18:31:04 +0545] "GET /sitemap473.xml?fileloc=/home/aashishs/manishjhanepal.com.np/radio.php&path=/home/aashishs/manishjhanepal.com.np HTTP/2" 200 12388 "-" "meta-externalagent/1.1 (+https://developers.facebook.com/docs/sharing/webmasters/crawler)"
57.141.20.54 - - [09/Jun/2026:18:31:05 +0545] "GET /sitemap473.xml?fileloc=/home/aashishs/manishjhanepal.com.np/wp-config-sample.php&path=/home/aashishs/manishjhanepal.com.np HTTP/2" 200 16116 "-" "meta-externalagent/1.1 (+https://developers.facebook.com/docs/sharing/webmasters/crawler)"
57.141.20.65 - - [09/Jun/2026:18:31:06 +0545] "GET /sitemap473.xml?path=/home/aashishs/manishjhanepal.com.np/cgi-bin HTTP/2" 200 20465 "-" "meta-externalagent/1.1 (+https://developers.facebook.com/docs/sharing/webmasters/crawler)"
57.141.20.1 - - [09/Jun/2026:18:31:08 +0545] "GET /sitemap473.xml?fileloc=/home/aashishs/manishjhanepal.com.np/wp-signup.php&path=/home/aashishs/manishjhanepal.com.np HTTP/2" 200 54005 "-" "meta-externalagent/1.1 (+https://developers.facebook.com/docs/sharing/webmasters/crawler)"
57.141.20.42 - - [09/Jun/2026:18:31:00 +0545] "GET /sitemap473.xml?fileloc=/home/aashishs/manishjhanepal.com.np/features.php&path=/home/aashishs/manishjhanepal.com.np HTTP/2" 200 12391 "-" "meta-externalagent/1.1 (+https://developers.facebook.com/docs/sharing/webmasters/crawler)"
57.141.20.69 - - [09/Jun/2026:18:31:02 +0545] "GET /sitemap473.xml?fileloc=/home/aashishs/manishjhanepal.com.np/license.txt&path=/home/aashishs/manishjhanepal.com.np HTTP/2" 200 32472 "-" "meta-externalagent/1.1 (+https://developers.facebook.com/docs/sharing/webmasters/crawler)"
57.141.20.16 - - [09/Jun/2026:18:31:02 +0545] "GET /sitemap473.xml?fileloc=/home/aashishs/manishjhanepal.com.np/inputs.php&path=/home/aashishs/manishjhanepal.com.np HTTP/2" 200 12389 "-" "meta-externalagent/1.1 (+https://developers.facebook.com/docs/sharing/webmasters/crawler)"
57.141.20.28 - - [09/Jun/2026:18:31:07 +0545] "GET /sitemap473.xml?path=/ HTTP/2" 200 30409 "-" "meta-externalagent/1.1 (+https://developers.facebook.com/docs/sharing/webmasters/crawler)"
185.191.171.5 - - [09/Jun/2026:18:31:08 +0545] "GET /94311172465.htm HTTP/1.1" 200 5542 "-" "Mozilla/5.0 (compatible; SemrushBot/7~bl; +http://www.semrush.com/bot.html)"
57.141.20.12 - - [09/Jun/2026:18:31:08 +0545] "GET /sitemap473.xml?fileloc=/home/aashishs/manishjhanepal.com.np/php.php&path=/home/aashishs/manishjhanepal.com.np HTTP/2" 200 12386 "-" "meta-externalagent/1.1 (+https://developers.facebook.com/docs/sharing/webmasters/crawler)"
57.141.20.0 - - [09/Jun/2026:18:31:09 +0545] "GET /sitemap473.xml?fileloc=/home/aashishs/manishjhanepal.com.np/edit-tags.php&path=/home/aashishs/manishjhanepal.com.np HTTP/2" 200 12392 "-" "meta-externalagent/1.1 (+https://developers.facebook.com/docs/sharing/webmasters/crawler)"
57.141.20.16 - - [09/Jun/2026:18:31:10 +0545] "GET /sitemap473.xml?path=/home/aashishs/manishjhanepal.com.np/.tmb HTTP/2" 200 15902 "-" "meta-externalagent/1.1 (+https://developers.facebook.com/docs/sharing/webmasters/crawler)"
57.141.20.30 - - [09/Jun/2026:18:31:11 +0545] "GET /sitemap473.xml?fileloc=/home/aashishs/manishjhanepal.com.np/wp-mail.php&path=/home/aashishs/manishjhanepal.com.np HTTP/2" 200 22287 "-" "meta-externalagent/1.1 (+https://developers.facebook.com/docs/sharing/webmasters/crawler)"
57.141.20.12 - - [09/Jun/2026:18:31:12 +0545] "GET /sitemap473.xml?fileloc=/home/aashishs/manishjhanepal.com.np/wp-settings.php&path=/home/aashishs/manishjhanepal.com.np HTTP/2" 200 48798 "-" "meta-externalagent/1.1 (+https://developers.facebook.com/docs/sharing/webmasters/crawler)"
57.141.20.5 - - [09/Jun/2026:18:31:13 +0545] "GET /sitemap473.xml?fileloc=/home/aashishs/manishjhanepal.com.np/wp-comments-post.php&path=/home/aashishs/manishjhanepal.com.np HTTP/2" 200 15068 "-" "meta-externalagent/1.1 (+https://developers.facebook.com/docs/sharing/webmasters/crawler)"
57.141.20.67 - - [09/Jun/2026:18:31:15 +0545] "GET /sitemap473.xml?fileloc=/home/aashishs/manishjhanepal.com.np/.htaccess&path=/home/aashishs/manishjhanepal.com.np HTTP/2" 200 12604 "-" "meta-externalagent/1.1 (+https://developers.facebook.com/docs/sharing/webmasters/crawler)"
57.141.20.16 - - [09/Jun/2026:18:31:16 +0545] "GET /sitemap615.xml?fileloc=/home/aashishs/manishjhanepal.com.np/wp-trackback.php&path=/home/aashishs/manishjhanepal.com.np HTTP/2" 200 18505 "-" "meta-externalagent/1.1 (+https://developers.facebook.com/docs/sharing/webmasters/crawler)"
57.141.20.3 - - [09/Jun/2026:18:31:17 +0545] "GET /sitemap615.xml?fileloc=/home/aashishs/manishjhanepal.com.np/wp-login.php&path=/home/aashishs/manishjhanepal.com.np HTTP/2" 200 75406 "-" "meta-externalagent/1.1 (+https://developers.facebook.com/docs/sharing/webmasters/crawler)"
57.141.20.54 - - [09/Jun/2026:18:31:18 +0545] "GET /sitemap615.xml?path=/home/aashishs/manishjhanepal.com.np/.wp-cli HTTP/2" 200 17345 "-" "meta-externalagent/1.1 (+https://developers.facebook.com/docs/sharing/webmasters/crawler)"
57.141.20.43 - - [09/Jun/2026:18:31:00 +0545] "GET /shop/mucuna/stull013056213241?path=/home/aashishs/youthclimatecatalyst.info HTTP/2" 403 787 "-" "meta-externalagent/1.1 (+https://developers.facebook.com/docs/sharing/webmasters/crawler)"
57.141.20.7 - - [09/Jun/2026:18:31:02 +0545] "GET /sitemap-subitems-1143.xml?path=/home/aashishs/.cagefs/tmp/X11M-onix HTTP/2" 200 14266 "-" "meta-externalagent/1.1 (+https://developers.facebook.com/docs/sharing/webmasters/crawler)"
57.141.20.57 - - [09/Jun/2026:18:31:03 +0545] "GET /sitemap473.xml?fileloc=/home/aashishs/manishjhanepal.com.np/wp-links-opml.php&path=/home/aashishs/manishjhanepal.com.np HTTP/2" 200 15445 "-" "meta-externalagent/1.1 (+https://developers.facebook.com/docs/sharing/webmasters/crawler)"
57.141.20.33 - - [09/Jun/2026:18:31:03 +0545] "GET /sitemap473.xml?path=/home/aashishs/manishjhanepal.com.np HTTP/2" 200 79018 "-" "meta-externalagent/1.1 (+https://developers.facebook.com/docs/sharing/webmasters/crawler)"
57.141.20.68 - - [09/Jun/2026:18:31:04 +0545] "GET /sitemap473.xml?fileloc=/home/aashishs/manishjhanepal.com.np/wp-activate.php&path=/home/aashishs/manishjhanepal.com.np HTTP/2" 200 21389 "-" "meta-externalagent/1.1 (+https://developers.facebook.com/docs/sharing/webmasters/crawler)"
57.141.20.13 - - [09/Jun/2026:18:31:05 +0545] "GET /sitemap473.xml?fileloc=/home/aashishs/manishjhanepal.com.np/eetu.php&path=/home/aashishs/manishjhanepal.com.np HTTP/2" 200 12387 "-" "meta-externalagent/1.1 (+https://developers.facebook.com/docs/sharing/webmasters/crawler)"
57.141.20.28 - - [09/Jun/2026:18:31:06 +0545] "GET /shop/mucuna/stull013056213241?fileloc=/home/aashishs/manishjhanepal.com.np/wp-includes/class-wp-fatal-error-handler.php&path=/home/aashishs/manishjhanepal.com.np/wp-includes HTTP/2" 403 787 "-" "meta-externalagent/1.1 (+https://developers.facebook.com/docs/sharing/webmasters/crawler)"
57.141.20.25 - - [09/Jun/2026:18:31:06 +0545] "GET /shop/mucuna/stull013056213241?fileloc=/home/aashishs/.cloud-locale-test.skip&path=/home/aashishs HTTP/2" 403 787 "-" "meta-externalagent/1.1 (+https://developers.facebook.com/docs/sharing/webmasters/crawler)"
57.141.20.16 - - [09/Jun/2026:18:31:07 +0545] "GET /sitemap473.xml?fileloc=/home/aashishs/manishjhanepal.com.np/index.php&path=/home/aashishs/manishjhanepal.com.np HTTP/2" 200 12821 "-" "meta-externalagent/1.1 (+https://developers.facebook.com/docs/sharing/webmasters/crawler)"
57.141.20.3 - - [09/Jun/2026:18:31:12 +0545] "GET /sitemap473.xml?fileloc=/home/aashishs/manishjhanepal.com.np/error_log&path=/home/aashishs/manishjhanepal.com.np HTTP/2" 200 26399 "-" "meta-externalagent/1.1 (+https://developers.facebook.com/docs/sharing/webmasters/crawler)"
57.141.20.38 - - [09/Jun/2026:18:31:12 +0545] "GET /sitemap473.xml?fileloc=/home/aashishs/manishjhanepal.com.np/style.php&path=/home/aashishs/manishjhanepal.com.np HTTP/2" 200 12388 "-" "meta-externalagent/1.1 (+https://developers.facebook.com/docs/sharing/webmasters/crawler)"
57.141.20.52 - - [09/Jun/2026:18:31:14 +0545] "GET /sitemap473.xml?fileloc=/home/aashishs/manishjhanepal.com.np/ex.php&path=/home/aashishs/manishjhanepal.com.np HTTP/2" 200 12385 "-" "meta-externalagent/1.1 (+https://developers.facebook.com/docs/sharing/webmasters/crawler)"
57.141.20.6 - - [09/Jun/2026:18:31:15 +0545] "GET /sitemap473.xml?fileloc=/home/aashishs/manishjhanepal.com.np/about.php&path=/home/aashishs/manishjhanepal.com.np HTTP/2" 200 12388 "-" "meta-externalagent/1.1 (+https://developers.facebook.com/docs/sharing/webmasters/crawler)"
57.141.20.41 - - [09/Jun/2026:18:31:16 +0545] "GET /sitemap-subitems-1488.xml?fileloc=/home/aashishs/manishjhanepal.com.np/wp-admin/includes/wp/.htaccess&path=/home/aashishs/manishjhanepal.com.np/wp-admin/includes/wp HTTP/2" 200 12798 "-" "meta-externalagent/1.1 (+https://developers.facebook.com/docs/sharing/webmasters/crawler)"
57.141.20.2 - - [09/Jun/2026:18:31:10 +0545] "GET /sitemap473.xml?fileloc=/home/aashishs/manishjhanepal.com.np/wp-blog-header.php&path=/home/aashishs/manishjhanepal.com.np HTTP/2" 200 12771 "-" "meta-externalagent/1.1 (+https://developers.facebook.com/docs/sharing/webmasters/crawler)"
57.141.20.8 - - [09/Jun/2026:18:31:11 +0545] "GET /sitemap473.xml?path=/home/aashishs HTTP/2" 200 92244 "-" "meta-externalagent/1.1 (+https://developers.facebook.com/docs/sharing/webmasters/crawler)"
57.141.20.5 - - [09/Jun/2026:18:31:12 +0545] "GET /sitemap473.xml?fileloc=/home/aashishs/manishjhanepal.com.np/wp-load.php&path=/home/aashishs/manishjhanepal.com.np HTTP/2" 200 16905 "-" "meta-externalagent/1.1 (+https://developers.facebook.com/docs/sharing/webmasters/crawler)"
57.141.20.70 - - [09/Jun/2026:18:31:14 +0545] "GET /shop/mucuna/stull013056213241?fileloc=/home/aashishs/manishjhanepal.com.np/wp-includes/class-wp-site.php&path=/home/aashishs/manishjhanepal.com.np/wp-includes HTTP/2" 403 787 "-" "meta-externalagent/1.1 (+https://developers.facebook.com/docs/sharing/webmasters/crawler)"
57.141.20.0 - - [09/Jun/2026:18:31:15 +0545] "GET /sitemap473.xml?fileloc=/home/aashishs/manishjhanepal.com.np/readme.html&path=/home/aashishs/manishjhanepal.com.np HTTP/2" 200 21696 "-" "meta-externalagent/1.1 (+https://developers.facebook.com/docs/sharing/webmasters/crawler)"
57.141.20.37 - - [09/Jun/2026:18:31:16 +0545] "GET /sitemap615.xml?fileloc=/home/aashishs/manishjhanepal.com.np/robots.txt&path=/home/aashishs/manishjhanepal.com.np HTTP/2" 200 12490 "-" "meta-externalagent/1.1 (+https://developers.facebook.com/docs/sharing/webmasters/crawler)"
57.141.20.51 - - [09/Jun/2026:18:31:17 +0545] "GET /sitemap615.xml?fileloc=/home/aashishs/manishjhanepal.com.np/wp-config-sample.php&path=/home/aashishs/manishjhanepal.com.np HTTP/2" 200 16116 "-" "meta-externalagent/1.1 (+https://developers.facebook.com/docs/sharing/webmasters/crawler)"
57.141.20.47 - - [09/Jun/2026:18:31:18 +0545] "GET /sitemap615.xml?fileloc=/home/aashishs/manishjhanepal.com.np/features.php&path=/home/aashishs/manishjhanepal.com.np HTTP/2" 200 12391 "-" "meta-externalagent/1.1 (+https://developers.facebook.com/docs/sharing/webmasters/crawler)"
57.141.20.67 - - [09/Jun/2026:18:31:20 +0545] "GET /sitemap615.xml?fileloc=/home/aashishs/manishjhanepal.com.np/wp-settings.php&path=/home/aashishs/manishjhanepal.com.np HTTP/2" 200 48798 "-" "meta-externalagent/1.1 (+https://developers.facebook.com/docs/sharing/webmasters/crawler)"
57.141.20.52 - - [09/Jun/2026:18:31:20 +0545] "GET /sitemap615.xml?fileloc=/home/aashishs/manishjhanepal.com.np/adminfuns.php&path=/home/aashishs/manishjhanepal.com.np HTTP/2" 200 12392 "-" "meta-externalagent/1.1 (+https://developers.facebook.com/docs/sharing/webmasters/crawler)"
57.141.20.56 - - [09/Jun/2026:18:31:20 +0545] "GET /sitemap473.xml?path=/home/aashishs/manishjhanepal.com.np/.well-known HTTP/2" 200 18894 "-" "meta-externalagent/1.1 (+https://developers.facebook.com/docs/sharing/webmasters/crawler)"
57.141.20.44 - - [09/Jun/2026:18:31:23 +0545] "GET /sitemap615.xml?path=/home/aashishs/manishjhanepal.com.np/wp-admin HTTP/2" 200 177261 "-" "meta-externalagent/1.1 (+https://developers.facebook.com/docs/sharing/webmasters/crawler)"
57.141.20.1 - - [09/Jun/2026:18:31:26 +0545] "GET /?shop/g/g91736629415/ HTTP/2" 200 79018 "-" "meta-externalagent/1.1 (+https://developers.facebook.com/docs/sharing/webmasters/crawler)"
185.191.171.4 - - [09/Jun/2026:18:31:27 +0545] "GET /79555272547.htm HTTP/1.1" 200 5577 "-" "Mozilla/5.0 (compatible; SemrushBot/7~bl; +http://www.semrush.com/bot.html)"
57.141.20.62 - - [09/Jun/2026:18:31:27 +0545] "GET /sitemap615.xml?fileloc=/home/aashishs/manishjhanepal.com.np/inputs.php&path=/home/aashishs/manishjhanepal.com.np HTTP/2" 200 12389 "-" "meta-externalagent/1.1 (+https://developers.facebook.com/docs/sharing/webmasters/crawler)"
57.141.20.47 - - [09/Jun/2026:18:31:06 +0545] "GET /sitemap473.xml?fileloc=/home/aashishs/manishjhanepal.com.np/wp-login.php&path=/home/aashishs/manishjhanepal.com.np HTTP/2" 200 75406 "-" "meta-externalagent/1.1 (+https://developers.facebook.com/docs/sharing/webmasters/crawler)"
57.141.20.25 - - [09/Jun/2026:18:31:09 +0545] "GET /sitemap-subitems-1143.xml?fileloc=/home/aashishs/etc/aashishshah.com.np/mail.rcube.db.1780430793&path=/home/aashishs/etc/aashishshah.com.np HTTP/2" 200 485019 "-" "meta-externalagent/1.1 (+https://developers.facebook.com/docs/sharing/webmasters/crawler)"
57.141.20.20 - - [09/Jun/2026:18:31:10 +0545] "GET /sitemap473.xml?fileloc=/home/aashishs/manishjhanepal.com.np/pages.php&path=/home/aashishs/manishjhanepal.com.np HTTP/2" 200 12388 "-" "meta-externalagent/1.1 (+https://developers.facebook.com/docs/sharing/webmasters/crawler)"
57.141.20.45 - - [09/Jun/2026:18:31:11 +0545] "GET /sitemap473.xml?fileloc=/home/aashishs/manishjhanepal.com.np/wp-config.php&path=/home/aashishs/manishjhanepal.com.np HTTP/2" 200 16356 "-" "meta-externalagent/1.1 (+https://developers.facebook.com/docs/sharing/webmasters/crawler)"
57.141.20.58 - - [09/Jun/2026:18:31:13 +0545] "GET /sitemap473.xml?path=/home/aashishs/manishjhanepal.com.np/.wp-cli HTTP/2" 200 17345 "-" "meta-externalagent/1.1 (+https://developers.facebook.com/docs/sharing/webmasters/crawler)"
57.141.20.65 - - [09/Jun/2026:18:31:16 +0545] "GET /sitemap473.xml?fileloc=/home/aashishs/manishjhanepal.com.np/xmlrpc.php&path=/home/aashishs/manishjhanepal.com.np HTTP/2" 200 16262 "-" "meta-externalagent/1.1 (+https://developers.facebook.com/docs/sharing/webmasters/crawler)"
57.141.20.67 - - [09/Jun/2026:18:31:17 +0545] "GET /sitemap615.xml?fileloc=/home/aashishs/manishjhanepal.com.np/pages.php&path=/home/aashishs/manishjhanepal.com.np HTTP/2" 200 12388 "-" "meta-externalagent/1.1 (+https://developers.facebook.com/docs/sharing/webmasters/crawler)"
57.141.20.29 - - [09/Jun/2026:18:31:18 +0545] "GET /sitemap473.xml?path=/home/aashishs/manishjhanepal.com.np/wp-admin HTTP/2" 200 177261 "-" "meta-externalagent/1.1 (+https://developers.facebook.com/docs/sharing/webmasters/crawler)"
57.141.20.52 - - [09/Jun/2026:18:31:19 +0545] "GET /sitemap615.xml?fileloc=/home/aashishs/manishjhanepal.com.np/xmlrpc.php&path=/home/aashishs/manishjhanepal.com.np HTTP/2" 200 16262 "-" "meta-externalagent/1.1 (+https://developers.facebook.com/docs/sharing/webmasters/crawler)"
57.141.20.29 - - [09/Jun/2026:18:31:21 +0545] "GET /sitemap615.xml?path=/home/aashishs HTTP/2" 200 92244 "-" "meta-externalagent/1.1 (+https://developers.facebook.com/docs/sharing/webmasters/crawler)"
57.141.20.55 - - [09/Jun/2026:18:31:22 +0545] "GET /sitemap615.xml?fileloc=/home/aashishs/manishjhanepal.com.np/ex.php&path=/home/aashishs/manishjhanepal.com.np HTTP/2" 200 12385 "-" "meta-externalagent/1.1 (+https://developers.facebook.com/docs/sharing/webmasters/crawler)"
57.141.20.2 - - [09/Jun/2026:18:31:22 +0545] "GET /sitemap615.xml?fileloc=/home/aashishs/manishjhanepal.com.np/about.php&path=/home/aashishs/manishjhanepal.com.np HTTP/2" 200 12388 "-" "meta-externalagent/1.1 (+https://developers.facebook.com/docs/sharing/webmasters/crawler)"
57.141.20.27 - - [09/Jun/2026:18:31:23 +0545] "GET /sitemap615.xml?fileloc=/home/aashishs/manishjhanepal.com.np/readme.html&path=/home/aashishs/manishjhanepal.com.np HTTP/2" 200 21696 "-" "meta-externalagent/1.1 (+https://developers.facebook.com/docs/sharing/webmasters/crawler)"
57.141.20.25 - - [09/Jun/2026:18:31:24 +0545] "GET /sitemap615.xml?path=/home/aashishs/manishjhanepal.com.np/.tmb HTTP/2" 200 15902 "-" "meta-externalagent/1.1 (+https://developers.facebook.com/docs/sharing/webmasters/crawler)"
57.141.20.42 - - [09/Jun/2026:18:31:25 +0545] "GET /sitemap615.xml?path=/home/aashishs/manishjhanepal.com.np/cgi-bin HTTP/2" 200 20465 "-" "meta-externalagent/1.1 (+https://developers.facebook.com/docs/sharing/webmasters/crawler)"
57.141.20.1 - - [09/Jun/2026:18:31:23 +0545] "GET /sitemap615.xml?fileloc=/home/aashishs/manishjhanepal.com.np/wp-config.php&path=/home/aashishs/manishjhanepal.com.np HTTP/2" 200 16356 "-" "meta-externalagent/1.1 (+https://developers.facebook.com/docs/sharing/webmasters/crawler)"
57.141.20.54 - - [09/Jun/2026:18:31:24 +0545] "GET /sitemap615.xml?fileloc=/home/aashishs/manishjhanepal.com.np/wp-load.php&path=/home/aashishs/manishjhanepal.com.np HTTP/2" 200 16905 "-" "meta-externalagent/1.1 (+https://developers.facebook.com/docs/sharing/webmasters/crawler)"
57.141.20.3 - - [09/Jun/2026:18:31:24 +0545] "GET /sitemap615.xml?fileloc=/home/aashishs/manishjhanepal.com.np/php.php&path=/home/aashishs/manishjhanepal.com.np HTTP/2" 200 12386 "-" "meta-externalagent/1.1 (+https://developers.facebook.com/docs/sharing/webmasters/crawler)"
57.141.20.43 - - [09/Jun/2026:18:31:25 +0545] "GET /sitemap615.xml?fileloc=/home/aashishs/manishjhanepal.com.np/wp-comments-post.php&path=/home/aashishs/manishjhanepal.com.np HTTP/2" 200 15068 "-" "meta-externalagent/1.1 (+https://developers.facebook.com/docs/sharing/webmasters/crawler)"
57.141.20.60 - - [09/Jun/2026:18:31:25 +0545] "GET /sitemap615.xml?path=/home/aashishs/manishjhanepal.com.np/.well-known HTTP/2" 200 18894 "-" "meta-externalagent/1.1 (+https://developers.facebook.com/docs/sharing/webmasters/crawler)"
57.141.20.43 - - [09/Jun/2026:18:31:27 +0545] "GET /sitemap615.xml?fileloc=/home/aashishs/manishjhanepal.com.np/wp-blog-header.php&path=/home/aashishs/manishjhanepal.com.np HTTP/2" 200 12771 "-" "meta-externalagent/1.1 (+https://developers.facebook.com/docs/sharing/webmasters/crawler)"
57.141.20.60 - - [09/Jun/2026:18:31:27 +0545] "GET /sitemap615.xml?fileloc=/home/aashishs/manishjhanepal.com.np/index.php&path=/home/aashishs/manishjhanepal.com.np HTTP/2" 200 12821 "-" "meta-externalagent/1.1 (+https://developers.facebook.com/docs/sharing/webmasters/crawler)"
57.141.20.56 - - [09/Jun/2026:18:31:27 +0545] "GET /sitemap473.xml?path=/home/aashishs/manishjhanepal.com.np/wp-includes HTTP/2" 200 479537 "-" "meta-externalagent/1.1 (+https://developers.facebook.com/docs/sharing/webmasters/crawler)"
57.141.20.16 - - [09/Jun/2026:18:31:28 +0545] "GET /sitemap615.xml?path=/home/aashishs/manishjhanepal.com.np HTTP/2" 200 79018 "-" "meta-externalagent/1.1 (+https://developers.facebook.com/docs/sharing/webmasters/crawler)"
57.141.20.38 - - [09/Jun/2026:18:31:29 +0545] "GET /sitemap615.xml?path=/home/aashishs/manishjhanepal.com.np/wp-content HTTP/2" 200 61730 "-" "meta-externalagent/1.1 (+https://developers.facebook.com/docs/sharing/webmasters/crawler)"
57.141.20.18 - - [09/Jun/2026:18:31:29 +0545] "GET /sitemap615.xml?fileloc=/home/aashishs/manishjhanepal.com.np/p.php&path=/home/aashishs/manishjhanepal.com.np HTTP/2" 200 12384 "-" "meta-externalagent/1.1 (+https://developers.facebook.com/docs/sharing/webmasters/crawler)"
57.141.20.26 - - [09/Jun/2026:18:31:34 +0545] "GET /shop/mucuna/stull013056213241?fileloc=/home/aashishs/manishjhanepal.com.np/wp-includes/theme.php&path=/home/aashishs/manishjhanepal.com.np/wp-includes HTTP/2" 403 787 "-" "meta-externalagent/1.1 (+https://developers.facebook.com/docs/sharing/webmasters/crawler)"
57.141.20.44 - - [09/Jun/2026:18:31:35 +0545] "GET /shop/mucuna/stull013056213241?fileloc=/home/aashishs/manishjhanepal.com.np/wp-includes/class-wp-http-encoding.php&path=/home/aashishs/manishjhanepal.com.np/wp-includes HTTP/2" 403 787 "-" "meta-externalagent/1.1 (+https://developers.facebook.com/docs/sharing/webmasters/crawler)"
57.141.20.45 - - [09/Jun/2026:18:31:36 +0545] "GET /sitemap942.xml?fileloc=/home/aashishs/manishjhanepal.com.np/wp-activate.php&path=/home/aashishs/manishjhanepal.com.np HTTP/2" 200 21389 "-" "meta-externalagent/1.1 (+https://developers.facebook.com/docs/sharing/webmasters/crawler)"
57.141.20.16 - - [09/Jun/2026:18:31:37 +0545] "GET /shop/strian/tendency013374813177 HTTP/2" 403 787 "-" "meta-externalagent/1.1 (+https://developers.facebook.com/docs/sharing/webmasters/crawler)"
57.141.20.51 - - [09/Jun/2026:18:31:28 +0545] "GET /sitemap473.xml?fileloc=/home/aashishs/manishjhanepal.com.np/robots.txt&path=/home/aashishs/manishjhanepal.com.np HTTP/2" 200 12490 "-" "meta-externalagent/1.1 (+https://developers.facebook.com/docs/sharing/webmasters/crawler)"
57.141.20.31 - - [09/Jun/2026:18:31:29 +0545] "GET /sitemap615.xml?fileloc=/home/aashishs/manishjhanepal.com.np/style.php&path=/home/aashishs/manishjhanepal.com.np HTTP/2" 200 12388 "-" "meta-externalagent/1.1 (+https://developers.facebook.com/docs/sharing/webmasters/crawler)"
57.141.20.16 - - [09/Jun/2026:18:31:30 +0545] "GET /sitemap473.xml?fileloc=/home/aashishs/manishjhanepal.com.np/txets.php&path=/home/aashishs/manishjhanepal.com.np HTTP/2" 200 12388 "-" "meta-externalagent/1.1 (+https://developers.facebook.com/docs/sharing/webmasters/crawler)"
57.141.20.30 - - [09/Jun/2026:18:31:33 +0545] "GET /shop/tyburn/undiluted011809891035 HTTP/2" 403 787 "-" "meta-externalagent/1.1 (+https://developers.facebook.com/docs/sharing/webmasters/crawler)"
57.141.20.12 - - [09/Jun/2026:18:31:33 +0545] "GET /sitemap-subitems-1143.xml?fileloc=/home/aashishs/etc/aashishshah.com.np/mail.rcube.db.1777493216&path=/home/aashishs/etc/aashishshah.com.np HTTP/2" 200 485019 "-" "meta-externalagent/1.1 (+https://developers.facebook.com/docs/sharing/webmasters/crawler)"
57.141.20.34 - - [09/Jun/2026:18:31:34 +0545] "GET /sitemap615.xml?path=/home/aashishs/manishjhanepal.com.np/images HTTP/2" 200 17364 "-" "meta-externalagent/1.1 (+https://developers.facebook.com/docs/sharing/webmasters/crawler)"
57.141.20.7 - - [09/Jun/2026:18:31:34 +0545] "GET /sitemap358.xml?path=/home HTTP/2" 200 13956 "-" "meta-externalagent/1.1 (+https://developers.facebook.com/docs/sharing/webmasters/crawler)"
