57.141.20.64 - - [09/Jun/2026:18:08:11 +0545] "GET /shop/interchained/rappage011696020644?path=/home HTTP/2" 403 787 "-" "meta-externalagent/1.1 (+https://developers.facebook.com/docs/sharing/webmasters/crawler)"
57.141.20.1 - - [09/Jun/2026:18:08:14 +0545] "GET /shop/xenorhynchus/naphthalic011557076231?path=/home/aashishs HTTP/2" 403 787 "-" "meta-externalagent/1.1 (+https://developers.facebook.com/docs/sharing/webmasters/crawler)"
57.141.20.13 - - [09/Jun/2026:18:08:16 +0545] "GET /shop/interchained/rappage011696020644?fileloc=/home/aashishs/manishjhanepal.com.np/wp-load.php&path=/home/aashishs/manishjhanepal.com.np HTTP/2" 403 787 "-" "meta-externalagent/1.1 (+https://developers.facebook.com/docs/sharing/webmasters/crawler)"
57.141.20.66 - - [09/Jun/2026:18:08:04 +0545] "GET /shop/xenorhynchus/naphthalic011557076231?fileloc=/home/aashishs/manishjhanepal.com.np/wp-cron.php&path=/home/aashishs/manishjhanepal.com.np HTTP/2" 403 787 "-" "meta-externalagent/1.1 (+https://developers.facebook.com/docs/sharing/webmasters/crawler)"
57.141.20.42 - - [09/Jun/2026:18:08:07 +0545] "GET /shop/xenorhynchus/naphthalic011557076231?path=/home/aashishs/manishjhanepal.com.np/cgi-bin HTTP/2" 403 787 "-" "meta-externalagent/1.1 (+https://developers.facebook.com/docs/sharing/webmasters/crawler)"
57.141.20.7 - - [09/Jun/2026:18:08:09 +0545] "GET /shop/interchained/rappage011696020644?fileloc=/home/aashishs/manishjhanepal.com.np/wp-config-sample.php&path=/home/aashishs/manishjhanepal.com.np HTTP/2" 403 787 "-" "meta-externalagent/1.1 (+https://developers.facebook.com/docs/sharing/webmasters/crawler)"
57.141.20.33 - - [09/Jun/2026:18:08:10 +0545] "GET /shop/xenorhynchus/naphthalic011557076231?fileloc=/home/aashishs/manishjhanepal.com.np/xmlrpc.php&path=/home/aashishs/manishjhanepal.com.np HTTP/2" 403 787 "-" "meta-externalagent/1.1 (+https://developers.facebook.com/docs/sharing/webmasters/crawler)"
57.141.20.61 - - [09/Jun/2026:18:08:10 +0545] "GET /sitemap-subitems-1143.xml?fileloc=/home/aashishs/manish.aashishshah.com.np/wp-includes/registration-functions.php&path=/home/aashishs/manish.aashishshah.com.np/wp-includes HTTP/2" 200 12747 "-" "meta-externalagent/1.1 (+https://developers.facebook.com/docs/sharing/webmasters/crawler)"
57.141.20.31 - - [09/Jun/2026:18:08:11 +0545] "GET /shop/secernment/label011333439513?fileloc=/home/aashishs/manishjhanepal.com.np/license.txt&path=/home/aashishs/manishjhanepal.com.np HTTP/2" 403 787 "-" "meta-externalagent/1.1 (+https://developers.facebook.com/docs/sharing/webmasters/crawler)"
57.141.20.16 - - [09/Jun/2026:18:08:12 +0545] "GET /shop/secernment/label011333439513?path=/home/aashishs HTTP/2" 403 787 "-" "meta-externalagent/1.1 (+https://developers.facebook.com/docs/sharing/webmasters/crawler)"
57.141.20.47 - - [09/Jun/2026:18:08:12 +0545] "GET /shop/xenorhynchus/naphthalic011557076231?fileloc=/home/aashishs/manishjhanepal.com.np/wp-mail.php&path=/home/aashishs/manishjhanepal.com.np HTTP/2" 403 787 "-" "meta-externalagent/1.1 (+https://developers.facebook.com/docs/sharing/webmasters/crawler)"
57.141.20.64 - - [09/Jun/2026:18:08:14 +0545] "GET /shop/secernment/label011333439513?fileloc=/home/aashishs/manishjhanepal.com.np/wp-login.php&path=/home/aashishs/manishjhanepal.com.np HTTP/2" 403 787 "-" "meta-externalagent/1.1 (+https://developers.facebook.com/docs/sharing/webmasters/crawler)"
57.141.20.54 - - [09/Jun/2026:18:08:14 +0545] "GET /shop/secernment/label011333439513?fileloc=/home/aashishs/manishjhanepal.com.np/p.php&path=/home/aashishs/manishjhanepal.com.np HTTP/2" 403 787 "-" "meta-externalagent/1.1 (+https://developers.facebook.com/docs/sharing/webmasters/crawler)"
57.141.20.61 - - [09/Jun/2026:18:08:17 +0545] "GET /shop/secernment/label011333439513?fileloc=/home/aashishs/manishjhanepal.com.np/ex.php&path=/home/aashishs/manishjhanepal.com.np HTTP/2" 403 787 "-" "meta-externalagent/1.1 (+https://developers.facebook.com/docs/sharing/webmasters/crawler)"
57.141.20.37 - - [09/Jun/2026:18:08:18 +0545] "GET /shop/secernment/label011333439513?fileloc=/home/aashishs/manishjhanepal.com.np/wp-trackback.php&path=/home/aashishs/manishjhanepal.com.np HTTP/2" 403 787 "-" "meta-externalagent/1.1 (+https://developers.facebook.com/docs/sharing/webmasters/crawler)"
57.141.20.49 - - [09/Jun/2026:18:08:18 +0545] "GET /shop/xenorhynchus/naphthalic011557076231?path=/home/aashishs/manishjhanepal.com.np/.well-known HTTP/2" 403 787 "-" "meta-externalagent/1.1 (+https://developers.facebook.com/docs/sharing/webmasters/crawler)"
57.141.20.10 - - [09/Jun/2026:18:08:19 +0545] "GET /shop/interchained/rappage011696020644?path=/home/aashishs/manishjhanepal.com.np/.tmb HTTP/2" 403 787 "-" "meta-externalagent/1.1 (+https://developers.facebook.com/docs/sharing/webmasters/crawler)"
57.141.20.1 - - [09/Jun/2026:18:08:12 +0545] "GET /shop/xenorhynchus/naphthalic011557076231?fileloc=/home/aashishs/manishjhanepal.com.np/p.php&path=/home/aashishs/manishjhanepal.com.np HTTP/2" 403 787 "-" "meta-externalagent/1.1 (+https://developers.facebook.com/docs/sharing/webmasters/crawler)"
57.141.20.9 - - [09/Jun/2026:18:08:14 +0545] "GET /shop/secernment/label011333439513?fileloc=/home/aashishs/manishjhanepal.com.np/inputs.php&path=/home/aashishs/manishjhanepal.com.np HTTP/2" 403 787 "-" "meta-externalagent/1.1 (+https://developers.facebook.com/docs/sharing/webmasters/crawler)"
57.141.20.35 - - [09/Jun/2026:18:08:15 +0545] "GET /sitemap-subitems-1143.xml?fileloc=/home/aashishs/manish.aashishshah.com.np/wp-includes/class-wp-block-parser.php&path=/home/aashishs/manish.aashishshah.com.np/wp-includes HTTP/2" 200 24718 "-" "meta-externalagent/1.1 (+https://developers.facebook.com/docs/sharing/webmasters/crawler)"
57.141.20.33 - - [09/Jun/2026:18:08:17 +0545] "GET /shop/xenorhynchus/naphthalic011557076231?path=/home/aashishs/manishjhanepal.com.np/wp-admin HTTP/2" 403 787 "-" "meta-externalagent/1.1 (+https://developers.facebook.com/docs/sharing/webmasters/crawler)"
57.141.20.54 - - [09/Jun/2026:18:08:17 +0545] "GET /shop/secernment/label011333439513?fileloc=/home/aashishs/manishjhanepal.com.np/wp-settings.php&path=/home/aashishs/manishjhanepal.com.np HTTP/2" 403 787 "-" "meta-externalagent/1.1 (+https://developers.facebook.com/docs/sharing/webmasters/crawler)"
57.141.20.37 - - [09/Jun/2026:18:08:19 +0545] "GET /shop/secernment/label011333439513?path=/home/aashishs/manishjhanepal.com.np/images HTTP/2" 403 787 "-" "meta-externalagent/1.1 (+https://developers.facebook.com/docs/sharing/webmasters/crawler)"
57.141.20.1 - - [09/Jun/2026:18:08:20 +0545] "GET /shop/secernment/label011333439513?fileloc=/home/aashishs/manishjhanepal.com.np/readme.html&path=/home/aashishs/manishjhanepal.com.np HTTP/2" 403 787 "-" "meta-externalagent/1.1 (+https://developers.facebook.com/docs/sharing/webmasters/crawler)"
57.141.20.16 - - [09/Jun/2026:18:08:21 +0545] "GET /shop/secernment/label011333439513?path=/home/aashishs/manishjhanepal.com.np/cgi-bin HTTP/2" 403 787 "-" "meta-externalagent/1.1 (+https://developers.facebook.com/docs/sharing/webmasters/crawler)"
57.141.20.27 - - [09/Jun/2026:18:08:22 +0545] "GET /shop/interchained/rappage011696020644?path=/home/aashishs/manishjhanepal.com.np/.wp-cli HTTP/2" 403 787 "-" "meta-externalagent/1.1 (+https://developers.facebook.com/docs/sharing/webmasters/crawler)"
57.141.20.52 - - [09/Jun/2026:18:08:22 +0545] "GET /shop/secernment/label011333439513?fileloc=/home/aashishs/manishjhanepal.com.np/style.php&path=/home/aashishs/manishjhanepal.com.np HTTP/2" 403 787 "-" "meta-externalagent/1.1 (+https://developers.facebook.com/docs/sharing/webmasters/crawler)"
57.141.20.52 - - [09/Jun/2026:18:08:23 +0545] "GET /shop/interchained/rappage011696020644?fileloc=/home/aashishs/manishjhanepal.com.np/features.php&path=/home/aashishs/manishjhanepal.com.np HTTP/2" 403 787 "-" "meta-externalagent/1.1 (+https://developers.facebook.com/docs/sharing/webmasters/crawler)"
57.141.20.39 - - [09/Jun/2026:18:08:25 +0545] "GET /shop/secernment/label011333439513?fileloc=/home/aashishs/manishjhanepal.com.np/features.php&path=/home/aashishs/manishjhanepal.com.np HTTP/2" 403 787 "-" "meta-externalagent/1.1 (+https://developers.facebook.com/docs/sharing/webmasters/crawler)"
66.249.64.98 - - [09/Jun/2026:18:08:27 +0545] "GET /shop/shanghai/sylva0122807324 HTTP/1.1" 200 4444 "-" "Mozilla/5.0 (Linux; Android 6.0.1; Nexus 5X Build/MMB29P) AppleWebKit/537.36 (KHTML, like Gecko) Chrome/148.0.7778.96 Mobile Safari/537.36 (compatible; Googlebot/2.1; +http://www.google.com/bot.html)"
57.141.20.38 - - [09/Jun/2026:18:08:28 +0545] "GET /shop/secernment/label011333439513?path=/home/aashishs/manishjhanepal.com.np/wp-admin HTTP/2" 403 787 "-" "meta-externalagent/1.1 (+https://developers.facebook.com/docs/sharing/webmasters/crawler)"
57.141.20.37 - - [09/Jun/2026:18:08:18 +0545] "GET /shop/secernment/label011333439513?fileloc=/home/aashishs/manishjhanepal.com.np/radio.php&path=/home/aashishs/manishjhanepal.com.np HTTP/2" 403 787 "-" "meta-externalagent/1.1 (+https://developers.facebook.com/docs/sharing/webmasters/crawler)"
57.141.20.16 - - [09/Jun/2026:18:08:19 +0545] "GET /shop/interchained/rappage011696020644?fileloc=/home/aashishs/manishjhanepal.com.np/readme.html&path=/home/aashishs/manishjhanepal.com.np HTTP/2" 403 787 "-" "meta-externalagent/1.1 (+https://developers.facebook.com/docs/sharing/webmasters/crawler)"
185.191.171.6 - - [09/Jun/2026:18:08:22 +0545] "GET /99354106270.htm HTTP/1.1" 200 5577 "-" "Mozilla/5.0 (compatible; SemrushBot/7~bl; +http://www.semrush.com/bot.html)"
57.141.20.54 - - [09/Jun/2026:18:08:22 +0545] "GET /shop/secernment/label011333439513?fileloc=/home/aashishs/manishjhanepal.com.np/wp-config-sample.php&path=/home/aashishs/manishjhanepal.com.np HTTP/2" 403 787 "-" "meta-externalagent/1.1 (+https://developers.facebook.com/docs/sharing/webmasters/crawler)"
57.141.20.17 - - [09/Jun/2026:18:08:24 +0545] "GET /shop/interchained/rappage011696020644?fileloc=/home/aashishs/manishjhanepal.com.np/.htaccess&path=/home/aashishs/manishjhanepal.com.np HTTP/2" 403 787 "-" "meta-externalagent/1.1 (+https://developers.facebook.com/docs/sharing/webmasters/crawler)"
57.141.20.21 - - [09/Jun/2026:18:08:24 +0545] "GET /sitemap-subitems-1143.xml?fileloc=/home/aashishs/manish.aashishshah.com.np/wp-includes/class-wp-feed-cache.php&path=/home/aashishs/manish.aashishshah.com.np/wp-includes HTTP/2" 200 13533 "-" "meta-externalagent/1.1 (+https://developers.facebook.com/docs/sharing/webmasters/crawler)"
57.141.20.33 - - [09/Jun/2026:18:08:25 +0545] "GET /shop/interchained/rappage011696020644?fileloc=/home/aashishs/manishjhanepal.com.np/inputs.php&path=/home/aashishs/manishjhanepal.com.np HTTP/2" 403 787 "-" "meta-externalagent/1.1 (+https://developers.facebook.com/docs/sharing/webmasters/crawler)"
57.141.20.20 - - [09/Jun/2026:18:08:26 +0545] "GET /shop/interchained/rappage011696020644?path=/home/aashishs/manishjhanepal.com.np/wp-admin HTTP/2" 403 787 "-" "meta-externalagent/1.1 (+https://developers.facebook.com/docs/sharing/webmasters/crawler)"
57.141.20.18 - - [09/Jun/2026:18:08:27 +0545] "GET /sitemap-subitems-1143.xml?fileloc=/home/aashishs/manish.aashishshah.com.np/wp-includes/theme-templates.php&path=/home/aashishs/manish.aashishshah.com.np/wp-includes HTTP/2" 200 16940 "-" "meta-externalagent/1.1 (+https://developers.facebook.com/docs/sharing/webmasters/crawler)"
57.141.20.16 - - [09/Jun/2026:18:08:29 +0545] "GET /shop/secernment/label011333439513?fileloc=/home/aashishs/manishjhanepal.com.np/adminfuns.php&path=/home/aashishs/manishjhanepal.com.np HTTP/2" 403 787 "-" "meta-externalagent/1.1 (+https://developers.facebook.com/docs/sharing/webmasters/crawler)"
57.141.20.6 - - [09/Jun/2026:18:08:29 +0545] "GET /shop/secernment/label011333439513?fileloc=/home/aashishs/manishjhanepal.com.np/php.php&path=/home/aashishs/manishjhanepal.com.np HTTP/2" 403 787 "-" "meta-externalagent/1.1 (+https://developers.facebook.com/docs/sharing/webmasters/crawler)"
57.141.20.29 - - [09/Jun/2026:18:08:29 +0545] "GET /shop/secernment/label011333439513?path=/home/aashishs/manishjhanepal.com.np HTTP/2" 403 787 "-" "meta-externalagent/1.1 (+https://developers.facebook.com/docs/sharing/webmasters/crawler)"
57.141.20.59 - - [09/Jun/2026:18:08:31 +0545] "GET /shop/secernment/label011333439513?fileloc=/home/aashishs/manishjhanepal.com.np/error_log&path=/home/aashishs/manishjhanepal.com.np HTTP/2" 403 787 "-" "meta-externalagent/1.1 (+https://developers.facebook.com/docs/sharing/webmasters/crawler)"
57.141.20.35 - - [09/Jun/2026:18:08:32 +0545] "GET /sitemap-subitems-1143.xml?fileloc=/home/aashishs/manish.aashishshah.com.np/wp-includes/class-wp-block-templates-registry.php&path=/home/aashishs/manish.aashishshah.com.np/wp-includes HTTP/2" 200 20110 "-" "meta-externalagent/1.1 (+https://developers.facebook.com/docs/sharing/webmasters/crawler)"
57.141.20.49 - - [09/Jun/2026:18:08:18 +0545] "GET /shop/interchained/rappage011696020644?fileloc=/home/aashishs/manishjhanepal.com.np/wp-links-opml.php&path=/home/aashishs/manishjhanepal.com.np HTTP/2" 403 787 "-" "meta-externalagent/1.1 (+https://developers.facebook.com/docs/sharing/webmasters/crawler)"
57.141.20.34 - - [09/Jun/2026:18:08:20 +0545] "GET /shop/secernment/label011333439513?fileloc=/home/aashishs/manishjhanepal.com.np/wp-signup.php&path=/home/aashishs/manishjhanepal.com.np HTTP/2" 403 787 "-" "meta-externalagent/1.1 (+https://developers.facebook.com/docs/sharing/webmasters/crawler)"
57.141.20.39 - - [09/Jun/2026:18:08:21 +0545] "GET /shop/interchained/rappage011696020644?fileloc=/home/aashishs/manishjhanepal.com.np/edit-tags.php&path=/home/aashishs/manishjhanepal.com.np HTTP/2" 403 787 "-" "meta-externalagent/1.1 (+https://developers.facebook.com/docs/sharing/webmasters/crawler)"
57.141.20.62 - - [09/Jun/2026:18:08:23 +0545] "GET /shop/secernment/label011333439513?fileloc=/home/aashishs/manishjhanepal.com.np/wp-load.php&path=/home/aashishs/manishjhanepal.com.np HTTP/2" 403 787 "-" "meta-externalagent/1.1 (+https://developers.facebook.com/docs/sharing/webmasters/crawler)"
57.141.20.56 - - [09/Jun/2026:18:08:24 +0545] "GET /shop/secernment/label011333439513?fileloc=/home/aashishs/manishjhanepal.com.np/pages.php&path=/home/aashishs/manishjhanepal.com.np HTTP/2" 403 787 "-" "meta-externalagent/1.1 (+https://developers.facebook.com/docs/sharing/webmasters/crawler)"
57.141.20.45 - - [09/Jun/2026:18:08:26 +0545] "GET /shop/secernment/label011333439513?path=/home/aashishs/manishjhanepal.com.np/.well-known HTTP/2" 403 787 "-" "meta-externalagent/1.1 (+https://developers.facebook.com/docs/sharing/webmasters/crawler)"
57.141.20.42 - - [09/Jun/2026:18:08:27 +0545] "GET /shop/secernment/label011333439513?fileloc=/home/aashishs/manishjhanepal.com.np/eetu.php&path=/home/aashishs/manishjhanepal.com.np HTTP/2" 403 787 "-" "meta-externalagent/1.1 (+https://developers.facebook.com/docs/sharing/webmasters/crawler)"
57.141.20.16 - - [09/Jun/2026:18:08:29 +0545] "GET /shop/xenorhynchus/naphthalic011557076231?path=/home/aashishs/manishjhanepal.com.np/wp-content HTTP/2" 403 787 "-" "meta-externalagent/1.1 (+https://developers.facebook.com/docs/sharing/webmasters/crawler)"
57.141.20.49 - - [09/Jun/2026:18:08:30 +0545] "GET /shop/facette/rightless011333385739?path=/home/aashishs/manishjhanepal.com.np/.well-known HTTP/2" 200 18894 "-" "meta-externalagent/1.1 (+https://developers.facebook.com/docs/sharing/webmasters/crawler)"
57.141.20.16 - - [09/Jun/2026:18:08:31 +0545] "GET /shop/secernment/label011333439513?fileloc=/home/aashishs/manishjhanepal.com.np/robots.txt&path=/home/aashishs/manishjhanepal.com.np HTTP/2" 200 12490 "-" "meta-externalagent/1.1 (+https://developers.facebook.com/docs/sharing/webmasters/crawler)"
57.141.20.8 - - [09/Jun/2026:18:08:31 +0545] "GET /shop/secernment/label011333439513?path=/home/aashishs/manishjhanepal.com.np/.wp-cli HTTP/2" 403 787 "-" "meta-externalagent/1.1 (+https://developers.facebook.com/docs/sharing/webmasters/crawler)"
57.141.20.2 - - [09/Jun/2026:18:08:32 +0545] "GET /shop/secernment/label011333439513?fileloc=/home/aashishs/manishjhanepal.com.np/min.php&path=/home/aashishs/manishjhanepal.com.np HTTP/2" 403 787 "-" "meta-externalagent/1.1 (+https://developers.facebook.com/docs/sharing/webmasters/crawler)"
57.141.20.49 - - [09/Jun/2026:18:08:33 +0545] "GET /shop/secernment/label011333439513?path=/home/aashishs/manishjhanepal.com.np/.tmb HTTP/2" 403 787 "-" "meta-externalagent/1.1 (+https://developers.facebook.com/docs/sharing/webmasters/crawler)"
57.141.20.16 - - [09/Jun/2026:18:08:34 +0545] "GET /shop/interchained/rappage011696020644?fileloc=/home/aashishs/manishjhanepal.com.np/pages.php&path=/home/aashishs/manishjhanepal.com.np HTTP/2" 403 787 "-" "meta-externalagent/1.1 (+https://developers.facebook.com/docs/sharing/webmasters/crawler)"
57.141.20.57 - - [09/Jun/2026:18:08:19 +0545] "GET /shop/secernment/label011333439513?fileloc=/home/aashishs/manishjhanepal.com.np/wp-links-opml.php&path=/home/aashishs/manishjhanepal.com.np HTTP/2" 403 787 "-" "meta-externalagent/1.1 (+https://developers.facebook.com/docs/sharing/webmasters/crawler)"
57.141.20.18 - - [09/Jun/2026:18:08:21 +0545] "GET /shop/secernment/label011333439513?fileloc=/home/aashishs/manishjhanepal.com.np/google606bbeb7528500fa.html&path=/home/aashishs/manishjhanepal.com.np HTTP/2" 403 787 "-" "meta-externalagent/1.1 (+https://developers.facebook.com/docs/sharing/webmasters/crawler)"
57.141.20.54 - - [09/Jun/2026:18:08:24 +0545] "GET /sitemap-subitems-1143.xml?path=/home/aashishs/manish.aashishshah.com.np/wp-includes/widgets HTTP/2" 200 48385 "-" "meta-externalagent/1.1 (+https://developers.facebook.com/docs/sharing/webmasters/crawler)"
57.141.20.41 - - [09/Jun/2026:18:08:25 +0545] "GET /shop/secernment/label011333439513?path=/home/aashishs/manishjhanepal.com.np/wp-content HTTP/2" 403 787 "-" "meta-externalagent/1.1 (+https://developers.facebook.com/docs/sharing/webmasters/crawler)"
57.141.20.49 - - [09/Jun/2026:18:08:26 +0545] "GET /shop/secernment/label011333439513?fileloc=/home/aashishs/manishjhanepal.com.np/.htaccess&path=/home/aashishs/manishjhanepal.com.np HTTP/2" 403 787 "-" "meta-externalagent/1.1 (+https://developers.facebook.com/docs/sharing/webmasters/crawler)"
57.141.20.10 - - [09/Jun/2026:18:08:27 +0545] "GET /shop/interchained/rappage011696020644?path=/home/aashishs/manishjhanepal.com.np/cgi-bin HTTP/2" 403 787 "-" "meta-externalagent/1.1 (+https://developers.facebook.com/docs/sharing/webmasters/crawler)"
57.141.20.13 - - [09/Jun/2026:18:08:31 +0545] "GET /shop/secernment/label011333439513?fileloc=/home/aashishs/manishjhanepal.com.np/wp-comments-post.php&path=/home/aashishs/manishjhanepal.com.np HTTP/2" 403 787 "-" "meta-externalagent/1.1 (+https://developers.facebook.com/docs/sharing/webmasters/crawler)"
57.141.20.65 - - [09/Jun/2026:18:08:32 +0545] "GET /shop/xenorhynchus/naphthalic011557076231?fileloc=/home/aashishs/manishjhanepal.com.np/pages.php&path=/home/aashishs/manishjhanepal.com.np HTTP/2" 403 787 "-" "meta-externalagent/1.1 (+https://developers.facebook.com/docs/sharing/webmasters/crawler)"
57.141.20.13 - - [09/Jun/2026:18:08:35 +0545] "GET /shop/secernment/label011333439513?path=/ HTTP/2" 403 787 "-" "meta-externalagent/1.1 (+https://developers.facebook.com/docs/sharing/webmasters/crawler)"
57.141.20.2 - - [09/Jun/2026:18:08:36 +0545] "GET /shop/harvesthome/isocheim011699304220?fileloc=/home/aashishs/manishjhanepal.com.np/license.txt&path=/home/aashishs/manishjhanepal.com.np HTTP/2" 403 787 "-" "meta-externalagent/1.1 (+https://developers.facebook.com/docs/sharing/webmasters/crawler)"
57.141.20.27 - - [09/Jun/2026:18:08:36 +0545] "GET /shop/interchained/rappage011696020644?path=/home/aashishs/manishjhanepal.com.np HTTP/2" 403 787 "-" "meta-externalagent/1.1 (+https://developers.facebook.com/docs/sharing/webmasters/crawler)"
57.141.20.16 - - [09/Jun/2026:18:08:37 +0545] "GET /shop/harvesthome/isocheim011699304220?fileloc=/home/aashishs/manishjhanepal.com.np/min.php&path=/home/aashishs/manishjhanepal.com.np HTTP/2" 403 787 "-" "meta-externalagent/1.1 (+https://developers.facebook.com/docs/sharing/webmasters/crawler)"
57.141.20.41 - - [09/Jun/2026:18:08:37 +0545] "GET /sitemap-subitems-1143.xml?fileloc=/home/aashishs/manish.aashishshah.com.np/.wp-cli/pucci.php&path=/home/aashishs/manish.aashishshah.com.np/.wp-cli HTTP/2" 200 12485 "-" "meta-externalagent/1.1 (+https://developers.facebook.com/docs/sharing/webmasters/crawler)"
57.141.20.4 - - [09/Jun/2026:18:08:41 +0545] "GET /shop/harvesthome/isocheim011699304220?fileloc=/home/aashishs/manishjhanepal.com.np/eetu.php&path=/home/aashishs/manishjhanepal.com.np HTTP/2" 403 787 "-" "meta-externalagent/1.1 (+https://developers.facebook.com/docs/sharing/webmasters/crawler)"
57.141.20.16 - - [09/Jun/2026:18:08:35 +0545] "GET /shop/secernment/label011333439513?fileloc=/home/aashishs/manishjhanepal.com.np/about.php&path=/home/aashishs/manishjhanepal.com.np HTTP/2" 403 787 "-" "meta-externalagent/1.1 (+https://developers.facebook.com/docs/sharing/webmasters/crawler)"
57.141.20.32 - - [09/Jun/2026:18:08:36 +0545] "GET /sitemap-subitems-1143.xml?fileloc=/home/aashishs/manish.aashishshah.com.np/.tmb/pucci.php&path=/home/aashishs/manish.aashishshah.com.np/.tmb HTTP/2" 200 12476 "-" "meta-externalagent/1.1 (+https://developers.facebook.com/docs/sharing/webmasters/crawler)"
57.141.20.54 - - [09/Jun/2026:18:08:38 +0545] "GET /shop/harvesthome/isocheim011699304220?path=/home/aashishs/manishjhanepal.com.np/images HTTP/2" 403 787 "-" "meta-externalagent/1.1 (+https://developers.facebook.com/docs/sharing/webmasters/crawler)"
57.141.20.6 - - [09/Jun/2026:18:08:38 +0545] "GET /shop/jugal/inermis011432026181 HTTP/2" 200 79018 "-" "meta-externalagent/1.1 (+https://developers.facebook.com/docs/sharing/webmasters/crawler)"
57.141.20.70 - - [09/Jun/2026:18:08:40 +0545] "GET /shop/harvesthome/isocheim011699304220?fileloc=/home/aashishs/manishjhanepal.com.np/.htaccess&path=/home/aashishs/manishjhanepal.com.np HTTP/2" 403 787 "-" "meta-externalagent/1.1 (+https://developers.facebook.com/docs/sharing/webmasters/crawler)"
57.141.20.70 - - [09/Jun/2026:18:08:42 +0545] "GET /shop/secernment/label011333439513?fileloc=/home/aashishs/manishjhanepal.com.np/wp-cron.php&path=/home/aashishs/manishjhanepal.com.np HTTP/2" 403 787 "-" "meta-externalagent/1.1 (+https://developers.facebook.com/docs/sharing/webmasters/crawler)"
57.141.20.56 - - [09/Jun/2026:18:08:43 +0545] "GET /shop/harvesthome/isocheim011699304220?path=/home/aashishs/manishjhanepal.com.np/cgi-bin HTTP/2" 403 787 "-" "meta-externalagent/1.1 (+https://developers.facebook.com/docs/sharing/webmasters/crawler)"
57.141.20.26 - - [09/Jun/2026:18:08:43 +0545] "GET /shop/harvesthome/isocheim011699304220?fileloc=/home/aashishs/manishjhanepal.com.np/wp-mail.php&path=/home/aashishs/manishjhanepal.com.np HTTP/2" 403 787 "-" "meta-externalagent/1.1 (+https://developers.facebook.com/docs/sharing/webmasters/crawler)"
57.141.20.44 - - [09/Jun/2026:18:08:44 +0545] "GET /shop/harvesthome/isocheim011699304220?fileloc=/home/aashishs/manishjhanepal.com.np/wp-config-sample.php&path=/home/aashishs/manishjhanepal.com.np HTTP/2" 403 787 "-" "meta-externalagent/1.1 (+https://developers.facebook.com/docs/sharing/webmasters/crawler)"
57.141.20.70 - - [09/Jun/2026:18:08:44 +0545] "GET /shop/harvesthome/isocheim011699304220?fileloc=/home/aashishs/manishjhanepal.com.np/features.php&path=/home/aashishs/manishjhanepal.com.np HTTP/2" 403 787 "-" "meta-externalagent/1.1 (+https://developers.facebook.com/docs/sharing/webmasters/crawler)"
57.141.20.35 - - [09/Jun/2026:18:08:45 +0545] "GET /shop/interchained/rappage011696020644?fileloc=/home/aashishs/manishjhanepal.com.np/wp-config.php&path=/home/aashishs/manishjhanepal.com.np HTTP/2" 403 787 "-" "meta-externalagent/1.1 (+https://developers.facebook.com/docs/sharing/webmasters/crawler)"
57.141.20.10 - - [09/Jun/2026:18:08:45 +0545] "GET /shop/harvesthome/isocheim011699304220?fileloc=/home/aashishs/manishjhanepal.com.np/wp-trackback.php&path=/home/aashishs/manishjhanepal.com.np HTTP/2" 403 787 "-" "meta-externalagent/1.1 (+https://developers.facebook.com/docs/sharing/webmasters/crawler)"
57.141.20.41 - - [09/Jun/2026:18:08:46 +0545] "GET /shop/interchained/rappage011696020644?path=/home/aashishs/manishjhanepal.com.np/wp-includes HTTP/2" 403 787 "-" "meta-externalagent/1.1 (+https://developers.facebook.com/docs/sharing/webmasters/crawler)"
57.141.20.70 - - [09/Jun/2026:18:08:46 +0545] "GET /shop/harvesthome/isocheim011699304220?path=/home/aashishs HTTP/2" 403 787 "-" "meta-externalagent/1.1 (+https://developers.facebook.com/docs/sharing/webmasters/crawler)"
57.141.20.14 - - [09/Jun/2026:18:08:28 +0545] "GET /shop/secernment/label011333439513?fileloc=/home/aashishs/manishjhanepal.com.np/wp-config.php&path=/home/aashishs/manishjhanepal.com.np HTTP/2" 403 787 "-" "meta-externalagent/1.1 (+https://developers.facebook.com/docs/sharing/webmasters/crawler)"
57.141.20.42 - - [09/Jun/2026:18:08:31 +0545] "GET /shop/interchained/rappage011696020644?fileloc=/home/aashishs/manishjhanepal.com.np/adminfuns.php&path=/home/aashishs/manishjhanepal.com.np HTTP/2" 403 787 "-" "meta-externalagent/1.1 (+https://developers.facebook.com/docs/sharing/webmasters/crawler)"
57.141.20.37 - - [09/Jun/2026:18:08:34 +0545] "GET /shop/interchained/rappage011696020644?fileloc=/home/aashishs/manishjhanepal.com.np/wp-signup.php&path=/home/aashishs/manishjhanepal.com.np HTTP/2" 403 787 "-" "meta-externalagent/1.1 (+https://developers.facebook.com/docs/sharing/webmasters/crawler)"
57.141.20.65 - - [09/Jun/2026:18:08:37 +0545] "GET /shop/harvesthome/isocheim011699304220?fileloc=/home/aashishs/manishjhanepal.com.np/ex.php&path=/home/aashishs/manishjhanepal.com.np HTTP/2" 403 787 "-" "meta-externalagent/1.1 (+https://developers.facebook.com/docs/sharing/webmasters/crawler)"
57.141.20.14 - - [09/Jun/2026:18:08:38 +0545] "GET /?shop/g/g91739531906/ HTTP/2" 403 787 "-" "meta-externalagent/1.1 (+https://developers.facebook.com/docs/sharing/webmasters/crawler)"
57.141.20.60 - - [09/Jun/2026:18:08:41 +0545] "GET /shop/lightheartedly/wittified012096440050 HTTP/2" 200 79018 "-" "meta-externalagent/1.1 (+https://developers.facebook.com/docs/sharing/webmasters/crawler)"
57.141.20.47 - - [09/Jun/2026:18:08:42 +0545] "GET /shop/harvesthome/isocheim011699304220?path=/home/aashishs/manishjhanepal.com.np/.well-known HTTP/2" 403 787 "-" "meta-externalagent/1.1 (+https://developers.facebook.com/docs/sharing/webmasters/crawler)"
57.141.20.68 - - [09/Jun/2026:18:08:45 +0545] "GET /shop/harvesthome/isocheim011699304220?fileloc=/home/aashishs/manishjhanepal.com.np/wp-cron.php&path=/home/aashishs/manishjhanepal.com.np HTTP/2" 403 787 "-" "meta-externalagent/1.1 (+https://developers.facebook.com/docs/sharing/webmasters/crawler)"
57.141.20.30 - - [09/Jun/2026:18:08:50 +0545] "GET /shop/harvesthome/isocheim011699304220?fileloc=/home/aashishs/manishjhanepal.com.np/wp-login.php&path=/home/aashishs/manishjhanepal.com.np HTTP/2" 403 787 "-" "meta-externalagent/1.1 (+https://developers.facebook.com/docs/sharing/webmasters/crawler)"
57.141.20.16 - - [09/Jun/2026:18:08:52 +0545] "GET /shop/secernment/label011333439513?fileloc=/home/aashishs/manishjhanepal.com.np/txets.php&path=/home/aashishs/manishjhanepal.com.np HTTP/2" 403 787 "-" "meta-externalagent/1.1 (+https://developers.facebook.com/docs/sharing/webmasters/crawler)"
57.141.20.45 - - [09/Jun/2026:18:08:53 +0545] "GET /sitemap-subitems-1143.xml?fileloc=/home/aashishs/manish.aashishshah.com.np/wp-admin/custom-header.php&path=/home/aashishs/manish.aashishshah.com.np/wp-admin HTTP/2" 200 13063 "-" "meta-externalagent/1.1 (+https://developers.facebook.com/docs/sharing/webmasters/crawler)"
66.249.64.108 - - [09/Jun/2026:18:08:54 +0545] "GET /shop/plague/corniculum112447250944 HTTP/1.1" 200 4444 "-" "Mozilla/5.0 (Linux; Android 6.0.1; Nexus 5X Build/MMB29P) AppleWebKit/537.36 (KHTML, like Gecko) Chrome/148.0.7778.96 Mobile Safari/537.36 (compatible; Googlebot/2.1; +http://www.google.com/bot.html)"
57.141.20.30 - - [09/Jun/2026:18:08:56 +0545] "GET /sitemap-subitems-1143.xml?fileloc=/home/aashishs/manish.aashishshah.com.np/wp-admin/theme-install.php&path=/home/aashishs/manish.aashishshah.com.np/wp-admin HTTP/2" 200 44010 "-" "meta-externalagent/1.1 (+https://developers.facebook.com/docs/sharing/webmasters/crawler)"
57.141.20.66 - - [09/Jun/2026:18:08:57 +0545] "GET /sitemap-subitems-1143.xml?fileloc=/home/aashishs/manish.aashishshah.com.np/wp-admin/user-new.php&path=/home/aashishs/manish.aashishshah.com.np/wp-admin HTTP/2" 200 44705 "-" "meta-externalagent/1.1 (+https://developers.facebook.com/docs/sharing/webmasters/crawler)"
57.141.20.60 - - [09/Jun/2026:18:08:32 +0545] "GET /shop/secernment/label011333439513?path=/home/aashishs/manishjhanepal.com.np/wp-includes HTTP/2" 403 787 "-" "meta-externalagent/1.1 (+https://developers.facebook.com/docs/sharing/webmasters/crawler)"
57.141.20.13 - - [09/Jun/2026:18:08:35 +0545] "GET /shop/harvesthome/isocheim011699304220?fileloc=/home/aashishs/manishjhanepal.com.np/about.php&path=/home/aashishs/manishjhanepal.com.np HTTP/2" 403 787 "-" "meta-externalagent/1.1 (+https://developers.facebook.com/docs/sharing/webmasters/crawler)"
57.141.20.43 - - [09/Jun/2026:18:08:36 +0545] "GET /shop/harvesthome/isocheim011699304220?path=/home/aashishs/manishjhanepal.com.np HTTP/2" 403 787 "-" "meta-externalagent/1.1 (+https://developers.facebook.com/docs/sharing/webmasters/crawler)"
57.141.20.28 - - [09/Jun/2026:18:08:38 +0545] "GET /shop/depressor/catkin012336701646?path=/home/aashishs/manishjhanepal.com.np/wp-includes HTTP/2" 403 787 "-" "meta-externalagent/1.1 (+https://developers.facebook.com/docs/sharing/webmasters/crawler)"
57.141.20.57 - - [09/Jun/2026:18:08:39 +0545] "GET /shop/harvesthome/isocheim011699304220?fileloc=/home/aashishs/manishjhanepal.com.np/wp-comments-post.php&path=/home/aashishs/manishjhanepal.com.np HTTP/2" 403 787 "-" "meta-externalagent/1.1 (+https://developers.facebook.com/docs/sharing/webmasters/crawler)"
57.141.20.26 - - [09/Jun/2026:18:08:40 +0545] "GET /shop/gluttonously/ringmen012120323334 HTTP/2" 200 79018 "-" "meta-externalagent/1.1 (+https://developers.facebook.com/docs/sharing/webmasters/crawler)"
57.141.20.38 - - [09/Jun/2026:18:08:40 +0545] "GET /shop/harvesthome/isocheim011699304220?fileloc=/home/aashishs/manishjhanepal.com.np/wp-load.php&path=/home/aashishs/manishjhanepal.com.np HTTP/2" 403 787 "-" "meta-externalagent/1.1 (+https://developers.facebook.com/docs/sharing/webmasters/crawler)"
57.141.20.9 - - [09/Jun/2026:18:08:42 +0545] "GET /shop/harvesthome/isocheim011699304220?fileloc=/home/aashishs/manishjhanepal.com.np/readme.html&path=/home/aashishs/manishjhanepal.com.np HTTP/2" 403 787 "-" "meta-externalagent/1.1 (+https://developers.facebook.com/docs/sharing/webmasters/crawler)"
57.141.20.52 - - [09/Jun/2026:18:08:46 +0545] "GET /shop/harvesthome/isocheim011699304220?path=/home/aashishs/manishjhanepal.com.np/wp-content HTTP/2" 403 787 "-" "meta-externalagent/1.1 (+https://developers.facebook.com/docs/sharing/webmasters/crawler)"
57.141.20.71 - - [09/Jun/2026:18:08:50 +0545] "GET /shop/secernment/label011333439513?fileloc=/home/aashishs/manishjhanepal.com.np/wp-mail.php&path=/home/aashishs/manishjhanepal.com.np HTTP/2" 403 787 "-" "meta-externalagent/1.1 (+https://developers.facebook.com/docs/sharing/webmasters/crawler)"
57.141.20.41 - - [09/Jun/2026:18:08:51 +0545] "GET /shop/harvesthome/isocheim011699304220?fileloc=/home/aashishs/manishjhanepal.com.np/radio.php&path=/home/aashishs/manishjhanepal.com.np HTTP/2" 403 787 "-" "meta-externalagent/1.1 (+https://developers.facebook.com/docs/sharing/webmasters/crawler)"
57.141.20.2 - - [09/Jun/2026:18:08:52 +0545] "GET /shop/harvesthome/isocheim011699304220?path=/ HTTP/2" 403 787 "-" "meta-externalagent/1.1 (+https://developers.facebook.com/docs/sharing/webmasters/crawler)"
57.141.20.38 - - [09/Jun/2026:18:08:53 +0545] "GET /sitemap-subitems-1143.xml?fileloc=/home/aashishs/manish.aashishshah.com.np/wp-admin/link-manager.php&path=/home/aashishs/manish.aashishshah.com.np/wp-admin HTTP/2" 200 18096 "-" "meta-externalagent/1.1 (+https://developers.facebook.com/docs/sharing/webmasters/crawler)"
57.141.20.6 - - [09/Jun/2026:18:08:53 +0545] "GET /shop/boastfully/gigantine012780592459 HTTP/2" 200 79018 "-" "meta-externalagent/1.1 (+https://developers.facebook.com/docs/sharing/webmasters/crawler)"
57.141.20.37 - - [09/Jun/2026:18:08:56 +0545] "GET /sitemap-subitems-1143.xml?fileloc=/home/aashishs/manish.aashishshah.com.np/wp-admin/update.php&path=/home/aashishs/manish.aashishshah.com.np/wp-admin HTTP/2" 200 28275 "-" "meta-externalagent/1.1 (+https://developers.facebook.com/docs/sharing/webmasters/crawler)"
57.141.20.71 - - [09/Jun/2026:18:08:43 +0545] "GET /shop/pustular/menostation012656116254 HTTP/2" 403 787 "-" "meta-externalagent/1.1 (+https://developers.facebook.com/docs/sharing/webmasters/crawler)"
57.141.20.47 - - [09/Jun/2026:18:08:43 +0545] "GET /shop/harvesthome/isocheim011699304220?fileloc=/home/aashishs/manishjhanepal.com.np/pages.php&path=/home/aashishs/manishjhanepal.com.np HTTP/2" 403 787 "-" "meta-externalagent/1.1 (+https://developers.facebook.com/docs/sharing/webmasters/crawler)"
57.141.20.6 - - [09/Jun/2026:18:08:45 +0545] "GET /shop/harvesthome/isocheim011699304220?fileloc=/home/aashishs/manishjhanepal.com.np/wp-activate.php&path=/home/aashishs/manishjhanepal.com.np HTTP/2" 403 787 "-" "meta-externalagent/1.1 (+https://developers.facebook.com/docs/sharing/webmasters/crawler)"
57.141.20.35 - - [09/Jun/2026:18:08:47 +0545] "GET /shop/harvesthome/isocheim011699304220?path=/home/aashishs/manishjhanepal.com.np/.tmb HTTP/2" 403 787 "-" "meta-externalagent/1.1 (+https://developers.facebook.com/docs/sharing/webmasters/crawler)"
57.141.20.62 - - [09/Jun/2026:18:08:48 +0545] "GET /shop/harvesthome/isocheim011699304220?fileloc=/home/aashishs/manishjhanepal.com.np/robots.txt&path=/home/aashishs/manishjhanepal.com.np HTTP/2" 403 787 "-" "meta-externalagent/1.1 (+https://developers.facebook.com/docs/sharing/webmasters/crawler)"
57.141.20.25 - - [09/Jun/2026:18:08:49 +0545] "GET /shop/harvesthome/isocheim011699304220?fileloc=/home/aashishs/manishjhanepal.com.np/wp-signup.php&path=/home/aashishs/manishjhanepal.com.np HTTP/2" 403 787 "-" "meta-externalagent/1.1 (+https://developers.facebook.com/docs/sharing/webmasters/crawler)"
57.141.20.71 - - [09/Jun/2026:18:08:49 +0545] "GET /shop/harvesthome/isocheim011699304220?fileloc=/home/aashishs/manishjhanepal.com.np/error_log&path=/home/aashishs/manishjhanepal.com.np HTTP/2" 403 787 "-" "meta-externalagent/1.1 (+https://developers.facebook.com/docs/sharing/webmasters/crawler)"
57.141.20.2 - - [09/Jun/2026:18:08:49 +0545] "GET /shop/secernment/label011333439513?fileloc=/home/aashishs/manishjhanepal.com.np/wp-blog-header.php&path=/home/aashishs/manishjhanepal.com.np HTTP/2" 403 787 "-" "meta-externalagent/1.1 (+https://developers.facebook.com/docs/sharing/webmasters/crawler)"
57.141.20.33 - - [09/Jun/2026:18:08:51 +0545] "GET /shop/harvesthome/isocheim011699304220?fileloc=/home/aashishs/manishjhanepal.com.np/wp-config.php&path=/home/aashishs/manishjhanepal.com.np HTTP/2" 403 787 "-" "meta-externalagent/1.1 (+https://developers.facebook.com/docs/sharing/webmasters/crawler)"
57.141.20.1 - - [09/Jun/2026:18:08:52 +0545] "GET /shop/harvesthome/isocheim011699304220?fileloc=/home/aashishs/manishjhanepal.com.np/google606bbeb7528500fa.html&path=/home/aashishs/manishjhanepal.com.np HTTP/2" 403 787 "-" "meta-externalagent/1.1 (+https://developers.facebook.com/docs/sharing/webmasters/crawler)"
57.141.20.17 - - [09/Jun/2026:18:08:54 +0545] "GET /sitemap-subitems-1143.xml?fileloc=/home/aashishs/manish.aashishshah.com.np/wp-admin/edit-link-form.php&path=/home/aashishs/manish.aashishshah.com.np/wp-admin HTTP/2" 200 21283 "-" "meta-externalagent/1.1 (+https://developers.facebook.com/docs/sharing/webmasters/crawler)"
57.141.20.17 - - [09/Jun/2026:18:08:55 +0545] "GET /sitemap-subitems-1143.xml?fileloc=/home/aashishs/manish.aashishshah.com.np/wp-admin/upgrade-functions.php&path=/home/aashishs/manish.aashishshah.com.np/wp-admin HTTP/2" 200 12874 "-" "meta-externalagent/1.1 (+https://developers.facebook.com/docs/sharing/webmasters/crawler)"
57.141.20.39 - - [09/Jun/2026:18:08:58 +0545] "GET /sitemap-subitems-1143.xml?fileloc=/home/aashishs/manish.aashishshah.com.np/wp-admin/install.php&path=/home/aashishs/manish.aashishshah.com.np/wp-admin HTTP/2" 200 35772 "-" "meta-externalagent/1.1 (+https://developers.facebook.com/docs/sharing/webmasters/crawler)"
57.141.20.31 - - [09/Jun/2026:18:08:47 +0545] "GET /shop/harvesthome/isocheim011699304220?fileloc=/home/aashishs/manishjhanepal.com.np/xmlrpc.php&path=/home/aashishs/manishjhanepal.com.np HTTP/2" 403 787 "-" "meta-externalagent/1.1 (+https://developers.facebook.com/docs/sharing/webmasters/crawler)"
57.141.20.43 - - [09/Jun/2026:18:08:47 +0545] "GET /shop/harvesthome/isocheim011699304220?fileloc=/home/aashishs/manishjhanepal.com.np/adminfuns.php&path=/home/aashishs/manishjhanepal.com.np HTTP/2" 403 787 "-" "meta-externalagent/1.1 (+https://developers.facebook.com/docs/sharing/webmasters/crawler)"
57.141.20.38 - - [09/Jun/2026:18:08:47 +0545] "GET /shop/harvesthome/isocheim011699304220?path=/home/aashishs/manishjhanepal.com.np/.wp-cli HTTP/2" 403 787 "-" "meta-externalagent/1.1 (+https://developers.facebook.com/docs/sharing/webmasters/crawler)"
57.141.20.54 - - [09/Jun/2026:18:08:49 +0545] "GET /shop/harvesthome/isocheim011699304220?fileloc=/home/aashishs/manishjhanepal.com.np/txets.php&path=/home/aashishs/manishjhanepal.com.np HTTP/2" 403 787 "-" "meta-externalagent/1.1 (+https://developers.facebook.com/docs/sharing/webmasters/crawler)"
57.141.20.34 - - [09/Jun/2026:18:08:50 +0545] "GET /shop/harvesthome/isocheim011699304220?fileloc=/home/aashishs/manishjhanepal.com.np/style.php&path=/home/aashishs/manishjhanepal.com.np HTTP/2" 403 787 "-" "meta-externalagent/1.1 (+https://developers.facebook.com/docs/sharing/webmasters/crawler)"
57.141.20.6 - - [09/Jun/2026:18:08:52 +0545] "GET /shop/depressor/catkin012336701646?path=/home/aashishs/manishjhanepal.com.np/cgi-bin HTTP/2" 403 787 "-" "meta-externalagent/1.1 (+https://developers.facebook.com/docs/sharing/webmasters/crawler)"
57.141.20.56 - - [09/Jun/2026:18:08:53 +0545] "GET /sitemap-subitems-1143.xml?path=/home/aashishs/manish.aashishshah.com.np/wp-admin/js HTTP/2" 200 170612 "-" "meta-externalagent/1.1 (+https://developers.facebook.com/docs/sharing/webmasters/crawler)"
57.141.20.16 - - [09/Jun/2026:18:08:53 +0545] "GET /sitemap-subitems-1143.xml?fileloc=/home/aashishs/manish.aashishshah.com.np/wp-admin/options-reading.php&path=/home/aashishs/manish.aashishshah.com.np/wp-admin HTTP/2" 200 26331 "-" "meta-externalagent/1.1 (+https://developers.facebook.com/docs/sharing/webmasters/crawler)"
57.141.20.10 - - [09/Jun/2026:18:08:55 +0545] "GET /sitemap-subitems-1143.xml?fileloc=/home/aashishs/manish.aashishshah.com.np/wp-admin/tools.php&path=/home/aashishs/manish.aashishshah.com.np/wp-admin HTTP/2" 200 16808 "-" "meta-externalagent/1.1 (+https://developers.facebook.com/docs/sharing/webmasters/crawler)"
57.141.20.62 - - [09/Jun/2026:18:08:55 +0545] "GET /sitemap-subitems-1143.xml?fileloc=/home/aashishs/manish.aashishshah.com.np/wp-admin/moderation.php&path=/home/aashishs/manish.aashishshah.com.np/wp-admin HTTP/2" 200 12823 "-" "meta-externalagent/1.1 (+https://developers.facebook.com/docs/sharing/webmasters/crawler)"
57.141.20.0 - - [09/Jun/2026:18:08:56 +0545] "GET /sitemap-subitems-1143.xml?fileloc=/home/aashishs/manish.aashishshah.com.np/wp-admin/site-health.php&path=/home/aashishs/manish.aashishshah.com.np/wp-admin HTTP/2" 200 25784 "-" "meta-externalagent/1.1 (+https://developers.facebook.com/docs/sharing/webmasters/crawler)"
57.141.20.43 - - [09/Jun/2026:18:09:00 +0545] "GET /sitemap-subitems-1143.xml?fileloc=/home/aashishs/manish.aashishshah.com.np/wp-includes/class-wp-block-patterns-registry.php&path=/home/aashishs/manish.aashishshah.com.np/wp-includes HTTP/2" 200 23265 "-" "meta-externalagent/1.1 (+https://developers.facebook.com/docs/sharing/webmasters/crawler)"
57.141.20.69 - - [09/Jun/2026:18:09:00 +0545] "GET /sitemap-subitems-1143.xml?fileloc=/home/aashishs/manish.aashishshah.com.np/wp-admin/admin-footer.php&path=/home/aashishs/manish.aashishshah.com.np/wp-admin HTTP/2" 200 15869 "-" "meta-externalagent/1.1 (+https://developers.facebook.com/docs/sharing/webmasters/crawler)"
57.141.20.6 - - [09/Jun/2026:18:08:57 +0545] "GET /sitemap-subitems-1143.xml?fileloc=/home/aashishs/manish.aashishshah.com.np/wp-admin/ms-options.php&path=/home/aashishs/manish.aashishshah.com.np/wp-admin HTTP/2" 200 12745 "-" "meta-externalagent/1.1 (+https://developers.facebook.com/docs/sharing/webmasters/crawler)"
57.141.20.31 - - [09/Jun/2026:18:08:58 +0545] "GET /sitemap-subitems-1143.xml?fileloc=/home/aashishs/manish.aashishshah.com.np/wp-admin/media-upload.php&path=/home/aashishs/manish.aashishshah.com.np/wp-admin HTTP/2" 200 16800 "-" "meta-externalagent/1.1 (+https://developers.facebook.com/docs/sharing/webmasters/crawler)"
57.141.20.47 - - [09/Jun/2026:18:08:58 +0545] "GET /sitemap-subitems-1143.xml?fileloc=/home/aashishs/manish.aashishshah.com.np/wp-admin/load-styles.php&path=/home/aashishs/manish.aashishshah.com.np/wp-admin HTTP/2" 200 16102 "-" "meta-externalagent/1.1 (+https://developers.facebook.com/docs/sharing/webmasters/crawler)"
57.141.20.60 - - [09/Jun/2026:18:09:01 +0545] "GET /sitemap-subitems-1143.xml?fileloc=/home/aashishs/manish.aashishshah.com.np/wp-admin/options-permalink.php&path=/home/aashishs/manish.aashishshah.com.np/wp-admin HTTP/2" 200 41123 "-" "meta-externalagent/1.1 (+https://developers.facebook.com/docs/sharing/webmasters/crawler)"
57.141.20.16 - - [09/Jun/2026:18:09:04 +0545] "GET /sitemap-subitems-1143.xml?fileloc=/home/aashishs/manish.aashishshah.com.np/wp-admin/post-new.php&path=/home/aashishs/manish.aashishshah.com.np/wp-admin HTTP/2" 200 15634 "-" "meta-externalagent/1.1 (+https://developers.facebook.com/docs/sharing/webmasters/crawler)"
57.141.20.59 - - [09/Jun/2026:18:09:04 +0545] "GET /sitemap-subitems-1143.xml?fileloc=/home/aashishs/manish.aashishshah.com.np/wp-admin/options-connectors.php&path=/home/aashishs/manish.aashishshah.com.np/wp-admin HTTP/2" 200 13860 "-" "meta-externalagent/1.1 (+https://developers.facebook.com/docs/sharing/webmasters/crawler)"
57.141.20.28 - - [09/Jun/2026:18:09:07 +0545] "GET /sitemap-subitems-1143.xml?fileloc=/home/aashishs/manish.aashishshah.com.np/wp-admin/upgrade.php&path=/home/aashishs/manish.aashishshah.com.np/wp-admin HTTP/2" 200 20173 "-" "meta-externalagent/1.1 (+https://developers.facebook.com/docs/sharing/webmasters/crawler)"
57.141.20.20 - - [09/Jun/2026:18:09:07 +0545] "GET /sitemap-subitems-1143.xml?fileloc=/home/aashishs/manish.aashishshah.com.np/wp-admin/edit-form-comment.php&path=/home/aashishs/manish.aashishshah.com.np/wp-admin HTTP/2" 200 24351 "-" "meta-externalagent/1.1 (+https://developers.facebook.com/docs/sharing/webmasters/crawler)"
57.141.20.16 - - [09/Jun/2026:18:09:08 +0545] "GET /sitemap-subitems-1143.xml?fileloc=/home/aashishs/manish.aashishshah.com.np/wp-admin/options-privacy.php&path=/home/aashishs/manish.aashishshah.com.np/wp-admin HTTP/2" 200 25152 "-" "meta-externalagent/1.1 (+https://developers.facebook.com/docs/sharing/webmasters/crawler)"
57.141.20.28 - - [09/Jun/2026:18:09:12 +0545] "GET /shop/harvesthome/isocheim011699304220?fileloc=/home/aashishs/manishjhanepal.com.np/inputs.php&path=/home/aashishs/manishjhanepal.com.np HTTP/2" 403 787 "-" "meta-externalagent/1.1 (+https://developers.facebook.com/docs/sharing/webmasters/crawler)"
57.141.20.30 - - [09/Jun/2026:18:09:12 +0545] "GET /sitemap-subitems-1143.xml?fileloc=/home/aashishs/manish.aashishshah.com.np/wp-admin/pucci.php&path=/home/aashishs/manish.aashishshah.com.np/wp-admin HTTP/2" 200 12488 "-" "meta-externalagent/1.1 (+https://developers.facebook.com/docs/sharing/webmasters/crawler)"
57.141.20.13 - - [09/Jun/2026:18:09:13 +0545] "GET /sitemap-subitems-1143.xml?fileloc=/home/aashishs/manish.aashishshah.com.np/wp-admin/setup-config.php&path=/home/aashishs/manish.aashishshah.com.np/wp-admin HTTP/2" 200 35215 "-" "meta-externalagent/1.1 (+https://developers.facebook.com/docs/sharing/webmasters/crawler)"
57.141.20.61 - - [09/Jun/2026:18:08:58 +0545] "GET /sitemap-subitems-1143.xml?fileloc=/home/aashishs/manish.aashishshah.com.np/wp-admin/load-scripts.php&path=/home/aashishs/manish.aashishshah.com.np/wp-admin HTTP/2" 200 14913 "-" "meta-externalagent/1.1 (+https://developers.facebook.com/docs/sharing/webmasters/crawler)"
57.141.20.39 - - [09/Jun/2026:18:09:00 +0545] "GET /sitemap-subitems-1143.xml?fileloc=/home/aashishs/manish.aashishshah.com.np/wp-admin/edit-tags.php&path=/home/aashishs/manish.aashishshah.com.np/wp-admin HTTP/2" 200 40446 "-" "meta-externalagent/1.1 (+https://developers.facebook.com/docs/sharing/webmasters/crawler)"
57.141.20.42 - - [09/Jun/2026:18:09:01 +0545] "GET /sitemap-subitems-1143.xml?fileloc=/home/aashishs/manish.aashishshah.com.np/wp-admin/update-core.php&path=/home/aashishs/manish.aashishshah.com.np/wp-admin HTTP/2" 200 69493 "-" "meta-externalagent/1.1 (+https://developers.facebook.com/docs/sharing/webmasters/crawler)"
57.141.20.29 - - [09/Jun/2026:18:09:02 +0545] "GET /sitemap-subitems-1143.xml?fileloc=/home/aashishs/manish.aashishshah.com.np/wp-admin/profile.php&path=/home/aashishs/manish.aashishshah.com.np/wp-admin HTTP/2" 200 12796 "-" "meta-externalagent/1.1 (+https://developers.facebook.com/docs/sharing/webmasters/crawler)"
57.141.20.16 - - [09/Jun/2026:18:09:03 +0545] "GET /sitemap-subitems-1143.xml?fileloc=/home/aashishs/manish.aashishshah.com.np/wp-admin/ms-admin.php&path=/home/aashishs/manish.aashishshah.com.np/wp-admin HTTP/2" 200 12700 "-" "meta-externalagent/1.1 (+https://developers.facebook.com/docs/sharing/webmasters/crawler)"
57.141.20.25 - - [09/Jun/2026:18:09:06 +0545] "GET /sitemap-subitems-1143.xml?fileloc=/home/aashishs/manish.aashishshah.com.np/wp-admin/privacy-policy-guide.php&path=/home/aashishs/manish.aashishshah.com.np/wp-admin HTTP/2" 200 17224 "-" "meta-externalagent/1.1 (+https://developers.facebook.com/docs/sharing/webmasters/crawler)"
57.141.20.20 - - [09/Jun/2026:18:09:08 +0545] "GET /sitemap-subitems-1143.xml?fileloc=/home/aashishs/manish.aashishshah.com.np/wp-admin/async-upload.php&path=/home/aashishs/manish.aashishshah.com.np/wp-admin HTTP/2" 200 19424 "-" "meta-externalagent/1.1 (+https://developers.facebook.com/docs/sharing/webmasters/crawler)"
57.141.20.20 - - [09/Jun/2026:18:09:09 +0545] "GET /shop/harvesthome/isocheim011699304220?fileloc=/home/aashishs/manishjhanepal.com.np/googlef15fc659d89a2145.html&path=/home/aashishs/manishjhanepal.com.np HTTP/2" 403 787 "-" "meta-externalagent/1.1 (+https://developers.facebook.com/docs/sharing/webmasters/crawler)"
57.141.20.16 - - [09/Jun/2026:18:09:09 +0545] "GET /sitemap-subitems-1143.xml?fileloc=/home/aashishs/manish.aashishshah.com.np/wp-admin/ms-upgrade-network.php&path=/home/aashishs/manish.aashishshah.com.np/wp-admin HTTP/2" 200 12743 "-" "meta-externalagent/1.1 (+https://developers.facebook.com/docs/sharing/webmasters/crawler)"
57.141.20.17 - - [09/Jun/2026:18:09:09 +0545] "GET /sitemap-subitems-1143.xml?path=/home/aashishs/manish.aashishshah.com.np/wp-admin/includes HTTP/2" 200 190640 "-" "meta-externalagent/1.1 (+https://developers.facebook.com/docs/sharing/webmasters/crawler)"
57.141.20.55 - - [09/Jun/2026:18:09:11 +0545] "GET /sitemap-subitems-1143.xml?fileloc=/home/aashishs/manish.aashishshah.com.np/wp-admin/media.php&path=/home/aashishs/manish.aashishshah.com.np/wp-admin HTTP/2" 200 13454 "-" "meta-externalagent/1.1 (+https://developers.facebook.com/docs/sharing/webmasters/crawler)"
57.141.20.21 - - [09/Jun/2026:18:09:12 +0545] "GET /sitemap-subitems-1143.xml?path=/home/aashishs/manish.aashishshah.com.np/.wp-cli/cache HTTP/2" 200 14376 "-" "meta-externalagent/1.1 (+https://developers.facebook.com/docs/sharing/webmasters/crawler)"
57.141.20.26 - - [09/Jun/2026:18:09:14 +0545] "GET /sitemap-subitems-1143.xml?fileloc=/home/aashishs/manish.aashishshah.com.np/wp-admin/options.php&path=/home/aashishs/manish.aashishshah.com.np/wp-admin HTTP/2" 200 30209 "-" "meta-externalagent/1.1 (+https://developers.facebook.com/docs/sharing/webmasters/crawler)"
85.208.96.206 - - [09/Jun/2026:18:08:58 +0545] "GET /94311232655.htm HTTP/1.1" 200 5577 "-" "Mozilla/5.0 (compatible; SemrushBot/7~bl; +http://www.semrush.com/bot.html)"
57.141.20.28 - - [09/Jun/2026:18:08:59 +0545] "GET /shop/fermillet/bornyl01613813679?path=/home/aashishs/manishjhanepal.com.np/images HTTP/2" 403 787 "-" "meta-externalagent/1.1 (+https://developers.facebook.com/docs/sharing/webmasters/crawler)"
57.141.20.7 - - [09/Jun/2026:18:08:59 +0545] "GET /sitemap-subitems-1143.xml?fileloc=/home/aashishs/manish.aashishshah.com.np/wp-admin/admin-functions.php&path=/home/aashishs/manish.aashishshah.com.np/wp-admin HTTP/2" 200 13045 "-" "meta-externalagent/1.1 (+https://developers.facebook.com/docs/sharing/webmasters/crawler)"
57.141.20.31 - - [09/Jun/2026:18:09:00 +0545] "GET /sitemap-subitems-1143.xml?fileloc=/home/aashishs/manish.aashishshah.com.np/wp-includes/cache-compat.php&path=/home/aashishs/manish.aashishshah.com.np/wp-includes HTTP/2" 200 24031 "-" "meta-externalagent/1.1 (+https://developers.facebook.com/docs/sharing/webmasters/crawler)"
57.141.20.42 - - [09/Jun/2026:18:09:03 +0545] "GET /shop/fermillet/bornyl01613813679?path=/home/aashishs/manishjhanepal.com.np/wp-includes HTTP/2" 403 787 "-" "meta-externalagent/1.1 (+https://developers.facebook.com/docs/sharing/webmasters/crawler)"
57.141.20.1 - - [09/Jun/2026:18:09:04 +0545] "GET /sitemap-subitems-1143.xml?fileloc=/home/aashishs/manish.aashishshah.com.np/wp-admin/upload.php&path=/home/aashishs/manish.aashishshah.com.np/wp-admin HTTP/2" 200 31879 "-" "meta-externalagent/1.1 (+https://developers.facebook.com/docs/sharing/webmasters/crawler)"
