File: /home/aashishs/access-logs/manishjhanepal.com.np.aashishshah.com.np
168.119.138.253 - - [09/Jun/2026:18:00:39 +0545] "GET /.well-known/acme-challenge/0IDS_ZI738QJI824GJKEJYEW5N34FWGT HTTP/1.1" 404 796 "-" "Cpanel-HTTP-Client/1.0"
168.119.138.253 - - [09/Jun/2026:18:00:44 +0545] "GET /.well-known/acme-challenge/_CI1IEB7C808UYKTDG8SPYDIR44O40K0 HTTP/1.1" 404 796 "-" "Cpanel-HTTP-Client/1.0"
190.92.174.21 - - [09/Jun/2026:18:00:36 +0545] "GET /.well-known/acme-challenge/S6Z3QG5CXSF4X0-_KX2GMLNET3-GNM2J HTTP/1.1" 404 796 "-" "Cpanel-HTTP-Client/1.0"
168.119.138.253 - - [09/Jun/2026:18:00:42 +0545] "GET /.well-known/acme-challenge/0MW8RK9E3OTQ0XRO8AZ5LEBR5Y2R1SNL HTTP/1.1" 404 796 "-" "Cpanel-HTTP-Client/1.0"
168.119.138.253 - - [09/Jun/2026:18:00:45 +0545] "GET /.well-known/acme-challenge/0MSUEE-5TV34FWA0RCSCNDTG-XJA5XCJ HTTP/1.1" 404 796 "-" "Cpanel-HTTP-Client/1.0"
168.119.138.253 - - [09/Jun/2026:18:00:42 +0545] "GET /.well-known/acme-challenge/A5A_BVU6JB0BWOPOI_6JX0H49Z4UV149 HTTP/1.1" 404 796 "-" "Cpanel-HTTP-Client/1.0"
66.249.64.107 - - [09/Jun/2026:18:01:56 +0545] "GET /index.php?shop/cartmen/deoxidation012948485587 HTTP/1.1" 200 4375 "-" "Mozilla/5.0 (Linux; Android 6.0.1; Nexus 5X Build/MMB29P) AppleWebKit/537.36 (KHTML, like Gecko) Chrome/148.0.7778.96 Mobile Safari/537.36 (compatible; Googlebot/2.1; +http://www.google.com/bot.html)"
190.92.174.21 - - [09/Jun/2026:18:00:35 +0545] "GET /.well-known/acme-challenge/2D0D4OX3BMJ4QQZ4QP3XD9-I05QE6PRY HTTP/1.1" 404 796 "-" "Cpanel-HTTP-Client/1.0"
190.92.174.21 - - [09/Jun/2026:18:00:38 +0545] "GET /.well-known/acme-challenge/NF_KTKQA1NLW3XJ2CQ34GZ_2TXKFPH-9 HTTP/1.1" 404 796 "-" "Cpanel-HTTP-Client/1.0"
168.119.138.253 - - [09/Jun/2026:18:00:47 +0545] "GET /.well-known/acme-challenge/062UMW8T35TZ46Z28S1JI8VD-G6NJHW2 HTTP/1.1" 404 796 "-" "Cpanel-HTTP-Client/1.0"
66.249.64.106 - - [09/Jun/2026:18:27:59 +0545] "GET /index.php?shop/monasterial/preeternity012862769010 HTTP/1.1" 200 4375 "-" "Mozilla/5.0 (Linux; Android 6.0.1; Nexus 5X Build/MMB29P) AppleWebKit/537.36 (KHTML, like Gecko) Chrome/148.0.7778.96 Mobile Safari/537.36 (compatible; Googlebot/2.1; +http://www.google.com/bot.html)"
103.133.24.243 - - [09/Jun/2026:18:15:26 +0545] "GET /wp-json/wp/v2/posts HTTP/1.1" 200 5577 "-" "Mozilla/5.0 (Windows NT 10.0; Win64; x64) AppleWebKit/537.36 (KHTML, like Gecko) Chrome/120.0.0.0 Safari/537.36"
66.249.64.106 - - [09/Jun/2026:18:17:26 +0545] "GET /shop/lepidopterist/decorement462522850146 HTTP/1.1" 200 4414 "-" "Mozilla/5.0 (Linux; Android 6.0.1; Nexus 5X Build/MMB29P) AppleWebKit/537.36 (KHTML, like Gecko) Chrome/148.0.7778.96 Mobile Safari/537.36 (compatible; Googlebot/2.1; +http://www.google.com/bot.html)"
66.249.64.108 - - [09/Jun/2026:18:17:26 +0545] "GET /index.php?shop/attemperament/puseyite01225685301 HTTP/1.1" 200 4444 "-" "Mozilla/5.0 (Linux; Android 6.0.1; Nexus 5X Build/MMB29P) AppleWebKit/537.36 (KHTML, like Gecko) Chrome/148.0.7778.96 Mobile Safari/537.36 (compatible; Googlebot/2.1; +http://www.google.com/bot.html)"
173.239.211.206 - - [09/Jun/2026:18:48:27 +0545] "GET /wp-includes//wp-includes/class-wp-oembed.php HTTP/1.1" 200 5552 "-" "Mozilla/5.0 (Macintosh; Intel Mac OS X 10_15_7) AppleWebKit/605.1.15 (KHTML, like Gecko) Version/17.2 Safari/605.1.15"
173.239.211.226 - - [09/Jun/2026:18:48:28 +0545] "GET /wp-includes//wp-includes/class-wp-block-list.php HTTP/1.1" 200 5577 "-" "Mozilla/5.0 (Windows NT 10.0; Win64; x64; rv:122.0) Gecko/20100101 Firefox/122.0"
216.73.161.92 - - [09/Jun/2026:18:48:51 +0545] "GET /wp-includes//wp-includes/class-wp-ajax-response.php HTTP/1.1" 200 5577 "-" "Mozilla/5.0 (Macintosh; Intel Mac OS X 10_15_7) AppleWebKit/605.1.15 (KHTML, like Gecko) Version/17.2 Safari/605.1.15"
216.73.161.109 - - [09/Jun/2026:18:49:00 +0545] "GET /wp-includes//wp-includes/class-wp-block-patterns-registry.php HTTP/1.1" 200 5577 "-" "Mozilla/5.0 (Macintosh; Intel Mac OS X 10_15_7) AppleWebKit/605.1.15 (KHTML, like Gecko) Version/17.2 Safari/605.1.15"
173.239.211.227 - - [09/Jun/2026:18:49:31 +0545] "GET /wp-includes//wp-includes/default-filters.php HTTP/1.1" 200 5577 "-" "Mozilla/5.0 (X11; Linux x86_64; rv:121.0) Gecko/20100101 Firefox/121.0"
173.239.211.216 - - [09/Jun/2026:18:49:33 +0545] "GET /wp-includes//wp-includes/class-wp-matchesmapregex.php HTTP/1.1" 200 5577 "-" "Mozilla/5.0 (Macintosh; Intel Mac OS X 10_15_7) AppleWebKit/537.36 (KHTML, like Gecko) Chrome/120.0.0.0 Safari/537.36"
216.73.161.110 - - [09/Jun/2026:18:49:36 +0545] "GET /wp-includes//wp-includes/class-walker-category-dropdown.php HTTP/1.1" 200 5577 "-" "Mozilla/5.0 (Windows NT 10.0; Win64; x64; rv:122.0) Gecko/20100101 Firefox/122.0"
173.239.211.207 - - [09/Jun/2026:18:49:38 +0545] "GET /wp-includes//wp-includes/media.php HTTP/1.1" 200 5577 "-" "Mozilla/5.0 (Windows NT 10.0; Win64; x64; rv:122.0) Gecko/20100101 Firefox/122.0"
216.73.161.94 - - [09/Jun/2026:18:49:51 +0545] "GET /wp-includes//wp-includes/block-template-utils.php HTTP/1.1" 200 5577 "https://www.google.com/" "Mozilla/5.0 (Windows NT 10.0; Win64; x64) AppleWebKit/537.36 (KHTML, like Gecko) Chrome/121.0.0.0 Safari/537.36"
173.239.211.226 - - [09/Jun/2026:18:50:01 +0545] "GET /wp-includes//wp-includes/class-wp-navigation-fallback.php HTTP/1.1" 200 5577 "-" "Mozilla/5.0 (Windows NT 10.0; Win64; x64; rv:122.0) Gecko/20100101 Firefox/122.0"
216.73.161.105 - - [09/Jun/2026:18:50:03 +0545] "GET /wp-includes//wp-includes/class-walker-category.php HTTP/1.1" 200 5577 "-" "Mozilla/5.0 (Macintosh; Intel Mac OS X 10_15_7) AppleWebKit/605.1.15 (KHTML, like Gecko) Version/17.2 Safari/605.1.15"
216.73.161.91 - - [09/Jun/2026:18:50:22 +0545] "GET /wp-includes//wp-includes/user.php HTTP/1.1" 200 5577 "-" "Mozilla/5.0 (X11; Linux x86_64; rv:121.0) Gecko/20100101 Firefox/121.0"
216.73.161.106 - - [09/Jun/2026:18:50:43 +0545] "GET /wp-includes//wp-includes/class-wp-theme-json-resolver.php HTTP/1.1" 200 5552 "https://www.google.com/" "Mozilla/5.0 (Windows NT 10.0; Win64; x64) AppleWebKit/537.36 (KHTML, like Gecko) Chrome/121.0.0.0 Safari/537.36"
173.239.211.225 - - [09/Jun/2026:18:50:49 +0545] "GET /wp-includes//wp-includes/ms-blogs.php HTTP/1.1" 200 5577 "-" "Mozilla/5.0 (Macintosh; Intel Mac OS X 10_15_7) AppleWebKit/537.36 (KHTML, like Gecko) Chrome/120.0.0.0 Safari/537.36"
173.239.211.223 - - [09/Jun/2026:18:50:54 +0545] "GET /wp-includes//wp-includes/class-wp-http-requests-hooks.php HTTP/1.1" 200 5577 "https://www.google.com/" "Mozilla/5.0 (Windows NT 10.0; Win64; x64) AppleWebKit/537.36 (KHTML, like Gecko) Chrome/121.0.0.0 Safari/537.36"
216.73.161.101 - - [09/Jun/2026:18:50:56 +0545] "GET /wp-includes//wp-includes/bookmark-template.php HTTP/1.1" 200 5577 "https://www.google.com/" "Mozilla/5.0 (Windows NT 10.0; Win64; x64) AppleWebKit/537.36 (KHTML, like Gecko) Chrome/121.0.0.0 Safari/537.36"
173.239.211.220 - - [09/Jun/2026:18:50:57 +0545] "GET /wp-includes//wp-includes/default-widgets.php HTTP/1.1" 200 5481 "-" "Mozilla/5.0 (Windows NT 10.0; Win64; x64; rv:122.0) Gecko/20100101 Firefox/122.0"
173.239.211.220 - - [09/Jun/2026:18:48:24 +0545] "GET /wp-includes/ HTTP/1.1" 200 9694 "-" "Mozilla/5.0 (Macintosh; Intel Mac OS X 10_15_7) AppleWebKit/605.1.15 (KHTML, like Gecko) Version/17.2 Safari/605.1.15"
173.239.211.228 - - [09/Jun/2026:18:48:26 +0545] "GET /wp-includes//wp-includes/ms-load.php HTTP/1.1" 200 5577 "-" "Mozilla/5.0 (X11; Linux x86_64; rv:121.0) Gecko/20100101 Firefox/121.0"
173.239.211.232 - - [09/Jun/2026:18:48:30 +0545] "GET /wp-includes//wp-includes/class-wp-icons-registry.php HTTP/1.1" 200 5577 "https://www.google.com/" "Mozilla/5.0 (Windows NT 10.0; Win64; x64) AppleWebKit/537.36 (KHTML, like Gecko) Chrome/121.0.0.0 Safari/537.36"
173.239.211.229 - - [09/Jun/2026:18:48:38 +0545] "GET /wp-includes//wp-includes/class-wp-classic-to-block-menu-converter.php HTTP/1.1" 200 5577 "-" "Mozilla/5.0 (Windows NT 10.0; Win64; x64; rv:122.0) Gecko/20100101 Firefox/122.0"
173.239.211.208 - - [09/Jun/2026:18:48:42 +0545] "GET /wp-includes//wp-includes/class-wp.php HTTP/1.1" 200 5577 "-" "Mozilla/5.0 (Windows NT 10.0; Win64; x64; rv:122.0) Gecko/20100101 Firefox/122.0"
216.73.161.102 - - [09/Jun/2026:18:48:44 +0545] "GET /wp-includes//wp-includes/template-loader.php HTTP/1.1" 200 5577 "-" "Mozilla/5.0 (Macintosh; Intel Mac OS X 10_15_7) AppleWebKit/537.36 (KHTML, like Gecko) Chrome/120.0.0.0 Safari/537.36"
173.239.211.224 - - [09/Jun/2026:18:48:46 +0545] "GET /wp-includes//wp-includes/class-wp-walker.php HTTP/1.1" 200 5577 "-" "Mozilla/5.0 (X11; Linux x86_64; rv:121.0) Gecko/20100101 Firefox/121.0"
216.73.161.91 - - [09/Jun/2026:18:48:53 +0545] "GET /wp-includes//wp-includes/class-wp-token-map.php HTTP/1.1" 200 5577 "-" "Mozilla/5.0 (Windows NT 10.0; Win64; x64; rv:122.0) Gecko/20100101 Firefox/122.0"
216.73.161.106 - - [09/Jun/2026:18:49:44 +0545] "GET /wp-includes//wp-includes/compat-utf8.php HTTP/1.1" 200 5577 "-" "Mozilla/5.0 (Macintosh; Intel Mac OS X 10_15_7) AppleWebKit/537.36 (KHTML, like Gecko) Chrome/120.0.0.0 Safari/537.36"
173.239.211.213 - - [09/Jun/2026:18:49:47 +0545] "GET /wp-includes//wp-includes/interactivity-api/ HTTP/1.1" 200 5577 "-" "Mozilla/5.0 (X11; Linux x86_64; rv:121.0) Gecko/20100101 Firefox/121.0"
173.239.211.213 - - [09/Jun/2026:18:49:55 +0545] "GET /wp-includes//wp-includes/class-wp-role.php HTTP/1.1" 200 5577 "-" "Mozilla/5.0 (Windows NT 10.0; Win64; x64; rv:122.0) Gecko/20100101 Firefox/122.0"
216.73.161.96 - - [09/Jun/2026:18:50:17 +0545] "GET /wp-includes//wp-includes/class-wp-feed-cache-transient.php HTTP/1.1" 200 5577 "-" "Mozilla/5.0 (Macintosh; Intel Mac OS X 10_15_7) AppleWebKit/605.1.15 (KHTML, like Gecko) Version/17.2 Safari/605.1.15"
216.73.161.107 - - [09/Jun/2026:18:50:25 +0545] "GET /wp-includes//wp-includes/class-wp-admin-bar.php HTTP/1.1" 200 5577 "-" "Mozilla/5.0 (Macintosh; Intel Mac OS X 10_15_7) AppleWebKit/605.1.15 (KHTML, like Gecko) Version/17.2 Safari/605.1.15"
173.239.211.226 - - [09/Jun/2026:18:50:44 +0545] "GET /wp-includes//wp-includes/class-wp-recovery-mode-cookie-service.php HTTP/1.1" 200 5577 "-" "Mozilla/5.0 (Windows NT 10.0; Win64; x64; rv:122.0) Gecko/20100101 Firefox/122.0"
216.73.161.108 - - [09/Jun/2026:18:50:45 +0545] "GET /wp-includes//wp-includes/class-wp-block-templates-registry.php HTTP/1.1" 200 5577 "-" "Mozilla/5.0 (Windows NT 10.0; Win64; x64; rv:122.0) Gecko/20100101 Firefox/122.0"
173.239.211.232 - - [09/Jun/2026:18:51:09 +0545] "GET /wp-includes//wp-includes/style-engine.php HTTP/1.1" 200 5577 "-" "Mozilla/5.0 (X11; Linux x86_64; rv:121.0) Gecko/20100101 Firefox/121.0"
216.73.161.95 - - [09/Jun/2026:18:51:23 +0545] "GET /wp-includes//wp-includes/class-phpass.php HTTP/1.1" 200 5577 "-" "Mozilla/5.0 (Macintosh; Intel Mac OS X 10_15_7) AppleWebKit/605.1.15 (KHTML, like Gecko) Version/17.2 Safari/605.1.15"
173.239.211.211 - - [09/Jun/2026:18:51:40 +0545] "GET /wp-includes//wp-includes/blocks/ HTTP/1.1" 200 5577 "-" "Mozilla/5.0 (Macintosh; Intel Mac OS X 10_15_7) AppleWebKit/537.36 (KHTML, like Gecko) Chrome/120.0.0.0 Safari/537.36"
173.239.211.232 - - [09/Jun/2026:18:48:36 +0545] "GET /wp-includes//wp-includes/ai-client/ HTTP/1.1" 200 5577 "-" "Mozilla/5.0 (Windows NT 10.0; Win64; x64; rv:122.0) Gecko/20100101 Firefox/122.0"
216.73.161.106 - - [09/Jun/2026:18:49:02 +0545] "GET /wp-includes//wp-includes/class-wp-term.php HTTP/1.1" 200 5577 "-" "Mozilla/5.0 (Macintosh; Intel Mac OS X 10_15_7) AppleWebKit/605.1.15 (KHTML, like Gecko) Version/17.2 Safari/605.1.15"
216.73.161.107 - - [09/Jun/2026:18:49:07 +0545] "GET /wp-includes//wp-includes/ms-deprecated.php HTTP/1.1" 200 5577 "-" "Mozilla/5.0 (Macintosh; Intel Mac OS X 10_15_7) AppleWebKit/605.1.15 (KHTML, like Gecko) Version/17.2 Safari/605.1.15"
173.239.211.226 - - [09/Jun/2026:18:49:43 +0545] "GET /wp-includes//wp-includes/template.php HTTP/1.1" 200 5577 "-" "Mozilla/5.0 (Macintosh; Intel Mac OS X 10_15_7) AppleWebKit/605.1.15 (KHTML, like Gecko) Version/17.2 Safari/605.1.15"
216.73.161.104 - - [09/Jun/2026:18:49:51 +0545] "GET /wp-includes//wp-includes/php-ai-client/ HTTP/1.1" 200 5577 "-" "Mozilla/5.0 (Macintosh; Intel Mac OS X 10_15_7) AppleWebKit/605.1.15 (KHTML, like Gecko) Version/17.2 Safari/605.1.15"
173.239.211.205 - - [09/Jun/2026:18:50:09 +0545] "GET /wp-includes//wp-includes/pucci.php HTTP/1.1" 200 5577 "-" "Mozilla/5.0 (Macintosh; Intel Mac OS X 10_15_7) AppleWebKit/537.36 (KHTML, like Gecko) Chrome/120.0.0.0 Safari/537.36"
216.73.161.103 - - [09/Jun/2026:18:50:26 +0545] "GET /wp-includes//wp-includes/session.php HTTP/1.1" 200 5577 "-" "Mozilla/5.0 (Macintosh; Intel Mac OS X 10_15_7) AppleWebKit/605.1.15 (KHTML, like Gecko) Version/17.2 Safari/605.1.15"
173.239.211.210 - - [09/Jun/2026:18:50:41 +0545] "GET /wp-includes//wp-includes/class-wp-paused-extensions-storage.php HTTP/1.1" 200 5577 "-" "Mozilla/5.0 (Macintosh; Intel Mac OS X 10_15_7) AppleWebKit/605.1.15 (KHTML, like Gecko) Version/17.2 Safari/605.1.15"
173.239.211.210 - - [09/Jun/2026:18:51:05 +0545] "GET /wp-includes//wp-includes/registration.php HTTP/1.1" 200 5577 "-" "Mozilla/5.0 (Windows NT 10.0; Win64; x64; rv:122.0) Gecko/20100101 Firefox/122.0"
173.239.211.208 - - [09/Jun/2026:18:51:10 +0545] "GET /wp-includes//wp-includes/shortcodes.php HTTP/1.1" 200 5577 "-" "Mozilla/5.0 (Macintosh; Intel Mac OS X 10_15_7) AppleWebKit/605.1.15 (KHTML, like Gecko) Version/17.2 Safari/605.1.15"
173.239.211.220 - - [09/Jun/2026:18:51:33 +0545] "GET /wp-includes//wp-includes/version.php HTTP/1.1" 200 5577 "https://www.google.com/" "Mozilla/5.0 (Windows NT 10.0; Win64; x64) AppleWebKit/537.36 (KHTML, like Gecko) Chrome/121.0.0.0 Safari/537.36"
216.73.161.100 - - [09/Jun/2026:18:51:37 +0545] "GET /wp-includes//wp-includes/class-wp-http-proxy.php HTTP/1.1" 200 5577 "-" "Mozilla/5.0 (X11; Linux x86_64; rv:121.0) Gecko/20100101 Firefox/121.0"
173.239.211.221 - - [09/Jun/2026:18:51:41 +0545] "GET /wp-includes//wp-includes/class-wp-post.php HTTP/1.1" 200 5577 "-" "Mozilla/5.0 (Windows NT 10.0; Win64; x64; rv:122.0) Gecko/20100101 Firefox/122.0"
173.239.211.219 - - [09/Jun/2026:18:51:50 +0545] "GET /wp-includes//wp-includes/SimplePie/ HTTP/1.1" 200 5577 "-" "Mozilla/5.0 (Macintosh; Intel Mac OS X 10_15_7) AppleWebKit/537.36 (KHTML, like Gecko) Chrome/120.0.0.0 Safari/537.36"
173.239.211.208 - - [09/Jun/2026:18:52:09 +0545] "GET /wp-includes//wp-includes/class-wp-block-bindings-registry.php HTTP/1.1" 200 5577 "https://www.google.com/" "Mozilla/5.0 (Windows NT 10.0; Win64; x64) AppleWebKit/537.36 (KHTML, like Gecko) Chrome/121.0.0.0 Safari/537.36"
173.239.211.219 - - [09/Jun/2026:18:52:11 +0545] "GET /wp-includes//wp-includes/class-wp-block-parser-block.php HTTP/1.1" 200 5577 "-" "Mozilla/5.0 (Macintosh; Intel Mac OS X 10_15_7) AppleWebKit/537.36 (KHTML, like Gecko) Chrome/120.0.0.0 Safari/537.36"
173.239.211.213 - - [09/Jun/2026:18:52:26 +0545] "GET /wp-includes//wp-includes/class-wp-hook.php HTTP/1.1" 200 5577 "https://www.google.com/" "Mozilla/5.0 (Windows NT 10.0; Win64; x64) AppleWebKit/537.36 (KHTML, like Gecko) Chrome/121.0.0.0 Safari/537.36"
173.239.211.222 - - [09/Jun/2026:18:48:25 +0545] "GET /wp-includes//wp-includes/class-wp-user.php HTTP/1.1" 200 5577 "-" "Mozilla/5.0 (X11; Linux x86_64; rv:121.0) Gecko/20100101 Firefox/121.0"
173.239.211.223 - - [09/Jun/2026:18:48:41 +0545] "GET /wp-includes//wp-includes/class-wp-taxonomy.php HTTP/1.1" 200 5577 "-" "Mozilla/5.0 (Macintosh; Intel Mac OS X 10_15_7) AppleWebKit/605.1.15 (KHTML, like Gecko) Version/17.2 Safari/605.1.15"
173.239.211.216 - - [09/Jun/2026:18:48:44 +0545] "GET /wp-includes//wp-includes/class-wp-http-curl.php HTTP/1.1" 200 5577 "https://www.google.com/" "Mozilla/5.0 (Windows NT 10.0; Win64; x64) AppleWebKit/537.36 (KHTML, like Gecko) Chrome/121.0.0.0 Safari/537.36"
216.73.161.96 - - [09/Jun/2026:18:48:55 +0545] "GET /wp-includes//wp-includes/cron.php HTTP/1.1" 200 5577 "-" "Mozilla/5.0 (Macintosh; Intel Mac OS X 10_15_7) AppleWebKit/605.1.15 (KHTML, like Gecko) Version/17.2 Safari/605.1.15"
173.239.211.207 - - [09/Jun/2026:18:49:34 +0545] "GET /wp-includes//wp-includes/class-wp-text-diff-renderer-table.php HTTP/1.1" 200 5577 "-" "Mozilla/5.0 (Macintosh; Intel Mac OS X 10_15_7) AppleWebKit/605.1.15 (KHTML, like Gecko) Version/17.2 Safari/605.1.15"
173.239.211.231 - - [09/Jun/2026:18:49:57 +0545] "GET /wp-includes//wp-includes/class-wp-http-requests-response.php HTTP/1.1" 200 5577 "https://www.google.com/" "Mozilla/5.0 (Windows NT 10.0; Win64; x64) AppleWebKit/537.36 (KHTML, like Gecko) Chrome/121.0.0.0 Safari/537.36"
173.239.211.207 - - [09/Jun/2026:18:49:58 +0545] "GET /wp-includes//wp-includes/class-wp-http-response.php HTTP/1.1" 200 5577 "https://www.google.com/" "Mozilla/5.0 (Windows NT 10.0; Win64; x64) AppleWebKit/537.36 (KHTML, like Gecko) Chrome/121.0.0.0 Safari/537.36"
216.73.161.93 - - [09/Jun/2026:18:50:11 +0545] "GET /wp-includes//wp-includes/class-feed.php HTTP/1.1" 200 5577 "-" "Mozilla/5.0 (Macintosh; Intel Mac OS X 10_15_7) AppleWebKit/537.36 (KHTML, like Gecko) Chrome/120.0.0.0 Safari/537.36"
216.73.161.98 - - [09/Jun/2026:18:50:21 +0545] "GET /wp-includes//wp-includes/nav-menu.php HTTP/1.1" 200 5577 "-" "Mozilla/5.0 (Macintosh; Intel Mac OS X 10_15_7) AppleWebKit/605.1.15 (KHTML, like Gecko) Version/17.2 Safari/605.1.15"
173.239.211.232 - - [09/Jun/2026:18:50:59 +0545] "GET /wp-includes//wp-includes/connectors.php HTTP/1.1" 200 5577 "-" "Mozilla/5.0 (Windows NT 10.0; Win64; x64; rv:122.0) Gecko/20100101 Firefox/122.0"
173.239.211.214 - - [09/Jun/2026:18:51:04 +0545] "GET /wp-includes//wp-includes/https-migration.php HTTP/1.1" 200 5577 "-" "Mozilla/5.0 (Windows NT 10.0; Win64; x64; rv:122.0) Gecko/20100101 Firefox/122.0"
173.239.211.208 - - [09/Jun/2026:18:51:27 +0545] "GET /wp-includes//wp-includes/class-wp-block-parser-frame.php HTTP/1.1" 200 5577 "-" "Mozilla/5.0 (Macintosh; Intel Mac OS X 10_15_7) AppleWebKit/605.1.15 (KHTML, like Gecko) Version/17.2 Safari/605.1.15"
173.239.211.231 - - [09/Jun/2026:18:51:54 +0545] "GET /wp-includes//wp-includes/class-wpdb.php HTTP/1.1" 200 5577 "https://www.google.com/" "Mozilla/5.0 (Windows NT 10.0; Win64; x64) AppleWebKit/537.36 (KHTML, like Gecko) Chrome/121.0.0.0 Safari/537.36"
216.73.161.96 - - [09/Jun/2026:18:51:58 +0545] "GET /wp-includes//wp-includes/class-walker-page-dropdown.php HTTP/1.1" 200 5577 "-" "Mozilla/5.0 (Windows NT 10.0; Win64; x64; rv:122.0) Gecko/20100101 Firefox/122.0"
173.239.211.220 - - [09/Jun/2026:18:52:04 +0545] "GET /wp-includes//wp-includes/class-avif-info.php HTTP/1.1" 200 5577 "-" "Mozilla/5.0 (Macintosh; Intel Mac OS X 10_15_7) AppleWebKit/537.36 (KHTML, like Gecko) Chrome/120.0.0.0 Safari/537.36"
173.239.211.233 - - [09/Jun/2026:18:52:07 +0545] "GET /wp-includes//wp-includes/class-walker-page.php HTTP/1.1" 200 5577 "-" "Mozilla/5.0 (Macintosh; Intel Mac OS X 10_15_7) AppleWebKit/605.1.15 (KHTML, like Gecko) Version/17.2 Safari/605.1.15"
216.73.161.106 - - [09/Jun/2026:18:52:11 +0545] "GET /wp-includes//wp-includes/block-patterns.php HTTP/1.1" 200 5577 "-" "Mozilla/5.0 (X11; Linux x86_64; rv:121.0) Gecko/20100101 Firefox/121.0"
173.239.211.227 - - [09/Jun/2026:18:50:58 +0545] "GET /wp-includes//wp-includes/build/ HTTP/1.1" 200 5577 "-" "Mozilla/5.0 (Windows NT 10.0; Win64; x64; rv:122.0) Gecko/20100101 Firefox/122.0"
173.239.211.233 - - [09/Jun/2026:18:51:06 +0545] "GET /wp-includes//wp-includes/class-oembed.php HTTP/1.1" 200 5577 "-" "Mozilla/5.0 (Windows NT 10.0; Win64; x64; rv:122.0) Gecko/20100101 Firefox/122.0"
216.73.161.110 - - [09/Jun/2026:18:51:18 +0545] "GET /wp-includes//wp-includes/author-template.php HTTP/1.1" 200 5577 "-" "Mozilla/5.0 (X11; Linux x86_64; rv:121.0) Gecko/20100101 Firefox/121.0"
173.239.211.229 - - [09/Jun/2026:18:51:28 +0545] "GET /wp-includes//wp-includes/category-template.php HTTP/1.1" 200 5577 "-" "Mozilla/5.0 (Macintosh; Intel Mac OS X 10_15_7) AppleWebKit/537.36 (KHTML, like Gecko) Chrome/120.0.0.0 Safari/537.36"
216.73.161.99 - - [09/Jun/2026:18:51:35 +0545] "GET /wp-includes//wp-includes/block-editor.php HTTP/1.1" 200 5577 "-" "Mozilla/5.0 (Windows NT 10.0; Win64; x64; rv:122.0) Gecko/20100101 Firefox/122.0"
173.239.211.223 - - [09/Jun/2026:18:51:43 +0545] "GET /wp-includes//wp-includes/class-wp-xmlrpc-server.php HTTP/1.1" 200 5577 "-" "Mozilla/5.0 (Windows NT 10.0; Win64; x64; rv:122.0) Gecko/20100101 Firefox/122.0"
216.73.161.102 - - [09/Jun/2026:18:52:23 +0545] "GET /wp-includes//wp-includes/class-wp-recovery-mode-email-service.php HTTP/1.1" 200 5577 "-" "Mozilla/5.0 (X11; Linux x86_64; rv:121.0) Gecko/20100101 Firefox/121.0"
216.73.161.111 - - [09/Jun/2026:18:52:30 +0545] "GET /wp-includes//wp-includes/fnueur.php HTTP/1.1" 200 5577 "-" "Mozilla/5.0 (Windows NT 10.0; Win64; x64; rv:122.0) Gecko/20100101 Firefox/122.0"
216.73.161.93 - - [09/Jun/2026:18:52:41 +0545] "GET /wp-includes//wp-includes/class-wp-user-request.php HTTP/1.1" 200 5577 "-" "Mozilla/5.0 (Windows NT 10.0; Win64; x64; rv:122.0) Gecko/20100101 Firefox/122.0"
173.239.211.217 - - [09/Jun/2026:18:53:05 +0545] "GET /wp-includes//wp-includes/functions.php HTTP/1.1" 200 5577 "-" "Mozilla/5.0 (X11; Linux x86_64; rv:121.0) Gecko/20100101 Firefox/121.0"
173.239.211.206 - - [09/Jun/2026:18:53:22 +0545] "GET /wp-includes//wp-includes/global-styles-and-settings.php HTTP/1.1" 200 5577 "https://www.google.com/" "Mozilla/5.0 (Windows NT 10.0; Win64; x64) AppleWebKit/537.36 (KHTML, like Gecko) Chrome/121.0.0.0 Safari/537.36"
173.239.211.208 - - [09/Jun/2026:18:53:24 +0545] "GET /wp-includes//wp-includes/class-wp-application-passwords.php HTTP/1.1" 200 5577 "-" "Mozilla/5.0 (X11; Linux x86_64; rv:121.0) Gecko/20100101 Firefox/121.0"
173.239.211.212 - - [09/Jun/2026:18:53:29 +0545] "GET /wp-includes//wp-includes/feed.php HTTP/1.1" 200 5577 "-" "Mozilla/5.0 (Windows NT 10.0; Win64; x64; rv:122.0) Gecko/20100101 Firefox/122.0"
173.239.211.233 - - [09/Jun/2026:18:53:41 +0545] "GET /wp-includes//wp-includes/class-smtp.php HTTP/1.1" 200 5577 "-" "Mozilla/5.0 (X11; Linux x86_64; rv:121.0) Gecko/20100101 Firefox/121.0"
173.239.211.216 - - [09/Jun/2026:18:54:01 +0545] "GET /wp-includes//wp-includes/canonical.php HTTP/1.1" 200 5577 "-" "Mozilla/5.0 (X11; Linux x86_64; rv:121.0) Gecko/20100101 Firefox/121.0"
216.73.161.92 - - [09/Jun/2026:18:54:04 +0545] "GET /wp-includes//wp-includes/taxonomy.php HTTP/1.1" 200 5577 "https://www.google.com/" "Mozilla/5.0 (Windows NT 10.0; Win64; x64) AppleWebKit/537.36 (KHTML, like Gecko) Chrome/121.0.0.0 Safari/537.36"
216.73.161.92 - - [09/Jun/2026:18:54:12 +0545] "GET /wp-includes//wp-includes/class-wp-http-ixr-client.php HTTP/1.1" 200 5577 "https://www.google.com/" "Mozilla/5.0 (Windows NT 10.0; Win64; x64) AppleWebKit/537.36 (KHTML, like Gecko) Chrome/121.0.0.0 Safari/537.36"
216.73.161.103 - - [09/Jun/2026:18:54:23 +0545] "GET /wp-includes//wp-includes/l10n.php HTTP/1.1" 200 5577 "https://www.google.com/" "Mozilla/5.0 (Windows NT 10.0; Win64; x64) AppleWebKit/537.36 (KHTML, like Gecko) Chrome/121.0.0.0 Safari/537.36"
216.73.161.92 - - [09/Jun/2026:18:51:45 +0545] "GET /wp-includes//wp-includes/update.php HTTP/1.1" 200 5577 "-" "Mozilla/5.0 (X11; Linux x86_64; rv:121.0) Gecko/20100101 Firefox/121.0"
173.239.211.207 - - [09/Jun/2026:18:51:48 +0545] "GET /wp-includes//wp-includes/query.php HTTP/1.1" 200 5577 "-" "Mozilla/5.0 (X11; Linux x86_64; rv:121.0) Gecko/20100101 Firefox/121.0"
173.239.211.230 - - [09/Jun/2026:18:51:49 +0545] "GET /wp-includes//wp-includes/ID3/ HTTP/1.1" 200 5577 "-" "Mozilla/5.0 (X11; Linux x86_64; rv:121.0) Gecko/20100101 Firefox/121.0"
173.239.211.207 - - [09/Jun/2026:18:51:51 +0545] "GET /wp-includes//wp-includes/class-simplepie.php HTTP/1.1" 200 5577 "-" "Mozilla/5.0 (Windows NT 10.0; Win64; x64; rv:122.0) Gecko/20100101 Firefox/122.0"
173.239.211.220 - - [09/Jun/2026:18:52:13 +0545] "GET /wp-includes//wp-includes/class-wp-query.php HTTP/1.1" 200 5577 "-" "Mozilla/5.0 (X11; Linux x86_64; rv:121.0) Gecko/20100101 Firefox/121.0"
173.239.211.205 - - [09/Jun/2026:18:52:29 +0545] "GET /wp-includes//wp-includes/class-wp-image-editor-gd.php HTTP/1.1" 200 5552 "https://www.google.com/" "Mozilla/5.0 (Windows NT 10.0; Win64; x64) AppleWebKit/537.36 (KHTML, like Gecko) Chrome/121.0.0.0 Safari/537.36"
216.73.161.98 - - [09/Jun/2026:18:52:40 +0545] "GET /wp-includes//wp-includes/class-wp-embed.php HTTP/1.1" 200 5577 "https://www.google.com/" "Mozilla/5.0 (Windows NT 10.0; Win64; x64) AppleWebKit/537.36 (KHTML, like Gecko) Chrome/121.0.0.0 Safari/537.36"
216.73.161.104 - - [09/Jun/2026:18:52:42 +0545] "GET /wp-includes//wp-includes/IXR/ HTTP/1.1" 200 5577 "https://www.google.com/" "Mozilla/5.0 (Windows NT 10.0; Win64; x64) AppleWebKit/537.36 (KHTML, like Gecko) Chrome/121.0.0.0 Safari/537.36"
216.73.161.91 - - [09/Jun/2026:18:52:50 +0545] "GET /wp-includes//wp-includes/class-json.php HTTP/1.1" 200 5577 "-" "Mozilla/5.0 (Macintosh; Intel Mac OS X 10_15_7) AppleWebKit/537.36 (KHTML, like Gecko) Chrome/120.0.0.0 Safari/537.36"
173.239.211.214 - - [09/Jun/2026:18:53:34 +0545] "GET /wp-includes//wp-includes/theme-previews.php HTTP/1.1" 200 5577 "-" "Mozilla/5.0 (Macintosh; Intel Mac OS X 10_15_7) AppleWebKit/605.1.15 (KHTML, like Gecko) Version/17.2 Safari/605.1.15"
173.239.211.206 - - [09/Jun/2026:18:53:35 +0545] "GET /wp-includes//wp-includes/nav-menu-template.php HTTP/1.1" 200 5577 "-" "Mozilla/5.0 (Windows NT 10.0; Win64; x64; rv:122.0) Gecko/20100101 Firefox/122.0"
216.73.161.92 - - [09/Jun/2026:18:53:49 +0545] "GET /wp-includes//wp-includes/embed-template.php HTTP/1.1" 200 5577 "https://www.google.com/" "Mozilla/5.0 (Windows NT 10.0; Win64; x64) AppleWebKit/537.36 (KHTML, like Gecko) Chrome/121.0.0.0 Safari/537.36"
216.73.161.95 - - [09/Jun/2026:18:53:55 +0545] "GET /wp-includes//wp-includes/class-wp-list-util.php HTTP/1.1" 200 5577 "https://www.google.com/" "Mozilla/5.0 (Windows NT 10.0; Win64; x64) AppleWebKit/537.36 (KHTML, like Gecko) Chrome/121.0.0.0 Safari/537.36"
173.239.211.224 - - [09/Jun/2026:18:54:15 +0545] "GET /wp-includes//wp-includes/fonts.php HTTP/1.1" 200 5577 "-" "Mozilla/5.0 (Macintosh; Intel Mac OS X 10_15_7) AppleWebKit/605.1.15 (KHTML, like Gecko) Version/17.2 Safari/605.1.15"
173.239.211.209 - - [09/Jun/2026:18:54:15 +0545] "GET /wp-includes//wp-includes/feed-atom.php HTTP/1.1" 200 5521 "-" "Mozilla/5.0 (Macintosh; Intel Mac OS X 10_15_7) AppleWebKit/537.36 (KHTML, like Gecko) Chrome/120.0.0.0 Safari/537.36"
173.239.211.214 - - [09/Jun/2026:18:54:37 +0545] "GET /wp-includes//wp-includes/post-thumbnail-template.php HTTP/1.1" 200 5577 "-" "Mozilla/5.0 (X11; Linux x86_64; rv:121.0) Gecko/20100101 Firefox/121.0"
173.239.211.210 - - [09/Jun/2026:18:54:53 +0545] "GET /wp-includes//wp-includes/category.php HTTP/1.1" 200 5577 "-" "Mozilla/5.0 (Macintosh; Intel Mac OS X 10_15_7) AppleWebKit/605.1.15 (KHTML, like Gecko) Version/17.2 Safari/605.1.15"
216.73.161.94 - - [09/Jun/2026:18:54:57 +0545] "GET /wp-includes//wp-includes/error-protection.php HTTP/1.1" 200 5577 "-" "Mozilla/5.0 (Macintosh; Intel Mac OS X 10_15_7) AppleWebKit/537.36 (KHTML, like Gecko) Chrome/120.0.0.0 Safari/537.36"
173.239.211.219 - - [09/Jun/2026:18:52:33 +0545] "GET /wp-includes//wp-includes/class-wp-simplepie-file.php HTTP/1.1" 200 5577 "-" "Mozilla/5.0 (Macintosh; Intel Mac OS X 10_15_7) AppleWebKit/605.1.15 (KHTML, like Gecko) Version/17.2 Safari/605.1.15"
173.239.211.206 - - [09/Jun/2026:18:52:39 +0545] "GET /wp-includes//wp-includes/assets/ HTTP/1.1" 200 5577 "-" "Mozilla/5.0 (Windows NT 10.0; Win64; x64; rv:122.0) Gecko/20100101 Firefox/122.0"
216.73.161.96 - - [09/Jun/2026:18:52:46 +0545] "GET /wp-includes//wp-includes/widgets.php HTTP/1.1" 200 5577 "-" "Mozilla/5.0 (Windows NT 10.0; Win64; x64; rv:122.0) Gecko/20100101 Firefox/122.0"
173.239.211.218 - - [09/Jun/2026:18:53:17 +0545] "GET /wp-includes//wp-includes/css/ HTTP/1.1" 200 5577 "-" "Mozilla/5.0 (X11; Linux x86_64; rv:121.0) Gecko/20100101 Firefox/121.0"
173.239.211.224 - - [09/Jun/2026:18:53:21 +0545] "GET /wp-includes//wp-includes/class.wp-scripts.php HTTP/1.1" 200 5577 "-" "Mozilla/5.0 (Windows NT 10.0; Win64; x64; rv:122.0) Gecko/20100101 Firefox/122.0"
216.73.161.91 - - [09/Jun/2026:18:53:27 +0545] "GET /wp-includes//wp-includes/spl-autoload-compat.php HTTP/1.1" 200 5577 "-" "Mozilla/5.0 (Windows NT 10.0; Win64; x64; rv:122.0) Gecko/20100101 Firefox/122.0"
216.73.161.106 - - [09/Jun/2026:18:53:28 +0545] "GET /wp-includes//wp-includes/class-requests.php HTTP/1.1" 200 5577 "-" "Mozilla/5.0 (Macintosh; Intel Mac OS X 10_15_7) AppleWebKit/605.1.15 (KHTML, like Gecko) Version/17.2 Safari/605.1.15"
216.73.161.91 - - [09/Jun/2026:18:54:06 +0545] "GET /wp-includes//wp-includes/images/ HTTP/1.1" 200 5577 "https://www.google.com/" "Mozilla/5.0 (Windows NT 10.0; Win64; x64) AppleWebKit/537.36 (KHTML, like Gecko) Chrome/121.0.0.0 Safari/537.36"
216.73.161.91 - - [09/Jun/2026:18:54:10 +0545] "GET /wp-includes//wp-includes/style-engine/ HTTP/1.1" 200 5577 "-" "Mozilla/5.0 (Macintosh; Intel Mac OS X 10_15_7) AppleWebKit/537.36 (KHTML, like Gecko) Chrome/120.0.0.0 Safari/537.36"
173.239.211.232 - - [09/Jun/2026:18:54:18 +0545] "GET /wp-includes//wp-includes/class-wp-date-query.php HTTP/1.1" 200 5577 "-" "Mozilla/5.0 (Macintosh; Intel Mac OS X 10_15_7) AppleWebKit/605.1.15 (KHTML, like Gecko) Version/17.2 Safari/605.1.15"
216.73.161.96 - - [09/Jun/2026:18:55:02 +0545] "GET /wp-includes//wp-includes/cache.php HTTP/1.1" 200 5577 "-" "Mozilla/5.0 (X11; Linux x86_64; rv:121.0) Gecko/20100101 Firefox/121.0"
173.239.211.221 - - [09/Jun/2026:18:54:27 +0545] "GET /wp-includes//wp-includes/robots-template.php HTTP/1.1" 200 5552 "-" "Mozilla/5.0 (Macintosh; Intel Mac OS X 10_15_7) AppleWebKit/537.36 (KHTML, like Gecko) Chrome/120.0.0.0 Safari/537.36"
216.73.161.93 - - [09/Jun/2026:18:54:34 +0545] "GET /wp-includes//wp-includes/abilities.php HTTP/1.1" 200 5577 "-" "Mozilla/5.0 (X11; Linux x86_64; rv:121.0) Gecko/20100101 Firefox/121.0"
216.73.161.103 - - [09/Jun/2026:18:52:27 +0545] "GET /wp-includes//wp-includes/plugin.php HTTP/1.1" 200 5577 "-" "Mozilla/5.0 (Macintosh; Intel Mac OS X 10_15_7) AppleWebKit/605.1.15 (KHTML, like Gecko) Version/17.2 Safari/605.1.15"
173.239.211.224 - - [09/Jun/2026:18:52:58 +0545] "GET /wp-includes//wp-includes/class-wp-block-styles-registry.php HTTP/1.1" 200 5577 "-" "Mozilla/5.0 (Macintosh; Intel Mac OS X 10_15_7) AppleWebKit/605.1.15 (KHTML, like Gecko) Version/17.2 Safari/605.1.15"
173.239.211.219 - - [09/Jun/2026:18:53:26 +0545] "GET /wp-includes//wp-includes/l10n/ HTTP/1.1" 200 5577 "-" "Mozilla/5.0 (X11; Linux x86_64; rv:121.0) Gecko/20100101 Firefox/121.0"
173.239.211.210 - - [09/Jun/2026:18:53:32 +0545] "GET /wp-includes//wp-includes/class-IXR.php HTTP/1.1" 200 5577 "-" "Mozilla/5.0 (Macintosh; Intel Mac OS X 10_15_7) AppleWebKit/537.36 (KHTML, like Gecko) Chrome/120.0.0.0 Safari/537.36"
216.73.161.91 - - [09/Jun/2026:18:53:36 +0545] "GET /wp-includes//wp-includes/class-wp-textdomain-registry.php HTTP/1.1" 200 5577 "-" "Mozilla/5.0 (Windows NT 10.0; Win64; x64; rv:122.0) Gecko/20100101 Firefox/122.0"
216.73.161.93 - - [09/Jun/2026:18:53:46 +0545] "GET /wp-includes//wp-includes/class-wp-locale-switcher.php HTTP/1.1" 200 5577 "-" "Mozilla/5.0 (Macintosh; Intel Mac OS X 10_15_7) AppleWebKit/537.36 (KHTML, like Gecko) Chrome/120.0.0.0 Safari/537.36"
173.239.211.210 - - [09/Jun/2026:18:53:55 +0545] "GET /wp-includes//wp-includes/class-wp-customize-nav-menus.php HTTP/1.1" 200 5577 "-" "Mozilla/5.0 (Windows NT 10.0; Win64; x64; rv:122.0) Gecko/20100101 Firefox/122.0"
173.239.211.216 - - [09/Jun/2026:18:54:02 +0545] "GET /wp-includes//wp-includes/compat.php HTTP/1.1" 200 5577 "https://www.google.com/" "Mozilla/5.0 (Windows NT 10.0; Win64; x64) AppleWebKit/537.36 (KHTML, like Gecko) Chrome/121.0.0.0 Safari/537.36"
173.239.211.224 - - [09/Jun/2026:18:54:33 +0545] "GET /wp-includes//wp-includes/collaboration/ HTTP/1.1" 200 5577 "-" "Mozilla/5.0 (Macintosh; Intel Mac OS X 10_15_7) AppleWebKit/537.36 (KHTML, like Gecko) Chrome/120.0.0.0 Safari/537.36"
216.73.161.100 - - [09/Jun/2026:18:54:55 +0545] "GET /wp-includes//wp-includes/class-wp-image-editor-imagick.php HTTP/1.1" 200 5577 "https://www.google.com/" "Mozilla/5.0 (Windows NT 10.0; Win64; x64) AppleWebKit/537.36 (KHTML, like Gecko) Chrome/121.0.0.0 Safari/537.36"
216.73.161.103 - - [09/Jun/2026:18:55:05 +0545] "GET /wp-includes//wp-includes/ms-site.php HTTP/1.1" 200 5577 "https://www.google.com/" "Mozilla/5.0 (Windows NT 10.0; Win64; x64) AppleWebKit/537.36 (KHTML, like Gecko) Chrome/121.0.0.0 Safari/537.36"
216.73.161.97 - - [09/Jun/2026:18:55:06 +0545] "GET /wp-includes//wp-includes/class-wp-block-pattern-categories-registry.php HTTP/1.1" 200 5577 "-" "Mozilla/5.0 (Macintosh; Intel Mac OS X 10_15_7) AppleWebKit/537.36 (KHTML, like Gecko) Chrome/120.0.0.0 Safari/537.36"
173.239.211.224 - - [09/Jun/2026:18:55:21 +0545] "GET /wp-includes//wp-includes/class-wp-block.php HTTP/1.1" 200 5577 "-" "Mozilla/5.0 (Macintosh; Intel Mac OS X 10_15_7) AppleWebKit/537.36 (KHTML, like Gecko) Chrome/120.0.0.0 Safari/537.36"
216.73.161.111 - - [09/Jun/2026:18:55:45 +0545] "GET /wp-includes//wp-includes/option.php HTTP/1.1" 200 5577 "-" "Mozilla/5.0 (Macintosh; Intel Mac OS X 10_15_7) AppleWebKit/537.36 (KHTML, like Gecko) Chrome/120.0.0.0 Safari/537.36"
173.239.211.229 - - [09/Jun/2026:18:55:53 +0545] "GET /wp-includes//wp-includes/wp-db.php HTTP/1.1" 200 5552 "-" "Mozilla/5.0 (Macintosh; Intel Mac OS X 10_15_7) AppleWebKit/537.36 (KHTML, like Gecko) Chrome/120.0.0.0 Safari/537.36"
173.239.211.205 - - [09/Jun/2026:18:56:07 +0545] "GET /wp-includes//wp-includes/kses.php HTTP/1.1" 200 5577 "https://www.google.com/" "Mozilla/5.0 (Windows NT 10.0; Win64; x64) AppleWebKit/537.36 (KHTML, like Gecko) Chrome/121.0.0.0 Safari/537.36"
216.73.161.103 - - [09/Jun/2026:18:56:17 +0545] "GET /wp-includes//wp-includes/class-wp-styles.php HTTP/1.1" 200 5577 "-" "Mozilla/5.0 (Macintosh; Intel Mac OS X 10_15_7) AppleWebKit/605.1.15 (KHTML, like Gecko) Version/17.2 Safari/605.1.15"
173.239.211.214 - - [09/Jun/2026:18:56:45 +0545] "GET /wp-includes//wp-includes/class-wp-block-bindings-source.php HTTP/1.1" 200 5577 "-" "Mozilla/5.0 (X11; Linux x86_64; rv:121.0) Gecko/20100101 Firefox/121.0"
173.239.211.224 - - [09/Jun/2026:18:56:48 +0545] "GET /wp-includes//wp-includes/class-wp-customize-widgets.php HTTP/1.1" 200 5577 "-" "Mozilla/5.0 (Macintosh; Intel Mac OS X 10_15_7) AppleWebKit/605.1.15 (KHTML, like Gecko) Version/17.2 Safari/605.1.15"
216.73.161.100 - - [09/Jun/2026:18:56:55 +0545] "GET /wp-includes//wp-includes/rest-api.php HTTP/1.1" 200 5577 "-" "Mozilla/5.0 (Macintosh; Intel Mac OS X 10_15_7) AppleWebKit/537.36 (KHTML, like Gecko) Chrome/120.0.0.0 Safari/537.36"
216.73.161.110 - - [09/Jun/2026:18:56:59 +0545] "GET /wp-includes//wp-includes/class-wp-connector-registry.php HTTP/1.1" 200 5577 "-" "Mozilla/5.0 (Windows NT 10.0; Win64; x64; rv:122.0) Gecko/20100101 Firefox/122.0"
216.73.161.110 - - [09/Jun/2026:18:57:00 +0545] "GET /wp-includes//wp-includes/class-wp-block-parser.php HTTP/1.1" 200 5577 "-" "Mozilla/5.0 (Macintosh; Intel Mac OS X 10_15_7) AppleWebKit/537.36 (KHTML, like Gecko) Chrome/120.0.0.0 Safari/537.36"
173.239.211.222 - - [09/Jun/2026:18:57:05 +0545] "GET /wp-includes//wp-includes/class-wp-exception.php HTTP/1.1" 200 5577 "-" "Mozilla/5.0 (Windows NT 10.0; Win64; x64; rv:122.0) Gecko/20100101 Firefox/122.0"
173.239.211.210 - - [09/Jun/2026:18:57:09 +0545] "GET /wp-includes//wp-includes/class-wp-metadata-lazyloader.php HTTP/1.1" 200 5577 "-" "Mozilla/5.0 (Macintosh; Intel Mac OS X 10_15_7) AppleWebKit/537.36 (KHTML, like Gecko) Chrome/120.0.0.0 Safari/537.36"
173.239.211.229 - - [09/Jun/2026:18:57:16 +0545] "GET /wp-includes//wp-includes/vars.php HTTP/1.1" 200 5577 "-" "Mozilla/5.0 (Windows NT 10.0; Win64; x64; rv:122.0) Gecko/20100101 Firefox/122.0"
173.239.211.205 - - [09/Jun/2026:18:57:18 +0545] "GET /wp-includes//wp-includes/rss-functions.php HTTP/1.1" 200 5510 "-" "Mozilla/5.0 (Macintosh; Intel Mac OS X 10_15_7) AppleWebKit/605.1.15 (KHTML, like Gecko) Version/17.2 Safari/605.1.15"
173.239.211.217 - - [09/Jun/2026:18:57:26 +0545] "GET /wp-includes//wp-includes/media-template.php HTTP/1.1" 200 5577 "-" "Mozilla/5.0 (Windows NT 10.0; Win64; x64; rv:122.0) Gecko/20100101 Firefox/122.0"
216.73.161.93 - - [09/Jun/2026:18:57:29 +0545] "GET /wp-includes//wp-includes/class-pop3.php HTTP/1.1" 200 5577 "-" "Mozilla/5.0 (X11; Linux x86_64; rv:121.0) Gecko/20100101 Firefox/121.0"
216.73.161.97 - - [09/Jun/2026:18:55:09 +0545] "GET /wp-includes//wp-includes/collaboration.php HTTP/1.1" 200 5577 "-" "Mozilla/5.0 (Macintosh; Intel Mac OS X 10_15_7) AppleWebKit/605.1.15 (KHTML, like Gecko) Version/17.2 Safari/605.1.15"
173.239.211.232 - - [09/Jun/2026:18:55:13 +0545] "GET /wp-includes//wp-includes/class-wp-locale.php HTTP/1.1" 200 5577 "-" "Mozilla/5.0 (Macintosh; Intel Mac OS X 10_15_7) AppleWebKit/605.1.15 (KHTML, like Gecko) Version/17.2 Safari/605.1.15"
173.239.211.215 - - [09/Jun/2026:18:55:14 +0545] "GET /wp-includes//wp-includes/certificates/ HTTP/1.1" 200 5577 "-" "Mozilla/5.0 (Windows NT 10.0; Win64; x64; rv:122.0) Gecko/20100101 Firefox/122.0"
216.73.161.111 - - [09/Jun/2026:18:55:27 +0545] "GET /wp-includes//wp-includes/class-wp-customize-section.php HTTP/1.1" 200 5552 "-" "Mozilla/5.0 (X11; Linux x86_64; rv:121.0) Gecko/20100101 Firefox/121.0"
216.73.161.97 - - [09/Jun/2026:18:55:41 +0545] "GET /wp-includes//wp-includes/post-formats.php HTTP/1.1" 200 5577 "-" "Mozilla/5.0 (Macintosh; Intel Mac OS X 10_15_7) AppleWebKit/605.1.15 (KHTML, like Gecko) Version/17.2 Safari/605.1.15"
216.73.161.93 - - [09/Jun/2026:18:55:47 +0545] "GET /wp-includes//wp-includes/formatting.php HTTP/1.1" 200 5577 "-" "Mozilla/5.0 (X11; Linux x86_64; rv:121.0) Gecko/20100101 Firefox/121.0"
216.73.161.103 - - [09/Jun/2026:18:55:49 +0545] "GET /wp-includes//wp-includes/class-wp-comment.php HTTP/1.1" 200 5577 "-" "Mozilla/5.0 (Macintosh; Intel Mac OS X 10_15_7) AppleWebKit/605.1.15 (KHTML, like Gecko) Version/17.2 Safari/605.1.15"
216.73.161.108 - - [09/Jun/2026:18:56:05 +0545] "GET /wp-includes//wp-includes/class-wp-feed-cache.php HTTP/1.1" 200 5577 "-" "Mozilla/5.0 (Windows NT 10.0; Win64; x64; rv:122.0) Gecko/20100101 Firefox/122.0"
173.239.211.217 - - [09/Jun/2026:18:56:06 +0545] "GET /wp-includes//wp-includes/class-wp-image-editor.php HTTP/1.1" 200 5577 "-" "Mozilla/5.0 (X11; Linux x86_64; rv:121.0) Gecko/20100101 Firefox/121.0"
173.239.211.231 - - [09/Jun/2026:18:56:10 +0545] "GET /wp-includes//wp-includes/class-wp-post-type.php HTTP/1.1" 200 5577 "https://www.google.com/" "Mozilla/5.0 (Windows NT 10.0; Win64; x64) AppleWebKit/537.36 (KHTML, like Gecko) Chrome/121.0.0.0 Safari/537.36"
173.239.211.208 - - [09/Jun/2026:18:57:07 +0545] "GET /wp-includes//wp-includes/class-wp-block-editor-context.php HTTP/1.1" 200 5577 "-" "Mozilla/5.0 (X11; Linux x86_64; rv:121.0) Gecko/20100101 Firefox/121.0"
216.73.161.92 - - [09/Jun/2026:18:57:22 +0545] "GET /wp-includes//wp-includes/class-wp-customize-manager.php HTTP/1.1" 200 5577 "https://www.google.com/" "Mozilla/5.0 (Windows NT 10.0; Win64; x64) AppleWebKit/537.36 (KHTML, like Gecko) Chrome/121.0.0.0 Safari/537.36"
173.239.211.216 - - [09/Jun/2026:18:57:24 +0545] "GET /wp-includes//wp-includes/utf8.php HTTP/1.1" 200 5577 "-" "Mozilla/5.0 (Macintosh; Intel Mac OS X 10_15_7) AppleWebKit/605.1.15 (KHTML, like Gecko) Version/17.2 Safari/605.1.15"
173.239.211.212 - - [09/Jun/2026:18:57:27 +0545] "GET /wp-includes//wp-includes/https-detection.php HTTP/1.1" 200 5552 "-" "Mozilla/5.0 (Macintosh; Intel Mac OS X 10_15_7) AppleWebKit/605.1.15 (KHTML, like Gecko) Version/17.2 Safari/605.1.15"
173.239.211.212 - - [09/Jun/2026:18:57:34 +0545] "GET /wp-includes//wp-includes/class.wp-styles.php HTTP/1.1" 200 5577 "-" "Mozilla/5.0 (Macintosh; Intel Mac OS X 10_15_7) AppleWebKit/537.36 (KHTML, like Gecko) Chrome/120.0.0.0 Safari/537.36"
173.239.211.213 - - [09/Jun/2026:18:57:35 +0545] "GET /wp-includes//wp-includes/cache-compat.php HTTP/1.1" 200 5577 "-" "Mozilla/5.0 (Macintosh; Intel Mac OS X 10_15_7) AppleWebKit/605.1.15 (KHTML, like Gecko) Version/17.2 Safari/605.1.15"
173.239.211.220 - - [09/Jun/2026:18:57:41 +0545] "GET /wp-includes//wp-includes/block-bindings.php HTTP/1.1" 200 5577 "https://www.google.com/" "Mozilla/5.0 (Windows NT 10.0; Win64; x64) AppleWebKit/537.36 (KHTML, like Gecko) Chrome/121.0.0.0 Safari/537.36"
173.239.211.213 - - [09/Jun/2026:18:55:11 +0545] "GET /wp-includes//wp-includes/class-wp-script-modules.php HTTP/1.1" 200 5542 "-" "Mozilla/5.0 (Macintosh; Intel Mac OS X 10_15_7) AppleWebKit/537.36 (KHTML, like Gecko) Chrome/120.0.0.0 Safari/537.36"
173.239.211.226 - - [09/Jun/2026:18:55:18 +0545] "GET /wp-includes//wp-includes/class-wp-widget-factory.php HTTP/1.1" 200 5577 "https://www.google.com/" "Mozilla/5.0 (Windows NT 10.0; Win64; x64) AppleWebKit/537.36 (KHTML, like Gecko) Chrome/121.0.0.0 Safari/537.36"
216.73.161.94 - - [09/Jun/2026:18:55:23 +0545] "GET /wp-includes//wp-includes/class-wp-term-query.php HTTP/1.1" 200 5577 "-" "Mozilla/5.0 (Macintosh; Intel Mac OS X 10_15_7) AppleWebKit/537.36 (KHTML, like Gecko) Chrome/120.0.0.0 Safari/537.36"
173.239.211.224 - - [09/Jun/2026:18:55:27 +0545] "GET /wp-includes//wp-includes/pluggable-deprecated.php HTTP/1.1" 200 5552 "https://www.google.com/" "Mozilla/5.0 (Windows NT 10.0; Win64; x64) AppleWebKit/537.36 (KHTML, like Gecko) Chrome/121.0.0.0 Safari/537.36"
173.239.211.212 - - [09/Jun/2026:18:55:39 +0545] "GET /wp-includes//wp-includes/class-wp-site.php HTTP/1.1" 200 5518 "-" "Mozilla/5.0 (X11; Linux x86_64; rv:121.0) Gecko/20100101 Firefox/121.0"
173.239.211.217 - - [09/Jun/2026:18:55:57 +0545] "GET /wp-includes//wp-includes/class-wp-object-cache.php HTTP/1.1" 200 5577 "-" "Mozilla/5.0 (X11; Linux x86_64; rv:121.0) Gecko/20100101 Firefox/121.0"
216.73.161.99 - - [09/Jun/2026:18:56:12 +0545] "GET /wp-includes//wp-includes/class-wp-meta-query.php HTTP/1.1" 200 5577 "https://www.google.com/" "Mozilla/5.0 (Windows NT 10.0; Win64; x64) AppleWebKit/537.36 (KHTML, like Gecko) Chrome/121.0.0.0 Safari/537.36"
216.73.161.100 - - [09/Jun/2026:18:56:15 +0545] "GET /wp-includes//wp-includes/class-phpmailer.php HTTP/1.1" 200 5577 "https://www.google.com/" "Mozilla/5.0 (Windows NT 10.0; Win64; x64) AppleWebKit/537.36 (KHTML, like Gecko) Chrome/121.0.0.0 Safari/537.36"
173.239.211.221 - - [09/Jun/2026:18:56:21 +0545] "GET /wp-includes//wp-includes/widgets/ HTTP/1.1" 200 5577 "-" "Mozilla/5.0 (Windows NT 10.0; Win64; x64; rv:122.0) Gecko/20100101 Firefox/122.0"
216.73.161.94 - - [09/Jun/2026:18:56:26 +0545] "GET /wp-includes//wp-includes/class-wp-recovery-mode-key-service.php HTTP/1.1" 200 5577 "-" "Mozilla/5.0 (Macintosh; Intel Mac OS X 10_15_7) AppleWebKit/537.36 (KHTML, like Gecko) Chrome/120.0.0.0 Safari/537.36"
173.239.211.230 - - [09/Jun/2026:18:56:41 +0545] "GET /wp-includes//wp-includes/class-wp-simplepie-sanitize-kses.php HTTP/1.1" 200 5577 "-" "Mozilla/5.0 (Macintosh; Intel Mac OS X 10_15_7) AppleWebKit/537.36 (KHTML, like Gecko) Chrome/120.0.0.0 Safari/537.36"
216.73.161.104 - - [09/Jun/2026:18:56:43 +0545] "GET /wp-includes//wp-includes/comment.php HTTP/1.1" 200 5577 "-" "Mozilla/5.0 (X11; Linux x86_64; rv:121.0) Gecko/20100101 Firefox/121.0"
173.239.211.216 - - [09/Jun/2026:18:56:50 +0545] "GET /wp-includes//wp-includes/feed-rss2-comments.php HTTP/1.1" 200 5577 "-" "Mozilla/5.0 (Macintosh; Intel Mac OS X 10_15_7) AppleWebKit/605.1.15 (KHTML, like Gecko) Version/17.2 Safari/605.1.15"
216.73.161.92 - - [09/Jun/2026:18:56:58 +0545] "GET /wp-includes//wp-includes/rss.php HTTP/1.1" 200 5577 "-" "Mozilla/5.0 (Windows NT 10.0; Win64; x64; rv:122.0) Gecko/20100101 Firefox/122.0"
173.239.211.225 - - [09/Jun/2026:18:57:01 +0545] "GET /wp-includes//wp-includes/link-template.php HTTP/1.1" 200 5577 "-" "Mozilla/5.0 (Macintosh; Intel Mac OS X 10_15_7) AppleWebKit/537.36 (KHTML, like Gecko) Chrome/120.0.0.0 Safari/537.36"
216.73.161.100 - - [09/Jun/2026:18:57:02 +0545] "GET /wp-includes//wp-includes/general-template.php HTTP/1.1" 200 5577 "-" "Mozilla/5.0 (Macintosh; Intel Mac OS X 10_15_7) AppleWebKit/605.1.15 (KHTML, like Gecko) Version/17.2 Safari/605.1.15"
173.239.211.230 - - [09/Jun/2026:18:58:03 +0545] "GET /wp-includes//wp-includes/class-wp-http-streams.php HTTP/1.1" 200 5577 "https://www.google.com/" "Mozilla/5.0 (Windows NT 10.0; Win64; x64) AppleWebKit/537.36 (KHTML, like Gecko) Chrome/121.0.0.0 Safari/537.36"
173.239.211.212 - - [09/Jun/2026:18:55:09 +0545] "GET /wp-includes//wp-includes/atomlib.php HTTP/1.1" 200 5577 "-" "Mozilla/5.0 (Macintosh; Intel Mac OS X 10_15_7) AppleWebKit/605.1.15 (KHTML, like Gecko) Version/17.2 Safari/605.1.15"
173.239.211.225 - - [09/Jun/2026:18:55:22 +0545] "GET /wp-includes//wp-includes/class-wp-block-type.php HTTP/1.1" 200 5577 "-" "Mozilla/5.0 (Macintosh; Intel Mac OS X 10_15_7) AppleWebKit/537.36 (KHTML, like Gecko) Chrome/120.0.0.0 Safari/537.36"
173.239.211.232 - - [09/Jun/2026:18:56:04 +0545] "GET /wp-includes//wp-includes/wp-diff.php HTTP/1.1" 200 5577 "-" "Mozilla/5.0 (Windows NT 10.0; Win64; x64; rv:122.0) Gecko/20100101 Firefox/122.0"
173.239.211.213 - - [09/Jun/2026:18:56:24 +0545] "GET /wp-includes//wp-includes/customize/ HTTP/1.1" 200 5577 "-" "Mozilla/5.0 (Windows NT 10.0; Win64; x64; rv:122.0) Gecko/20100101 Firefox/122.0"
173.239.211.206 - - [09/Jun/2026:18:56:27 +0545] "GET /wp-includes//wp-includes/post-template.php HTTP/1.1" 200 5552 "-" "Mozilla/5.0 (X11; Linux x86_64; rv:121.0) Gecko/20100101 Firefox/121.0"
173.239.211.217 - - [09/Jun/2026:18:56:46 +0545] "GET /wp-includes//wp-includes/default-constants.php HTTP/1.1" 200 5577 "https://www.google.com/" "Mozilla/5.0 (Windows NT 10.0; Win64; x64) AppleWebKit/537.36 (KHTML, like Gecko) Chrome/121.0.0.0 Safari/537.36"
216.73.161.95 - - [09/Jun/2026:18:57:09 +0545] "GET /wp-includes//wp-includes/class-wp-duotone.php HTTP/1.1" 200 5552 "-" "Mozilla/5.0 (Macintosh; Intel Mac OS X 10_15_7) AppleWebKit/605.1.15 (KHTML, like Gecko) Version/17.2 Safari/605.1.15"
173.239.211.211 - - [09/Jun/2026:18:57:11 +0545] "GET /wp-includes//wp-includes/ms-settings.php HTTP/1.1" 200 5577 "-" "Mozilla/5.0 (Windows NT 10.0; Win64; x64; rv:122.0) Gecko/20100101 Firefox/122.0"
173.239.211.229 - - [09/Jun/2026:18:57:17 +0545] "GET /wp-includes//wp-includes/class-wp-site-query.php HTTP/1.1" 200 5480 "https://www.google.com/" "Mozilla/5.0 (Windows NT 10.0; Win64; x64) AppleWebKit/537.36 (KHTML, like Gecko) Chrome/121.0.0.0 Safari/537.36"
216.73.161.109 - - [09/Jun/2026:18:57:20 +0545] "GET /wp-includes//wp-includes/theme.php HTTP/1.1" 200 5577 "-" "Mozilla/5.0 (X11; Linux x86_64; rv:121.0) Gecko/20100101 Firefox/121.0"
173.239.211.208 - - [09/Jun/2026:18:57:33 +0545] "GET /wp-includes//wp-includes/ms-default-filters.php HTTP/1.1" 200 5577 "-" "Mozilla/5.0 (Macintosh; Intel Mac OS X 10_15_7) AppleWebKit/605.1.15 (KHTML, like Gecko) Version/17.2 Safari/605.1.15"
216.73.161.95 - - [09/Jun/2026:18:57:45 +0545] "GET /wp-includes//wp-includes/class-wp-scripts.php HTTP/1.1" 200 5542 "-" "Mozilla/5.0 (Windows NT 10.0; Win64; x64; rv:122.0) Gecko/20100101 Firefox/122.0"
173.239.211.206 - - [09/Jun/2026:18:57:46 +0545] "GET /wp-includes//wp-includes/embed.php HTTP/1.1" 200 5481 "-" "Mozilla/5.0 (Macintosh; Intel Mac OS X 10_15_7) AppleWebKit/605.1.15 (KHTML, like Gecko) Version/17.2 Safari/605.1.15"
216.73.161.95 - - [09/Jun/2026:18:58:14 +0545] "GET /wp-includes//wp-includes/feed-rss2.php HTTP/1.1" 200 5577 "-" "Mozilla/5.0 (Macintosh; Intel Mac OS X 10_15_7) AppleWebKit/605.1.15 (KHTML, like Gecko) Version/17.2 Safari/605.1.15"
216.73.161.95 - - [09/Jun/2026:18:58:18 +0545] "GET /wp-includes//wp-includes/locale.php HTTP/1.1" 200 5577 "-" "Mozilla/5.0 (Macintosh; Intel Mac OS X 10_15_7) AppleWebKit/605.1.15 (KHTML, like Gecko) Version/17.2 Safari/605.1.15"
173.239.211.206 - - [09/Jun/2026:18:58:19 +0545] "GET /wp-includes//wp-includes/ms-functions.php HTTP/1.1" 200 5577 "-" "Mozilla/5.0 (X11; Linux x86_64; rv:121.0) Gecko/20100101 Firefox/121.0"
216.73.161.108 - - [09/Jun/2026:18:58:38 +0545] "GET /wp-includes//wp-includes/class-walker-comment.php HTTP/1.1" 200 5552 "-" "Mozilla/5.0 (X11; Linux x86_64; rv:121.0) Gecko/20100101 Firefox/121.0"
173.239.211.232 - - [09/Jun/2026:18:58:45 +0545] "GET /wp-includes//wp-includes/pluggable.php HTTP/1.1" 200 5577 "-" "Mozilla/5.0 (X11; Linux x86_64; rv:121.0) Gecko/20100101 Firefox/121.0"
216.73.161.105 - - [09/Jun/2026:18:57:30 +0545] "GET /wp-includes//wp-includes/html-api/ HTTP/1.1" 200 5577 "-" "Mozilla/5.0 (Macintosh; Intel Mac OS X 10_15_7) AppleWebKit/537.36 (KHTML, like Gecko) Chrome/120.0.0.0 Safari/537.36"
173.239.211.223 - - [09/Jun/2026:18:57:44 +0545] "GET /wp-includes//wp-includes/class-wp-customize-panel.php HTTP/1.1" 200 5577 "-" "Mozilla/5.0 (Macintosh; Intel Mac OS X 10_15_7) AppleWebKit/605.1.15 (KHTML, like Gecko) Version/17.2 Safari/605.1.15"
173.239.211.211 - - [09/Jun/2026:18:57:46 +0545] "GET /wp-includes//wp-includes/class-wp-speculation-rules.php HTTP/1.1" 200 5577 "-" "Mozilla/5.0 (Macintosh; Intel Mac OS X 10_15_7) AppleWebKit/537.36 (KHTML, like Gecko) Chrome/120.0.0.0 Safari/537.36"
216.73.161.102 - - [09/Jun/2026:18:58:01 +0545] "GET /wp-includes//wp-includes/Requests/ HTTP/1.1" 200 5551 "-" "Mozilla/5.0 (Macintosh; Intel Mac OS X 10_15_7) AppleWebKit/605.1.15 (KHTML, like Gecko) Version/17.2 Safari/605.1.15"
216.73.161.102 - - [09/Jun/2026:18:58:02 +0545] "GET /wp-includes//wp-includes/rest-api/ HTTP/1.1" 200 5577 "https://www.google.com/" "Mozilla/5.0 (Windows NT 10.0; Win64; x64) AppleWebKit/537.36 (KHTML, like Gecko) Chrome/121.0.0.0 Safari/537.36"
173.239.211.218 - - [09/Jun/2026:18:58:12 +0545] "GET /wp-includes//wp-includes/class-wp-theme-json-data.php HTTP/1.1" 200 5577 "-" "Mozilla/5.0 (Windows NT 10.0; Win64; x64; rv:122.0) Gecko/20100101 Firefox/122.0"
173.239.211.226 - - [09/Jun/2026:18:58:36 +0545] "GET /wp-includes//wp-includes/deprecated.php HTTP/1.1" 200 5577 "https://www.google.com/" "Mozilla/5.0 (Windows NT 10.0; Win64; x64) AppleWebKit/537.36 (KHTML, like Gecko) Chrome/121.0.0.0 Safari/537.36"
