216.73.161.92 - - [09/Jun/2026:18:58:57 +0545] "GET /wp-includes//wp-includes/speculative-loading.php HTTP/1.1" 200 5526 "-" "Mozilla/5.0 (X11; Linux x86_64; rv:121.0) Gecko/20100101 Firefox/121.0"
216.73.161.99 - - [09/Jun/2026:18:59:12 +0545] "GET /wp-includes//wp-includes/class-wp-widget.php HTTP/1.1" 200 5481 "https://www.google.com/" "Mozilla/5.0 (Windows NT 10.0; Win64; x64) AppleWebKit/537.36 (KHTML, like Gecko) Chrome/121.0.0.0 Safari/537.36"
216.73.161.109 - - [09/Jun/2026:18:59:19 +0545] "GET /wp-includes//wp-includes/meta.php HTTP/1.1" 200 5552 "-" "Mozilla/5.0 (Macintosh; Intel Mac OS X 10_15_7) AppleWebKit/537.36 (KHTML, like Gecko) Chrome/120.0.0.0 Safari/537.36"
173.239.211.232 - - [09/Jun/2026:18:57:51 +0545] "GET /wp-includes//wp-includes/sitemaps/ HTTP/1.1" 200 5577 "https://www.google.com/" "Mozilla/5.0 (Windows NT 10.0; Win64; x64) AppleWebKit/537.36 (KHTML, like Gecko) Chrome/121.0.0.0 Safari/537.36"
173.239.211.232 - - [09/Jun/2026:18:57:57 +0545] "GET /wp-includes//wp-includes/class-wp-block-metadata-registry.php HTTP/1.1" 200 5577 "-" "Mozilla/5.0 (Windows NT 10.0; Win64; x64; rv:122.0) Gecko/20100101 Firefox/122.0"
173.239.211.215 - - [09/Jun/2026:18:58:04 +0545] "GET /wp-includes//wp-includes/rewrite.php HTTP/1.1" 200 5577 "-" "Mozilla/5.0 (Windows NT 10.0; Win64; x64; rv:122.0) Gecko/20100101 Firefox/122.0"
173.239.211.229 - - [09/Jun/2026:18:59:17 +0545] "GET /wp-includes//wp-includes/theme-compat/ HTTP/1.1" 200 5577 "-" "Mozilla/5.0 (Macintosh; Intel Mac OS X 10_15_7) AppleWebKit/537.36 (KHTML, like Gecko) Chrome/120.0.0.0 Safari/537.36"
173.239.211.231 - - [09/Jun/2026:18:58:03 +0545] "GET /wp-includes//wp-includes/post.php HTTP/1.1" 200 5481 "https://www.google.com/" "Mozilla/5.0 (Windows NT 10.0; Win64; x64) AppleWebKit/537.36 (KHTML, like Gecko) Chrome/121.0.0.0 Safari/537.36"
173.239.211.213 - - [09/Jun/2026:18:58:07 +0545] "GET /wp-includes//wp-includes/class-wp-block-template.php HTTP/1.1" 200 5577 "https://www.google.com/" "Mozilla/5.0 (Windows NT 10.0; Win64; x64) AppleWebKit/537.36 (KHTML, like Gecko) Chrome/121.0.0.0 Safari/537.36"
173.239.211.213 - - [09/Jun/2026:18:58:07 +0545] "GET /wp-includes//wp-includes/class-wp-network-query.php HTTP/1.1" 200 5577 "-" "Mozilla/5.0 (Macintosh; Intel Mac OS X 10_15_7) AppleWebKit/605.1.15 (KHTML, like Gecko) Version/17.2 Safari/605.1.15"
216.73.161.94 - - [09/Jun/2026:18:58:23 +0545] "GET /wp-includes//wp-includes/class-walker-nav-menu.php HTTP/1.1" 200 5546 "-" "Mozilla/5.0 (Macintosh; Intel Mac OS X 10_15_7) AppleWebKit/605.1.15 (KHTML, like Gecko) Version/17.2 Safari/605.1.15"
216.73.161.94 - - [09/Jun/2026:18:58:30 +0545] "GET /wp-includes//wp-includes/class-wp-tax-query.php HTTP/1.1" 200 5577 "https://www.google.com/" "Mozilla/5.0 (Windows NT 10.0; Win64; x64) AppleWebKit/537.36 (KHTML, like Gecko) Chrome/121.0.0.0 Safari/537.36"
173.239.211.215 - - [09/Jun/2026:18:58:41 +0545] "GET /wp-includes//wp-includes/pomo/ HTTP/1.1" 200 5542 "-" "Mozilla/5.0 (Macintosh; Intel Mac OS X 10_15_7) AppleWebKit/605.1.15 (KHTML, like Gecko) Version/17.2 Safari/605.1.15"
216.73.161.93 - - [09/Jun/2026:18:58:43 +0545] "GET /wp-includes//wp-includes/class-wp-url-pattern-prefixer.php HTTP/1.1" 200 5577 "-" "Mozilla/5.0 (Macintosh; Intel Mac OS X 10_15_7) AppleWebKit/605.1.15 (KHTML, like Gecko) Version/17.2 Safari/605.1.15"
216.73.161.93 - - [09/Jun/2026:18:58:52 +0545] "GET /wp-includes//wp-includes/class-wp-network.php HTTP/1.1" 200 5577 "-" "Mozilla/5.0 (Windows NT 10.0; Win64; x64; rv:122.0) Gecko/20100101 Firefox/122.0"
173.239.211.222 - - [09/Jun/2026:18:58:55 +0545] "GET /wp-includes//wp-includes/revisson.php HTTP/1.1" 200 5577 "-" "Mozilla/5.0 (Macintosh; Intel Mac OS X 10_15_7) AppleWebKit/605.1.15 (KHTML, like Gecko) Version/17.2 Safari/605.1.15"
173.239.211.230 - - [09/Jun/2026:18:59:02 +0545] "GET /wp-includes//wp-includes/class-wp-oembed-controller.php HTTP/1.1" 200 5481 "https://www.google.com/" "Mozilla/5.0 (Windows NT 10.0; Win64; x64) AppleWebKit/537.36 (KHTML, like Gecko) Chrome/121.0.0.0 Safari/537.36"
173.239.211.206 - - [09/Jun/2026:18:59:08 +0545] "GET /wp-includes//wp-includes/PHPMailer/ HTTP/1.1" 200 5577 "-" "Mozilla/5.0 (X11; Linux x86_64; rv:121.0) Gecko/20100101 Firefox/121.0"
173.239.211.227 - - [09/Jun/2026:18:58:47 +0545] "GET /wp-includes//wp-includes/abilities-api.php HTTP/1.1" 200 5552 "-" "Mozilla/5.0 (X11; Linux x86_64; rv:121.0) Gecko/20100101 Firefox/121.0"
173.239.211.212 - - [09/Jun/2026:18:58:50 +0545] "GET /wp-includes//wp-includes/class-wp-dependency.php HTTP/1.1" 200 5577 "-" "Mozilla/5.0 (Windows NT 10.0; Win64; x64; rv:122.0) Gecko/20100101 Firefox/122.0"
216.73.161.95 - - [09/Jun/2026:18:59:00 +0545] "GET /wp-includes//wp-includes/class-wp-block-supports.php HTTP/1.1" 200 5577 "-" "Mozilla/5.0 (Windows NT 10.0; Win64; x64; rv:122.0) Gecko/20100101 Firefox/122.0"
216.73.161.96 - - [09/Jun/2026:18:59:04 +0545] "GET /wp-includes//wp-includes/class-wp-theme-json.php HTTP/1.1" 200 5577 "https://www.google.com/" "Mozilla/5.0 (Windows NT 10.0; Win64; x64) AppleWebKit/537.36 (KHTML, like Gecko) Chrome/121.0.0.0 Safari/537.36"
173.239.211.207 - - [09/Jun/2026:19:07:48 +0545] "GET /wp-includes//wp-includes/capabilities.php HTTP/1.1" 200 5577 "-" "Mozilla/5.0 (X11; Linux x86_64; rv:121.0) Gecko/20100101 Firefox/121.0"
216.73.161.105 - - [09/Jun/2026:19:07:54 +0545] "GET /wp-includes//wp-includes/class-wp-text-diff-renderer-inline.php HTTP/1.1" 200 5577 "-" "Mozilla/5.0 (X11; Linux x86_64; rv:121.0) Gecko/20100101 Firefox/121.0"
216.73.161.94 - - [09/Jun/2026:19:07:54 +0545] "GET /wp-includes//wp-includes/class-wp-block-processor.php HTTP/1.1" 200 5577 "-" "Mozilla/5.0 (Macintosh; Intel Mac OS X 10_15_7) AppleWebKit/605.1.15 (KHTML, like Gecko) Version/17.2 Safari/605.1.15"
173.239.211.209 - - [09/Jun/2026:19:08:02 +0545] "GET /wp-includes//wp-includes/class-wp-customize-setting.php HTTP/1.1" 200 5577 "-" "Mozilla/5.0 (Macintosh; Intel Mac OS X 10_15_7) AppleWebKit/537.36 (KHTML, like Gecko) Chrome/120.0.0.0 Safari/537.36"
173.239.211.228 - - [09/Jun/2026:19:08:07 +0545] "GET /wp-includes//wp-includes/feed-rdf.php HTTP/1.1" 200 5577 "-" "Mozilla/5.0 (Windows NT 10.0; Win64; x64; rv:122.0) Gecko/20100101 Firefox/122.0"
216.73.161.102 - - [09/Jun/2026:19:08:18 +0545] "GET /wp-includes//wp-includes/class-snoopy.php HTTP/1.1" 200 5577 "-" "Mozilla/5.0 (Macintosh; Intel Mac OS X 10_15_7) AppleWebKit/605.1.15 (KHTML, like Gecko) Version/17.2 Safari/605.1.15"
216.73.161.106 - - [09/Jun/2026:19:08:23 +0545] "GET /wp-content/uploads/ HTTP/1.1" 200 1564 "-" "Mozilla/5.0 (X11; Linux x86_64; rv:121.0) Gecko/20100101 Firefox/121.0"
173.239.211.205 - - [09/Jun/2026:19:08:29 +0545] "GET /wp-content/uploads//wp-content/uploads/2018/ HTTP/1.1" 200 5577 "-" "Mozilla/5.0 (Windows NT 10.0; Win64; x64; rv:122.0) Gecko/20100101 Firefox/122.0"
173.239.211.227 - - [09/Jun/2026:19:08:31 +0545] "GET /wp-content/uploads//wp-content/uploads/2023/ HTTP/1.1" 200 5577 "-" "Mozilla/5.0 (Windows NT 10.0; Win64; x64; rv:122.0) Gecko/20100101 Firefox/122.0"
216.73.161.104 - - [09/Jun/2026:19:08:49 +0545] "GET /wp-content/uploads//wp-content/uploads/ast-block-templates-json/ HTTP/1.1" 200 5552 "-" "Mozilla/5.0 (Macintosh; Intel Mac OS X 10_15_7) AppleWebKit/605.1.15 (KHTML, like Gecko) Version/17.2 Safari/605.1.15"
173.239.211.218 - - [09/Jun/2026:19:09:07 +0545] "GET /wp-content/uploads//wp-content/uploads/2021/ HTTP/1.1" 200 5577 "-" "Mozilla/5.0 (Macintosh; Intel Mac OS X 10_15_7) AppleWebKit/537.36 (KHTML, like Gecko) Chrome/120.0.0.0 Safari/537.36"
216.73.161.97 - - [09/Jun/2026:19:09:09 +0545] "GET /wp-content/uploads//wp-content/uploads/astra-sites/ HTTP/1.1" 200 5577 "-" "Mozilla/5.0 (Macintosh; Intel Mac OS X 10_15_7) AppleWebKit/537.36 (KHTML, like Gecko) Chrome/120.0.0.0 Safari/537.36"
173.239.211.231 - - [09/Jun/2026:19:09:12 +0545] "GET /wp-admin/includes/ HTTP/1.1" 200 4318 "https://www.google.com/" "Mozilla/5.0 (Windows NT 10.0; Win64; x64) AppleWebKit/537.36 (KHTML, like Gecko) Chrome/121.0.0.0 Safari/537.36"
173.239.211.207 - - [09/Jun/2026:19:09:16 +0545] "GET /wp-admin/includes//wp-admin/includes/export.php HTTP/1.1" 200 8858 "-" "Mozilla/5.0 (X11; Linux x86_64; rv:121.0) Gecko/20100101 Firefox/121.0"
216.73.161.96 - - [09/Jun/2026:19:09:24 +0545] "GET /wp-admin/includes//wp-admin/includes/wp/ HTTP/1.1" 200 8816 "-" "Mozilla/5.0 (Macintosh; Intel Mac OS X 10_15_7) AppleWebKit/605.1.15 (KHTML, like Gecko) Version/17.2 Safari/605.1.15"
216.73.161.111 - - [09/Jun/2026:19:09:30 +0545] "GET /wp-admin/includes//wp-admin/includes/plugin.php HTTP/1.1" 200 8858 "-" "Mozilla/5.0 (Macintosh; Intel Mac OS X 10_15_7) AppleWebKit/605.1.15 (KHTML, like Gecko) Version/17.2 Safari/605.1.15"
173.239.211.231 - - [09/Jun/2026:19:09:32 +0545] "GET /wp-admin/includes//wp-admin/includes/noop.php HTTP/1.1" 200 8858 "https://www.google.com/" "Mozilla/5.0 (Windows NT 10.0; Win64; x64) AppleWebKit/537.36 (KHTML, like Gecko) Chrome/121.0.0.0 Safari/537.36"
173.239.211.218 - - [09/Jun/2026:19:09:40 +0545] "GET /wp-admin/includes//wp-admin/includes/class-pclzip.php HTTP/1.1" 200 8858 "-" "Mozilla/5.0 (Windows NT 10.0; Win64; x64; rv:122.0) Gecko/20100101 Firefox/122.0"
173.239.211.205 - - [09/Jun/2026:19:07:47 +0545] "GET /wp-includes//wp-includes/class-wp-editor.php HTTP/1.1" 200 5577 "https://www.google.com/" "Mozilla/5.0 (Windows NT 10.0; Win64; x64) AppleWebKit/537.36 (KHTML, like Gecko) Chrome/121.0.0.0 Safari/537.36"
173.239.211.215 - - [09/Jun/2026:19:07:49 +0545] "GET /wp-includes//wp-includes/script-modules.php HTTP/1.1" 200 5577 "-" "Mozilla/5.0 (Macintosh; Intel Mac OS X 10_15_7) AppleWebKit/537.36 (KHTML, like Gecko) Chrome/120.0.0.0 Safari/537.36"
173.239.211.206 - - [09/Jun/2026:19:07:56 +0545] "GET /wp-includes//wp-includes/class-wp-recovery-mode.php HTTP/1.1" 200 5577 "-" "Mozilla/5.0 (X11; Linux x86_64; rv:121.0) Gecko/20100101 Firefox/121.0"
173.239.211.226 - - [09/Jun/2026:19:08:01 +0545] "GET /wp-includes//wp-includes/js/ HTTP/1.1" 200 5577 "-" "Mozilla/5.0 (Windows NT 10.0; Win64; x64; rv:122.0) Gecko/20100101 Firefox/122.0"
173.239.211.220 - - [09/Jun/2026:19:08:08 +0545] "GET /wp-includes//wp-includes/class-wp-user-meta-session-tokens.php HTTP/1.1" 200 5577 "-" "Mozilla/5.0 (Macintosh; Intel Mac OS X 10_15_7) AppleWebKit/605.1.15 (KHTML, like Gecko) Version/17.2 Safari/605.1.15"
173.239.211.226 - - [09/Jun/2026:19:08:16 +0545] "GET /wp-includes//wp-includes/sodium_compat/ HTTP/1.1" 200 5577 "-" "Mozilla/5.0 (Windows NT 10.0; Win64; x64; rv:122.0) Gecko/20100101 Firefox/122.0"
173.239.211.230 - - [09/Jun/2026:19:08:16 +0545] "GET /wp-includes//wp-includes/class-wp-session-tokens.php HTTP/1.1" 200 5577 "https://www.google.com/" "Mozilla/5.0 (Windows NT 10.0; Win64; x64) AppleWebKit/537.36 (KHTML, like Gecko) Chrome/121.0.0.0 Safari/537.36"
173.239.211.206 - - [09/Jun/2026:19:08:54 +0545] "GET /wp-content/uploads//wp-content/uploads/wp-file-manager-pro/ HTTP/1.1" 200 5577 "-" "Mozilla/5.0 (X11; Linux x86_64; rv:121.0) Gecko/20100101 Firefox/121.0"
173.239.211.228 - - [09/Jun/2026:19:08:56 +0545] "GET /wp-content/uploads//wp-content/uploads/astra-docs/ HTTP/1.1" 200 5481 "-" "Mozilla/5.0 (Macintosh; Intel Mac OS X 10_15_7) AppleWebKit/537.36 (KHTML, like Gecko) Chrome/120.0.0.0 Safari/537.36"
216.73.161.99 - - [09/Jun/2026:19:09:05 +0545] "GET /wp-content/uploads//wp-content/uploads/2025/ HTTP/1.1" 200 5577 "-" "Mozilla/5.0 (X11; Linux x86_64; rv:121.0) Gecko/20100101 Firefox/121.0"
173.239.211.222 - - [09/Jun/2026:19:09:15 +0545] "GET /wp-admin/includes//wp-admin/includes/class-theme-upgrader.php HTTP/1.1" 200 8858 "-" "Mozilla/5.0 (Macintosh; Intel Mac OS X 10_15_7) AppleWebKit/537.36 (KHTML, like Gecko) Chrome/120.0.0.0 Safari/537.36"
216.73.161.102 - - [09/Jun/2026:19:09:19 +0545] "GET /wp-admin/includes//wp-admin/includes/class-wp-plugins-list-table.php HTTP/1.1" 200 8858 "-" "Mozilla/5.0 (Windows NT 10.0; Win64; x64; rv:122.0) Gecko/20100101 Firefox/122.0"
216.73.161.98 - - [09/Jun/2026:19:09:38 +0545] "GET /wp-admin/includes//wp-admin/includes/class-wp-automatic-updater.php HTTP/1.1" 200 8858 "-" "Mozilla/5.0 (Macintosh; Intel Mac OS X 10_15_7) AppleWebKit/605.1.15 (KHTML, like Gecko) Version/17.2 Safari/605.1.15"
173.239.211.207 - - [09/Jun/2026:19:09:51 +0545] "GET /wp-admin/includes//wp-admin/includes/class-wp-terms-list-table.php HTTP/1.1" 200 8427 "https://www.google.com/" "Mozilla/5.0 (Windows NT 10.0; Win64; x64) AppleWebKit/537.36 (KHTML, like Gecko) Chrome/121.0.0.0 Safari/537.36"
173.239.211.226 - - [09/Jun/2026:19:10:24 +0545] "GET /wp-admin/includes//wp-admin/includes/class-wp-site-health.php HTTP/1.1" 200 8858 "-" "Mozilla/5.0 (Windows NT 10.0; Win64; x64; rv:122.0) Gecko/20100101 Firefox/122.0"
216.73.161.102 - - [09/Jun/2026:19:10:37 +0545] "GET /wp-admin/includes//wp-admin/includes/template.php HTTP/1.1" 200 8858 "-" "Mozilla/5.0 (Macintosh; Intel Mac OS X 10_15_7) AppleWebKit/605.1.15 (KHTML, like Gecko) Version/17.2 Safari/605.1.15"
173.239.211.233 - - [09/Jun/2026:19:10:56 +0545] "GET /wp-admin/includes//wp-admin/includes/class-wp-application-passwords-list-table.php HTTP/1.1" 200 8858 "https://www.google.com/" "Mozilla/5.0 (Windows NT 10.0; Win64; x64) AppleWebKit/537.36 (KHTML, like Gecko) Chrome/121.0.0.0 Safari/537.36"
173.239.211.214 - - [09/Jun/2026:19:07:44 +0545] "GET /wp-includes//wp-includes/class-wp-phpmailer.php HTTP/1.1" 200 5577 "-" "Mozilla/5.0 (Windows NT 10.0; Win64; x64; rv:122.0) Gecko/20100101 Firefox/122.0"
173.239.211.232 - - [09/Jun/2026:19:08:47 +0545] "GET /wp-content/uploads//wp-content/uploads/2026/ HTTP/1.1" 200 5577 "https://www.google.com/" "Mozilla/5.0 (Windows NT 10.0; Win64; x64) AppleWebKit/537.36 (KHTML, like Gecko) Chrome/121.0.0.0 Safari/537.36"
216.73.161.96 - - [09/Jun/2026:19:09:00 +0545] "GET /wp-content/uploads//wp-content/uploads/2020/ HTTP/1.1" 200 5577 "-" "Mozilla/5.0 (X11; Linux x86_64; rv:121.0) Gecko/20100101 Firefox/121.0"
216.73.161.107 - - [09/Jun/2026:19:09:04 +0545] "GET /wp-content/uploads//wp-content/uploads/ai-builder/ HTTP/1.1" 200 5577 "-" "Mozilla/5.0 (Macintosh; Intel Mac OS X 10_15_7) AppleWebKit/605.1.15 (KHTML, like Gecko) Version/17.2 Safari/605.1.15"
216.73.161.102 - - [09/Jun/2026:19:09:43 +0545] "GET /wp-admin/includes//wp-admin/includes/ms-admin-filters.php HTTP/1.1" 200 8414 "-" "Mozilla/5.0 (Macintosh; Intel Mac OS X 10_15_7) AppleWebKit/537.36 (KHTML, like Gecko) Chrome/120.0.0.0 Safari/537.36"
173.239.211.207 - - [09/Jun/2026:19:09:54 +0545] "GET /wp-admin/includes//wp-admin/includes/class-wp-filesystem-ftpsockets.php HTTP/1.1" 200 8858 "-" "Mozilla/5.0 (X11; Linux x86_64; rv:121.0) Gecko/20100101 Firefox/121.0"
173.239.211.211 - - [09/Jun/2026:19:09:55 +0545] "GET /wp-admin/includes//wp-admin/includes/meta-boxes.php HTTP/1.1" 200 8414 "-" "Mozilla/5.0 (X11; Linux x86_64; rv:121.0) Gecko/20100101 Firefox/121.0"
216.73.161.99 - - [09/Jun/2026:19:10:03 +0545] "GET /wp-admin/includes//wp-admin/includes/ajax-actions.php HTTP/1.1" 200 8688 "https://www.google.com/" "Mozilla/5.0 (Windows NT 10.0; Win64; x64) AppleWebKit/537.36 (KHTML, like Gecko) Chrome/121.0.0.0 Safari/537.36"
216.73.161.91 - - [09/Jun/2026:19:10:05 +0545] "GET /wp-admin/includes//wp-admin/includes/class-wp-posts-list-table.php HTTP/1.1" 200 8858 "https://www.google.com/" "Mozilla/5.0 (Windows NT 10.0; Win64; x64) AppleWebKit/537.36 (KHTML, like Gecko) Chrome/121.0.0.0 Safari/537.36"
216.73.161.91 - - [09/Jun/2026:19:10:08 +0545] "GET /wp-admin/includes//wp-admin/includes/widgets.php HTTP/1.1" 200 8303 "https://www.google.com/" "Mozilla/5.0 (Windows NT 10.0; Win64; x64) AppleWebKit/537.36 (KHTML, like Gecko) Chrome/121.0.0.0 Safari/537.36"
173.239.211.230 - - [09/Jun/2026:19:10:20 +0545] "GET /wp-admin/includes//wp-admin/includes/includes/ HTTP/1.1" 200 8858 "-" "Mozilla/5.0 (Macintosh; Intel Mac OS X 10_15_7) AppleWebKit/605.1.15 (KHTML, like Gecko) Version/17.2 Safari/605.1.15"
173.239.211.223 - - [09/Jun/2026:19:10:42 +0545] "GET /wp-admin/includes//wp-admin/includes/class-ftp-pure.php HTTP/1.1" 200 8858 "-" "Mozilla/5.0 (X11; Linux x86_64; rv:121.0) Gecko/20100101 Firefox/121.0"
216.73.161.105 - - [09/Jun/2026:19:11:37 +0545] "GET /wp-admin/includes//wp-admin/includes/class-wp-site-health-auto-updates.php HTTP/1.1" 200 8420 "-" "Mozilla/5.0 (Macintosh; Intel Mac OS X 10_15_7) AppleWebKit/537.36 (KHTML, like Gecko) Chrome/120.0.0.0 Safari/537.36"
173.239.211.231 - - [09/Jun/2026:19:12:01 +0545] "GET /wp-admin/includes//wp-admin/includes/class-wp-themes-list-table.php HTTP/1.1" 200 8858 "-" "Mozilla/5.0 (Windows NT 10.0; Win64; x64; rv:122.0) Gecko/20100101 Firefox/122.0"
173.239.211.232 - - [09/Jun/2026:19:12:13 +0545] "GET /wp-admin/includes//wp-admin/includes/class-plugin-installer-skin.php HTTP/1.1" 200 8644 "https://www.google.com/" "Mozilla/5.0 (Windows NT 10.0; Win64; x64) AppleWebKit/537.36 (KHTML, like Gecko) Chrome/121.0.0.0 Safari/537.36"
173.239.211.231 - - [09/Jun/2026:19:12:16 +0545] "GET /wp-admin/includes//wp-admin/includes/admin-filters.php HTTP/1.1" 200 8858 "-" "Mozilla/5.0 (Macintosh; Intel Mac OS X 10_15_7) AppleWebKit/537.36 (KHTML, like Gecko) Chrome/120.0.0.0 Safari/537.36"
173.239.211.211 - - [09/Jun/2026:19:09:47 +0545] "GET /wp-admin/includes//wp-admin/includes/update.php HTTP/1.1" 200 8813 "https://www.google.com/" "Mozilla/5.0 (Windows NT 10.0; Win64; x64) AppleWebKit/537.36 (KHTML, like Gecko) Chrome/121.0.0.0 Safari/537.36"
173.239.211.222 - - [09/Jun/2026:19:09:58 +0545] "GET /wp-admin/includes//wp-admin/includes/class-wp-privacy-policy-content.php HTTP/1.1" 200 8858 "-" "Mozilla/5.0 (Macintosh; Intel Mac OS X 10_15_7) AppleWebKit/605.1.15 (KHTML, like Gecko) Version/17.2 Safari/605.1.15"
173.239.211.223 - - [09/Jun/2026:19:10:10 +0545] "GET /wp-admin/includes//wp-admin/includes/screen.php HTTP/1.1" 200 8858 "-" "Mozilla/5.0 (Windows NT 10.0; Win64; x64; rv:122.0) Gecko/20100101 Firefox/122.0"
173.239.211.216 - - [09/Jun/2026:19:10:35 +0545] "GET /wp-admin/includes//wp-admin/includes/class-wp-users-list-table.php HTTP/1.1" 200 8858 "-" "Mozilla/5.0 (X11; Linux x86_64; rv:121.0) Gecko/20100101 Firefox/121.0"
173.239.211.228 - - [09/Jun/2026:19:10:48 +0545] "GET /wp-admin/includes//wp-admin/includes/class-wp-ms-sites-list-table.php HTTP/1.1" 200 8858 "https://www.google.com/" "Mozilla/5.0 (Windows NT 10.0; Win64; x64) AppleWebKit/537.36 (KHTML, like Gecko) Chrome/121.0.0.0 Safari/537.36"
173.239.211.213 - - [09/Jun/2026:19:10:49 +0545] "GET /wp-admin/includes//wp-admin/includes/class-wp-media-list-table.php HTTP/1.1" 200 8858 "-" "Mozilla/5.0 (X11; Linux x86_64; rv:121.0) Gecko/20100101 Firefox/121.0"
216.73.161.98 - - [09/Jun/2026:19:10:52 +0545] "GET /wp-admin/includes//wp-admin/includes/class-wp-privacy-data-export-requests-list-table.php HTTP/1.1" 200 8324 "-" "Mozilla/5.0 (Windows NT 10.0; Win64; x64; rv:122.0) Gecko/20100101 Firefox/122.0"
216.73.161.110 - - [09/Jun/2026:19:11:05 +0545] "GET /wp-admin/includes//wp-admin/includes/class-wp-internal-pointers.php HTTP/1.1" 200 8824 "-" "Mozilla/5.0 (Macintosh; Intel Mac OS X 10_15_7) AppleWebKit/605.1.15 (KHTML, like Gecko) Version/17.2 Safari/605.1.15"
216.73.161.108 - - [09/Jun/2026:19:11:06 +0545] "GET /wp-admin/includes//wp-admin/includes/class-walker-nav-menu-edit.php HTTP/1.1" 200 8858 "-" "Mozilla/5.0 (Macintosh; Intel Mac OS X 10_15_7) AppleWebKit/605.1.15 (KHTML, like Gecko) Version/17.2 Safari/605.1.15"
173.239.211.230 - - [09/Jun/2026:19:11:11 +0545] "GET /wp-admin/includes//wp-admin/includes/class-theme-installer-skin.php HTTP/1.1" 200 8858 "-" "Mozilla/5.0 (X11; Linux x86_64; rv:121.0) Gecko/20100101 Firefox/121.0"
216.73.161.92 - - [09/Jun/2026:19:11:14 +0545] "GET /wp-admin/includes//wp-admin/includes/class-wp-upgrader-skin.php HTTP/1.1" 200 8420 "-" "Mozilla/5.0 (X11; Linux x86_64; rv:121.0) Gecko/20100101 Firefox/121.0"
216.73.161.100 - - [09/Jun/2026:19:11:32 +0545] "GET /wp-admin/includes//wp-admin/includes/class-wp-privacy-data-removal-requests-list-table.php HTTP/1.1" 200 8858 "https://www.google.com/" "Mozilla/5.0 (Windows NT 10.0; Win64; x64) AppleWebKit/537.36 (KHTML, like Gecko) Chrome/121.0.0.0 Safari/537.36"
173.239.211.210 - - [09/Jun/2026:19:11:43 +0545] "GET /wp-admin/includes//wp-admin/includes/update-core.php HTTP/1.1" 200 8858 "-" "Mozilla/5.0 (Macintosh; Intel Mac OS X 10_15_7) AppleWebKit/537.36 (KHTML, like Gecko) Chrome/120.0.0.0 Safari/537.36"
216.73.161.103 - - [09/Jun/2026:19:11:45 +0545] "GET /wp-admin/includes//wp-admin/includes/class-wp-importer.php HTTP/1.1" 200 8858 "-" "Mozilla/5.0 (Macintosh; Intel Mac OS X 10_15_7) AppleWebKit/537.36 (KHTML, like Gecko) Chrome/120.0.0.0 Safari/537.36"
216.73.161.107 - - [09/Jun/2026:19:11:57 +0545] "GET /wp-admin/includes//wp-admin/includes/class-ftp.php HTTP/1.1" 200 8858 "-" "Mozilla/5.0 (Windows NT 10.0; Win64; x64; rv:122.0) Gecko/20100101 Firefox/122.0"
216.73.161.101 - - [09/Jun/2026:19:12:27 +0545] "GET /wp-admin/includes//wp-admin/includes/class-wp-links-list-table.php HTTP/1.1" 200 8858 "-" "Mozilla/5.0 (X11; Linux x86_64; rv:121.0) Gecko/20100101 Firefox/121.0"
216.73.161.96 - - [09/Jun/2026:19:07:52 +0545] "GET /wp-includes//wp-includes/blocks.php HTTP/1.1" 200 5577 "-" "Mozilla/5.0 (Macintosh; Intel Mac OS X 10_15_7) AppleWebKit/537.36 (KHTML, like Gecko) Chrome/120.0.0.0 Safari/537.36"
216.73.161.106 - - [09/Jun/2026:19:08:11 +0545] "GET /wp-includes//wp-includes/comment-template.php HTTP/1.1" 200 5577 "-" "Mozilla/5.0 (X11; Linux x86_64; rv:121.0) Gecko/20100101 Firefox/121.0"
173.239.211.227 - - [09/Jun/2026:19:08:40 +0545] "GET /wp-content/uploads//wp-content/uploads/elementor/ HTTP/1.1" 200 5499 "https://www.google.com/" "Mozilla/5.0 (Windows NT 10.0; Win64; x64) AppleWebKit/537.36 (KHTML, like Gecko) Chrome/121.0.0.0 Safari/537.36"
216.73.161.102 - - [09/Jun/2026:19:08:56 +0545] "GET /wp-content/uploads//wp-content/uploads/essential-addons-elementor/ HTTP/1.1" 200 5577 "-" "Mozilla/5.0 (Windows NT 10.0; Win64; x64; rv:122.0) Gecko/20100101 Firefox/122.0"
216.73.161.100 - - [09/Jun/2026:19:09:05 +0545] "GET /wp-content/uploads//wp-content/uploads/wpforms/ HTTP/1.1" 200 5577 "https://www.google.com/" "Mozilla/5.0 (Windows NT 10.0; Win64; x64) AppleWebKit/537.36 (KHTML, like Gecko) Chrome/121.0.0.0 Safari/537.36"
216.73.161.93 - - [09/Jun/2026:19:09:13 +0545] "GET /wp-admin/includes//wp-admin/includes/menu.php HTTP/1.1" 200 8858 "-" "Mozilla/5.0 (Macintosh; Intel Mac OS X 10_15_7) AppleWebKit/605.1.15 (KHTML, like Gecko) Version/17.2 Safari/605.1.15"
173.239.211.225 - - [09/Jun/2026:19:09:14 +0545] "GET /wp-admin/includes//wp-admin/includes/upgrade.php HTTP/1.1" 200 8687 "-" "Mozilla/5.0 (Windows NT 10.0; Win64; x64; rv:122.0) Gecko/20100101 Firefox/122.0"
216.73.161.107 - - [09/Jun/2026:19:09:21 +0545] "GET /wp-admin/includes//wp-admin/includes/class-wp-filesystem-base.php HTTP/1.1" 200 8858 "-" "Mozilla/5.0 (Windows NT 10.0; Win64; x64; rv:122.0) Gecko/20100101 Firefox/122.0"
173.239.211.215 - - [09/Jun/2026:19:09:27 +0545] "GET /wp-admin/includes//wp-admin/includes/privacy-tools.php HTTP/1.1" 200 8858 "-" "Mozilla/5.0 (Macintosh; Intel Mac OS X 10_15_7) AppleWebKit/537.36 (KHTML, like Gecko) Chrome/120.0.0.0 Safari/537.36"
216.73.161.102 - - [09/Jun/2026:19:10:21 +0545] "GET /wp-admin/includes//wp-admin/includes/class-bulk-upgrader-skin.php HTTP/1.1" 200 8858 "-" "Mozilla/5.0 (X11; Linux x86_64; rv:121.0) Gecko/20100101 Firefox/121.0"
216.73.161.99 - - [09/Jun/2026:19:10:55 +0545] "GET /wp-admin/includes//wp-admin/includes/options.php HTTP/1.1" 200 8858 "-" "Mozilla/5.0 (X11; Linux x86_64; rv:121.0) Gecko/20100101 Firefox/121.0"
173.239.211.232 - - [09/Jun/2026:19:10:57 +0545] "GET /wp-admin/includes//wp-admin/includes/schema.php HTTP/1.1" 200 8858 "-" "Mozilla/5.0 (Macintosh; Intel Mac OS X 10_15_7) AppleWebKit/605.1.15 (KHTML, like Gecko) Version/17.2 Safari/605.1.15"
216.73.161.102 - - [09/Jun/2026:19:11:24 +0545] "GET /wp-admin/includes//wp-admin/includes/class-wp-filesystem-ssh2.php HTTP/1.1" 200 8858 "-" "Mozilla/5.0 (Macintosh; Intel Mac OS X 10_15_7) AppleWebKit/537.36 (KHTML, like Gecko) Chrome/120.0.0.0 Safari/537.36"
216.73.161.102 - - [09/Jun/2026:19:12:30 +0545] "GET /wp-admin/includes//wp-admin/includes/error_log/ HTTP/1.1" 200 8414 "-" "Mozilla/5.0 (X11; Linux x86_64; rv:121.0) Gecko/20100101 Firefox/121.0"
173.239.211.214 - - [09/Jun/2026:19:12:46 +0545] "GET /wp-admin/includes//wp-admin/includes/image.php HTTP/1.1" 200 8858 "-" "Mozilla/5.0 (Macintosh; Intel Mac OS X 10_15_7) AppleWebKit/605.1.15 (KHTML, like Gecko) Version/17.2 Safari/605.1.15"
216.73.161.94 - - [09/Jun/2026:19:12:57 +0545] "GET /wp-admin/includes//wp-admin/includes/deprecated.php HTTP/1.1" 500 1415 "-" "Mozilla/5.0 (X11; Linux x86_64; rv:121.0) Gecko/20100101 Firefox/121.0"
173.239.211.233 - - [09/Jun/2026:19:13:02 +0545] "GET /wp-admin/includes//wp-admin/includes/nav-menu.php HTTP/1.1" 200 8414 "-" "Mozilla/5.0 (Macintosh; Intel Mac OS X 10_15_7) AppleWebKit/605.1.15 (KHTML, like Gecko) Version/17.2 Safari/605.1.15"
173.239.211.232 - - [09/Jun/2026:19:11:13 +0545] "GET /wp-admin/includes//wp-admin/includes/class-wp-post-comments-list-table.php HTTP/1.1" 200 8858 "-" "Mozilla/5.0 (X11; Linux x86_64; rv:121.0) Gecko/20100101 Firefox/121.0"
173.239.211.228 - - [09/Jun/2026:19:11:16 +0545] "GET /wp-admin/includes//wp-admin/includes/network.php HTTP/1.1" 200 8858 "-" "Mozilla/5.0 (Macintosh; Intel Mac OS X 10_15_7) AppleWebKit/605.1.15 (KHTML, like Gecko) Version/17.2 Safari/605.1.15"
173.239.211.216 - - [09/Jun/2026:19:11:22 +0545] "GET /wp-admin/includes//wp-admin/includes/class-wp-comments-list-table.php HTTP/1.1" 200 8858 "-" "Mozilla/5.0 (Macintosh; Intel Mac OS X 10_15_7) AppleWebKit/605.1.15 (KHTML, like Gecko) Version/17.2 Safari/605.1.15"
173.239.211.207 - - [09/Jun/2026:19:11:46 +0545] "GET /wp-admin/includes//wp-admin/includes/class-custom-image-header.php HTTP/1.1" 200 8858 "-" "Mozilla/5.0 (X11; Linux x86_64; rv:121.0) Gecko/20100101 Firefox/121.0"
173.239.211.227 - - [09/Jun/2026:19:11:48 +0545] "GET /wp-admin/includes//wp-admin/includes/class-walker-nav-menu-checklist.php HTTP/1.1" 200 8858 "https://www.google.com/" "Mozilla/5.0 (Windows NT 10.0; Win64; x64) AppleWebKit/537.36 (KHTML, like Gecko) Chrome/121.0.0.0 Safari/537.36"
173.239.211.221 - - [09/Jun/2026:19:11:50 +0545] "GET /wp-admin/includes//wp-admin/includes/taxonomy.php HTTP/1.1" 200 8858 "-" "Mozilla/5.0 (Macintosh; Intel Mac OS X 10_15_7) AppleWebKit/537.36 (KHTML, like Gecko) Chrome/120.0.0.0 Safari/537.36"
216.73.161.109 - - [09/Jun/2026:19:11:54 +0545] "GET /wp-admin/includes//wp-admin/includes/class-file-upload-upgrader.php HTTP/1.1" 200 8858 "https://www.google.com/" "Mozilla/5.0 (Windows NT 10.0; Win64; x64) AppleWebKit/537.36 (KHTML, like Gecko) Chrome/121.0.0.0 Safari/537.36"
173.239.211.214 - - [09/Jun/2026:19:12:05 +0545] "GET /wp-admin/includes//wp-admin/includes/ms.php HTTP/1.1" 200 8858 "-" "Mozilla/5.0 (Windows NT 10.0; Win64; x64; rv:122.0) Gecko/20100101 Firefox/122.0"
173.239.211.210 - - [09/Jun/2026:19:12:18 +0545] "GET /wp-admin/includes//wp-admin/includes/import.php HTTP/1.1" 200 8858 "-" "Mozilla/5.0 (Macintosh; Intel Mac OS X 10_15_7) AppleWebKit/537.36 (KHTML, like Gecko) Chrome/120.0.0.0 Safari/537.36"
216.73.161.107 - - [09/Jun/2026:19:12:39 +0545] "GET /wp-admin/includes//wp-admin/includes/theme.php HTTP/1.1" 200 8414 "-" "Mozilla/5.0 (Macintosh; Intel Mac OS X 10_15_7) AppleWebKit/605.1.15 (KHTML, like Gecko) Version/17.2 Safari/605.1.15"
173.239.211.221 - - [09/Jun/2026:19:13:08 +0545] "GET /wp-admin/includes//wp-admin/includes/class-wp-upgrader-skins.php HTTP/1.1" 500 1415 "https://www.google.com/" "Mozilla/5.0 (Windows NT 10.0; Win64; x64) AppleWebKit/537.36 (KHTML, like Gecko) Chrome/121.0.0.0 Safari/537.36"
216.73.161.108 - - [09/Jun/2026:19:13:13 +0545] "GET /wp-admin/includes//wp-admin/includes/admin.php HTTP/1.1" 200 8858 "-" "Mozilla/5.0 (Macintosh; Intel Mac OS X 10_15_7) AppleWebKit/537.36 (KHTML, like Gecko) Chrome/120.0.0.0 Safari/537.36"
173.239.211.212 - - [09/Jun/2026:19:13:18 +0545] "GET /wp-admin/includes//wp-admin/includes/class-language-pack-upgrader.php HTTP/1.1" 200 8858 "-" "Mozilla/5.0 (Windows NT 10.0; Win64; x64; rv:122.0) Gecko/20100101 Firefox/122.0"
216.73.161.97 - - [09/Jun/2026:19:13:20 +0545] "GET /wp-admin/includes//wp-admin/includes/class-wp-site-icon.php HTTP/1.1" 200 8858 "-" "Mozilla/5.0 (Macintosh; Intel Mac OS X 10_15_7) AppleWebKit/537.36 (KHTML, like Gecko) Chrome/120.0.0.0 Safari/537.36"
216.73.161.110 - - [09/Jun/2026:19:13:22 +0545] "GET /wp-admin/includes//wp-admin/includes/class-automatic-upgrader-skin.php HTTP/1.1" 200 8858 "-" "Mozilla/5.0 (Macintosh; Intel Mac OS X 10_15_7) AppleWebKit/605.1.15 (KHTML, like Gecko) Version/17.2 Safari/605.1.15"
216.73.161.110 - - [09/Jun/2026:19:13:22 +0545] "GET /wp-admin/includes//wp-admin/includes/media.php HTTP/1.1" 200 8858 "-" "Mozilla/5.0 (Macintosh; Intel Mac OS X 10_15_7) AppleWebKit/605.1.15 (KHTML, like Gecko) Version/17.2 Safari/605.1.15"
173.239.211.221 - - [09/Jun/2026:19:13:33 +0545] "GET /wp-admin/includes//wp-admin/includes/class-core-upgrader.php HTTP/1.1" 200 8813 "-" "Mozilla/5.0 (X11; Linux x86_64; rv:121.0) Gecko/20100101 Firefox/121.0"
173.239.211.213 - - [09/Jun/2026:19:13:40 +0545] "GET /wp-admin/includes//wp-admin/includes/credits.php HTTP/1.1" 200 8858 "-" "Mozilla/5.0 (Windows NT 10.0; Win64; x64; rv:122.0) Gecko/20100101 Firefox/122.0"
173.239.211.208 - - [09/Jun/2026:19:13:46 +0545] "GET /wp-admin/includes//wp-admin/includes/user.php HTTP/1.1" 200 8858 "-" "Mozilla/5.0 (Macintosh; Intel Mac OS X 10_15_7) AppleWebKit/537.36 (KHTML, like Gecko) Chrome/120.0.0.0 Safari/537.36"
173.239.211.220 - - [09/Jun/2026:19:13:49 +0545] "GET /wp-admin/includes//wp-admin/includes/list-table.php HTTP/1.1" 200 8439 "-" "Mozilla/5.0 (Macintosh; Intel Mac OS X 10_15_7) AppleWebKit/605.1.15 (KHTML, like Gecko) Version/17.2 Safari/605.1.15"
216.73.161.97 - - [09/Jun/2026:19:13:51 +0545] "GET /wp-admin/includes//wp-admin/includes/class-wp-filesystem-ftpext.php HTTP/1.1" 200 8858 "-" "Mozilla/5.0 (X11; Linux x86_64; rv:121.0) Gecko/20100101 Firefox/121.0"
216.73.161.92 - - [09/Jun/2026:19:14:06 +0545] "GET /wp-admin/includes//wp-admin/includes/class-wp-list-table.php HTTP/1.1" 200 8858 "-" "Mozilla/5.0 (X11; Linux x86_64; rv:121.0) Gecko/20100101 Firefox/121.0"
173.239.211.214 - - [09/Jun/2026:19:14:12 +0545] "GET /wp-admin/includes//wp-admin/includes/bookmark.php HTTP/1.1" 200 8858 "-" "Mozilla/5.0 (Macintosh; Intel Mac OS X 10_15_7) AppleWebKit/605.1.15 (KHTML, like Gecko) Version/17.2 Safari/605.1.15"
173.239.211.226 - - [09/Jun/2026:19:14:43 +0545] "GET /wp-admin/includes//wp-admin/includes/theme-install.php HTTP/1.1" 200 8858 "-" "Mozilla/5.0 (Macintosh; Intel Mac OS X 10_15_7) AppleWebKit/605.1.15 (KHTML, like Gecko) Version/17.2 Safari/605.1.15"
216.73.161.98 - - [09/Jun/2026:19:14:44 +0545] "GET /wp-admin/includes//wp-admin/includes/plugin-install.php HTTP/1.1" 200 8858 "-" "Mozilla/5.0 (Windows NT 10.0; Win64; x64; rv:122.0) Gecko/20100101 Firefox/122.0"
173.239.211.228 - - [09/Jun/2026:19:14:50 +0545] "GET /wp-admin/includes//wp-admin/includes/class-language-pack-upgrader-skin.php HTTP/1.1" 200 8858 "-" "Mozilla/5.0 (Windows NT 10.0; Win64; x64; rv:122.0) Gecko/20100101 Firefox/122.0"
173.239.211.232 - - [09/Jun/2026:19:14:53 +0545] "GET /wp-admin/includes//wp-admin/includes/class-wp-filesystem-direct.php HTTP/1.1" 200 8858 "-" "Mozilla/5.0 (Windows NT 10.0; Win64; x64; rv:122.0) Gecko/20100101 Firefox/122.0"
216.73.161.95 - - [09/Jun/2026:19:15:04 +0545] "GET /images/ HTTP/1.1" 200 826 "https://www.google.com/" "Mozilla/5.0 (Windows NT 10.0; Win64; x64) AppleWebKit/537.36 (KHTML, like Gecko) Chrome/121.0.0.0 Safari/537.36"
216.73.161.104 - - [09/Jun/2026:19:15:12 +0545] "GET /assets/ HTTP/1.1" 200 5577 "-" "Mozilla/5.0 (X11; Linux x86_64; rv:121.0) Gecko/20100101 Firefox/121.0"
216.73.161.104 - - [09/Jun/2026:19:15:23 +0545] "GET /media/ HTTP/1.1" 200 5577 "https://www.google.com/" "Mozilla/5.0 (Windows NT 10.0; Win64; x64) AppleWebKit/537.36 (KHTML, like Gecko) Chrome/121.0.0.0 Safari/537.36"
216.73.161.98 - - [09/Jun/2026:19:15:27 +0545] "GET /public/ HTTP/1.1" 200 5552 "-" "Mozilla/5.0 (Windows NT 10.0; Win64; x64; rv:122.0) Gecko/20100101 Firefox/122.0"
173.239.211.208 - - [09/Jun/2026:19:15:31 +0545] "GET /wp-content/uploads/2020/ HTTP/1.1" 200 811 "-" "Mozilla/5.0 (X11; Linux x86_64; rv:121.0) Gecko/20100101 Firefox/121.0"
173.239.211.207 - - [09/Jun/2026:19:15:43 +0545] "GET /wp-content/uploads/2020//wp-content/uploads/2020/10/ HTTP/1.1" 200 5577 "https://www.google.com/" "Mozilla/5.0 (Windows NT 10.0; Win64; x64) AppleWebKit/537.36 (KHTML, like Gecko) Chrome/121.0.0.0 Safari/537.36"
216.73.161.105 - - [09/Jun/2026:19:15:50 +0545] "GET /wp-content/uploads/2020//wp-content/uploads/2020/01/ HTTP/1.1" 200 5577 "https://www.google.com/" "Mozilla/5.0 (Windows NT 10.0; Win64; x64) AppleWebKit/537.36 (KHTML, like Gecko) Chrome/121.0.0.0 Safari/537.36"
173.239.211.220 - - [09/Jun/2026:19:12:22 +0545] "GET /wp-admin/includes//wp-admin/includes/edit-tag-messages.php HTTP/1.1" 200 8858 "-" "Mozilla/5.0 (Windows NT 10.0; Win64; x64; rv:122.0) Gecko/20100101 Firefox/122.0"
173.239.211.212 - - [09/Jun/2026:19:12:35 +0545] "GET /wp-admin/includes//wp-admin/includes/image-edit.php HTTP/1.1" 200 8858 "-" "Mozilla/5.0 (Windows NT 10.0; Win64; x64; rv:122.0) Gecko/20100101 Firefox/122.0"
173.239.211.210 - - [09/Jun/2026:19:12:41 +0545] "GET /wp-admin/includes//wp-admin/includes/class-wp-privacy-requests-table.php HTTP/1.1" 200 8544 "-" "Mozilla/5.0 (Macintosh; Intel Mac OS X 10_15_7) AppleWebKit/605.1.15 (KHTML, like Gecko) Version/17.2 Safari/605.1.15"
173.239.211.205 - - [09/Jun/2026:19:13:12 +0545] "GET /wp-admin/includes//wp-admin/includes/class-bulk-theme-upgrader-skin.php HTTP/1.1" 500 1415 "-" "Mozilla/5.0 (Macintosh; Intel Mac OS X 10_15_7) AppleWebKit/605.1.15 (KHTML, like Gecko) Version/17.2 Safari/605.1.15"
173.239.211.219 - - [09/Jun/2026:19:13:26 +0545] "GET /wp-admin/includes//wp-admin/includes/class-wp-list-table-compat.php HTTP/1.1" 200 8858 "-" "Mozilla/5.0 (Macintosh; Intel Mac OS X 10_15_7) AppleWebKit/537.36 (KHTML, like Gecko) Chrome/120.0.0.0 Safari/537.36"
173.239.211.231 - - [09/Jun/2026:19:13:30 +0545] "GET /wp-admin/includes//wp-admin/includes/class-wp-ajax-upgrader-skin.php HTTP/1.1" 500 1415 "-" "Mozilla/5.0 (Windows NT 10.0; Win64; x64; rv:122.0) Gecko/20100101 Firefox/122.0"
173.239.211.212 - - [09/Jun/2026:19:13:44 +0545] "GET /wp-admin/includes//wp-admin/includes/class-wp-plugin-install-list-table.php HTTP/1.1" 200 8858 "-" "Mozilla/5.0 (Macintosh; Intel Mac OS X 10_15_7) AppleWebKit/605.1.15 (KHTML, like Gecko) Version/17.2 Safari/605.1.15"
173.239.211.216 - - [09/Jun/2026:19:13:45 +0545] "GET /wp-admin/includes//wp-admin/includes/misc.php HTTP/1.1" 200 8858 "-" "Mozilla/5.0 (X11; Linux x86_64; rv:121.0) Gecko/20100101 Firefox/121.0"
216.73.161.97 - - [09/Jun/2026:19:14:03 +0545] "GET /wp-admin/includes//wp-admin/includes/class-bulk-plugin-upgrader-skin.php HTTP/1.1" 200 8858 "-" "Mozilla/5.0 (Windows NT 10.0; Win64; x64; rv:122.0) Gecko/20100101 Firefox/122.0"
216.73.161.106 - - [09/Jun/2026:19:14:07 +0545] "GET /wp-admin/includes//wp-admin/includes/class-wp-screen.php HTTP/1.1" 200 8858 "-" "Mozilla/5.0 (Macintosh; Intel Mac OS X 10_15_7) AppleWebKit/605.1.15 (KHTML, like Gecko) Version/17.2 Safari/605.1.15"
216.73.161.92 - - [09/Jun/2026:19:14:08 +0545] "GET /wp-admin/includes//wp-admin/includes/class-wp-ms-users-list-table.php HTTP/1.1" 200 8858 "-" "Mozilla/5.0 (Windows NT 10.0; Win64; x64; rv:122.0) Gecko/20100101 Firefox/122.0"
173.239.211.214 - - [09/Jun/2026:19:14:11 +0545] "GET /wp-admin/includes//wp-admin/includes/class-plugin-upgrader-skin.php HTTP/1.1" 200 8858 "https://www.google.com/" "Mozilla/5.0 (Windows NT 10.0; Win64; x64) AppleWebKit/537.36 (KHTML, like Gecko) Chrome/121.0.0.0 Safari/537.36"
216.73.161.102 - - [09/Jun/2026:19:14:15 +0545] "GET /wp-admin/includes//wp-admin/includes/class-wp-upgrader.php HTTP/1.1" 200 8858 "-" "Mozilla/5.0 (X11; Linux x86_64; rv:121.0) Gecko/20100101 Firefox/121.0"
216.73.161.100 - - [09/Jun/2026:19:14:59 +0545] "GET /wp-content/plugins/ HTTP/1.1" 403 787 "-" "Mozilla/5.0 (Macintosh; Intel Mac OS X 10_15_7) AppleWebKit/537.36 (KHTML, like Gecko) Chrome/120.0.0.0 Safari/537.36"
216.73.161.111 - - [09/Jun/2026:19:15:01 +0545] "GET /wp-content/themes/ HTTP/1.1" 403 787 "-" "Mozilla/5.0 (Macintosh; Intel Mac OS X 10_15_7) AppleWebKit/605.1.15 (KHTML, like Gecko) Version/17.2 Safari/605.1.15"
173.239.211.210 - - [09/Jun/2026:19:15:07 +0545] "GET /images//images/images/ HTTP/1.1" 403 787 "https://www.google.com/" "Mozilla/5.0 (Windows NT 10.0; Win64; x64) AppleWebKit/537.36 (KHTML, like Gecko) Chrome/121.0.0.0 Safari/537.36"
216.73.161.101 - - [09/Jun/2026:19:15:13 +0545] "GET /uploads/ HTTP/1.1" 200 5577 "-" "Mozilla/5.0 (Macintosh; Intel Mac OS X 10_15_7) AppleWebKit/605.1.15 (KHTML, like Gecko) Version/17.2 Safari/605.1.15"
173.239.211.217 - - [09/Jun/2026:19:12:32 +0545] "GET /wp-admin/includes//wp-admin/includes/class-wp-debug-data.php HTTP/1.1" 200 8463 "-" "Mozilla/5.0 (Windows NT 10.0; Win64; x64; rv:122.0) Gecko/20100101 Firefox/122.0"
173.239.211.220 - - [09/Jun/2026:19:12:43 +0545] "GET /wp-admin/includes//wp-admin/includes/ms-deprecated.php HTTP/1.1" 200 8414 "-" "Mozilla/5.0 (X11; Linux x86_64; rv:121.0) Gecko/20100101 Firefox/121.0"
173.239.211.212 - - [09/Jun/2026:19:13:54 +0545] "GET /wp-admin/includes//wp-admin/includes/class-theme-upgrader-skin.php HTTP/1.1" 200 8858 "-" "Mozilla/5.0 (Macintosh; Intel Mac OS X 10_15_7) AppleWebKit/537.36 (KHTML, like Gecko) Chrome/120.0.0.0 Safari/537.36"
216.73.161.107 - - [09/Jun/2026:19:14:10 +0545] "GET /wp-admin/includes//wp-admin/includes/translation-install.php HTTP/1.1" 200 8858 "https://www.google.com/" "Mozilla/5.0 (Windows NT 10.0; Win64; x64) AppleWebKit/537.36 (KHTML, like Gecko) Chrome/121.0.0.0 Safari/537.36"
216.73.161.111 - - [09/Jun/2026:19:14:18 +0545] "GET /wp-admin/includes//wp-admin/includes/class-wp-ms-themes-list-table.php HTTP/1.1" 200 8729 "-" "Mozilla/5.0 (Windows NT 10.0; Win64; x64; rv:122.0) Gecko/20100101 Firefox/122.0"
216.73.161.98 - - [09/Jun/2026:19:14:22 +0545] "GET /wp-admin/includes//wp-admin/includes/revision.php HTTP/1.1" 200 8858 "https://www.google.com/" "Mozilla/5.0 (Windows NT 10.0; Win64; x64) AppleWebKit/537.36 (KHTML, like Gecko) Chrome/121.0.0.0 Safari/537.36"
173.239.211.229 - - [09/Jun/2026:19:14:25 +0545] "GET /wp-admin/includes//wp-admin/includes/post.php HTTP/1.1" 200 8858 "-" "Mozilla/5.0 (Macintosh; Intel Mac OS X 10_15_7) AppleWebKit/605.1.15 (KHTML, like Gecko) Version/17.2 Safari/605.1.15"
173.239.211.205 - - [09/Jun/2026:19:14:29 +0545] "GET /wp-admin/includes//wp-admin/includes/class-wp-community-events.php HTTP/1.1" 200 8858 "-" "Mozilla/5.0 (Windows NT 10.0; Win64; x64; rv:122.0) Gecko/20100101 Firefox/122.0"
173.239.211.210 - - [09/Jun/2026:19:14:42 +0545] "GET /wp-admin/includes//wp-admin/includes/comment.php HTTP/1.1" 200 8858 "-" "Mozilla/5.0 (Windows NT 10.0; Win64; x64; rv:122.0) Gecko/20100101 Firefox/122.0"
173.239.211.233 - - [09/Jun/2026:19:15:22 +0545] "GET /tmp/ HTTP/1.1" 200 5577 "-" "Mozilla/5.0 (Macintosh; Intel Mac OS X 10_15_7) AppleWebKit/537.36 (KHTML, like Gecko) Chrome/120.0.0.0 Safari/537.36"
173.239.211.211 - - [09/Jun/2026:19:15:55 +0545] "GET /wp-content/uploads/2023/ HTTP/1.1" 200 767 "-" "Mozilla/5.0 (Macintosh; Intel Mac OS X 10_15_7) AppleWebKit/537.36 (KHTML, like Gecko) Chrome/120.0.0.0 Safari/537.36"
216.73.161.98 - - [09/Jun/2026:19:16:29 +0545] "GET /wp-content/uploads/2026//wp-content/uploads/2026/05/ HTTP/1.1" 200 5577 "-" "Mozilla/5.0 (Macintosh; Intel Mac OS X 10_15_7) AppleWebKit/605.1.15 (KHTML, like Gecko) Version/17.2 Safari/605.1.15"
173.239.211.212 - - [09/Jun/2026:19:13:08 +0545] "GET /wp-admin/includes//wp-admin/includes/class-ftp-sockets.php HTTP/1.1" 500 1415 "-" "Mozilla/5.0 (X11; Linux x86_64; rv:121.0) Gecko/20100101 Firefox/121.0"
173.239.211.222 - - [09/Jun/2026:19:13:23 +0545] "GET /wp-admin/includes//wp-admin/includes/continents-cities.php HTTP/1.1" 200 8858 "https://www.google.com/" "Mozilla/5.0 (Windows NT 10.0; Win64; x64) AppleWebKit/537.36 (KHTML, like Gecko) Chrome/121.0.0.0 Safari/537.36"
173.239.211.212 - - [09/Jun/2026:19:13:59 +0545] "GET /wp-admin/includes//wp-admin/includes/dashboard.php HTTP/1.1" 200 8858 "https://www.google.com/" "Mozilla/5.0 (Windows NT 10.0; Win64; x64) AppleWebKit/537.36 (KHTML, like Gecko) Chrome/121.0.0.0 Safari/537.36"
173.239.211.211 - - [09/Jun/2026:19:14:35 +0545] "GET /wp-admin/includes//wp-admin/includes/class-walker-category-checklist.php HTTP/1.1" 200 8858 "-" "Mozilla/5.0 (X11; Linux x86_64; rv:121.0) Gecko/20100101 Firefox/121.0"
173.239.211.229 - - [09/Jun/2026:19:14:37 +0545] "GET /wp-admin/includes//wp-admin/includes/class-custom-background.php HTTP/1.1" 200 8858 "-" "Mozilla/5.0 (X11; Linux x86_64; rv:121.0) Gecko/20100101 Firefox/121.0"
173.239.211.223 - - [09/Jun/2026:19:14:49 +0545] "GET /wp-admin/includes//wp-admin/includes/class-plugin-upgrader.php HTTP/1.1" 200 8419 "-" "Mozilla/5.0 (Macintosh; Intel Mac OS X 10_15_7) AppleWebKit/537.36 (KHTML, like Gecko) Chrome/120.0.0.0 Safari/537.36"
216.73.161.97 - - [09/Jun/2026:19:14:54 +0545] "GET /wp-admin/includes//wp-admin/includes/class-wp-theme-install-list-table.php HTTP/1.1" 200 8858 "-" "Mozilla/5.0 (X11; Linux x86_64; rv:121.0) Gecko/20100101 Firefox/121.0"
173.239.211.229 - - [09/Jun/2026:19:14:58 +0545] "GET /wp-admin/includes//wp-admin/includes/file.php HTTP/1.1" 200 8858 "-" "Mozilla/5.0 (X11; Linux x86_64; rv:121.0) Gecko/20100101 Firefox/121.0"
173.239.211.222 - - [09/Jun/2026:19:15:16 +0545] "GET /files/ HTTP/1.1" 200 5577 "-" "Mozilla/5.0 (Windows NT 10.0; Win64; x64; rv:122.0) Gecko/20100101 Firefox/122.0"
173.239.211.215 - - [09/Jun/2026:19:15:18 +0545] "GET /backup/ HTTP/1.1" 200 5577 "https://www.google.com/" "Mozilla/5.0 (Windows NT 10.0; Win64; x64) AppleWebKit/537.36 (KHTML, like Gecko) Chrome/121.0.0.0 Safari/537.36"
173.239.211.225 - - [09/Jun/2026:19:15:37 +0545] "GET /wp-content/uploads/2020//wp-content/uploads/2020/12/ HTTP/1.1" 200 5542 "-" "Mozilla/5.0 (Macintosh; Intel Mac OS X 10_15_7) AppleWebKit/605.1.15 (KHTML, like Gecko) Version/17.2 Safari/605.1.15"
173.239.211.221 - - [09/Jun/2026:19:15:49 +0545] "GET /wp-content/uploads/2020//wp-content/uploads/2020/02/ HTTP/1.1" 200 5577 "-" "Mozilla/5.0 (Macintosh; Intel Mac OS X 10_15_7) AppleWebKit/605.1.15 (KHTML, like Gecko) Version/17.2 Safari/605.1.15"
173.239.211.205 - - [09/Jun/2026:19:15:53 +0545] "GET /wp-content/uploads/2021/ HTTP/1.1" 200 767 "-" "Mozilla/5.0 (Windows NT 10.0; Win64; x64; rv:122.0) Gecko/20100101 Firefox/122.0"
173.239.211.225 - - [09/Jun/2026:19:16:19 +0545] "GET /wp-content/uploads/2026/ HTTP/1.1" 200 1172 "-" "Mozilla/5.0 (Windows NT 10.0; Win64; x64; rv:122.0) Gecko/20100101 Firefox/122.0"
216.73.161.107 - - [09/Jun/2026:19:16:20 +0545] "GET /wp-content/uploads/2026//wp-content/uploads/2026/06/ HTTP/1.1" 200 5577 "-" "Mozilla/5.0 (Macintosh; Intel Mac OS X 10_15_7) AppleWebKit/605.1.15 (KHTML, like Gecko) Version/17.2 Safari/605.1.15"
173.239.211.231 - - [09/Jun/2026:19:16:38 +0545] "GET /wp-content/uploads/2026//wp-content/uploads/2026/02/ HTTP/1.1" 200 5488 "-" "Mozilla/5.0 (Macintosh; Intel Mac OS X 10_15_7) AppleWebKit/537.36 (KHTML, like Gecko) Chrome/120.0.0.0 Safari/537.36"
216.73.161.94 - - [09/Jun/2026:19:15:53 +0545] "GET /wp-content/uploads/2021//wp-content/uploads/2021/02/ HTTP/1.1" 200 5577 "-" "Mozilla/5.0 (Macintosh; Intel Mac OS X 10_15_7) AppleWebKit/605.1.15 (KHTML, like Gecko) Version/17.2 Safari/605.1.15"
216.73.161.101 - - [09/Jun/2026:19:15:54 +0545] "GET /wp-content/uploads/2022/ HTTP/1.1" 200 5577 "https://www.google.com/" "Mozilla/5.0 (Windows NT 10.0; Win64; x64) AppleWebKit/537.36 (KHTML, like Gecko) Chrome/121.0.0.0 Safari/537.36"
216.73.161.109 - - [09/Jun/2026:19:16:01 +0545] "GET /wp-content/uploads/2023//wp-content/uploads/2023/08/ HTTP/1.1" 200 5577 "-" "Mozilla/5.0 (Macintosh; Intel Mac OS X 10_15_7) AppleWebKit/537.36 (KHTML, like Gecko) Chrome/120.0.0.0 Safari/537.36"
216.73.161.101 - - [09/Jun/2026:19:16:03 +0545] "GET /wp-content/uploads/2024/ HTTP/1.1" 200 5577 "https://www.google.com/" "Mozilla/5.0 (Windows NT 10.0; Win64; x64) AppleWebKit/537.36 (KHTML, like Gecko) Chrome/121.0.0.0 Safari/537.36"
173.239.211.205 - - [09/Jun/2026:19:16:30 +0545] "GET /wp-content/uploads/2026//wp-content/uploads/2026/01/ HTTP/1.1" 200 5577 "-" "Mozilla/5.0 (X11; Linux x86_64; rv:121.0) Gecko/20100101 Firefox/121.0"
173.239.211.215 - - [09/Jun/2026:19:16:33 +0545] "GET /wp-content/uploads/2026//wp-content/uploads/2026/04/ HTTP/1.1" 200 5577 "-" "Mozilla/5.0 (Macintosh; Intel Mac OS X 10_15_7) AppleWebKit/605.1.15 (KHTML, like Gecko) Version/17.2 Safari/605.1.15"
66.249.64.107 - - [09/Jun/2026:19:37:21 +0545] "GET /index.php?shop/disembarrassment/protopapas042488797179 HTTP/1.1" 200 4375 "-" "Mozilla/5.0 (Linux; Android 6.0.1; Nexus 5X Build/MMB29P) AppleWebKit/537.36 (KHTML, like Gecko) Chrome/148.0.7778.96 Mobile Safari/537.36 (compatible; Googlebot/2.1; +http://www.google.com/bot.html)"
66.249.64.108 - - [09/Jun/2026:20:15:43 +0545] "GET /index.php?shop/exactress/astray0123072157 HTTP/1.1" 200 4378 "-" "Mozilla/5.0 (Linux; Android 6.0.1; Nexus 5X Build/MMB29P) AppleWebKit/537.36 (KHTML, like Gecko) Chrome/148.0.7778.96 Mobile Safari/537.36 (compatible; Googlebot/2.1; +http://www.google.com/bot.html)"
190.92.174.21 - - [09/Jun/2026:21:02:40 +0545] "GET /.well-known/acme-challenge/95EDTIKZFPS617BB_NMYUBN2W8CTW9OA HTTP/1.1" 404 796 "-" "Cpanel-HTTP-Client/1.0"
190.92.174.21 - - [09/Jun/2026:21:02:42 +0545] "GET /.well-known/acme-challenge/GL-JON8C5ZN0QHW05NB8Z9P_3KHTJT0V HTTP/1.1" 404 796 "-" "Cpanel-HTTP-Client/1.0"
168.119.138.253 - - [09/Jun/2026:21:02:46 +0545] "GET /.well-known/acme-challenge/BLCYH7_MDO0D5ZE9KJIO1JGXCR6LOX1I HTTP/1.1" 404 796 "-" "Cpanel-HTTP-Client/1.0"
168.119.138.253 - - [09/Jun/2026:21:02:50 +0545] "GET /.well-known/acme-challenge/B0BHTUH0YRHETQLX7_VIA8C9GIC-J6W- HTTP/1.1" 404 796 "-" "Cpanel-HTTP-Client/1.0"
190.92.174.21 - - [09/Jun/2026:21:02:44 +0545] "GET /.well-known/acme-challenge/10T1CQME5CY7E52Q9ST6LUR3_KP-92Y_ HTTP/1.1" 404 796 "-" "Cpanel-HTTP-Client/1.0"
168.119.138.253 - - [09/Jun/2026:21:02:48 +0545] "GET /.well-known/acme-challenge/PM7-2AERIO-N-POH_O0T-045QS-T_76S HTTP/1.1" 404 796 "-" "Cpanel-HTTP-Client/1.0"
168.119.138.253 - - [09/Jun/2026:21:02:49 +0545] "GET /.well-known/acme-challenge/AK3-_S_GFEB245XZQT0Z87JNRLEOX3C2 HTTP/1.1" 404 796 "-" "Cpanel-HTTP-Client/1.0"
168.119.138.253 - - [09/Jun/2026:21:02:52 +0545] "GET /.well-known/acme-challenge/R7TUD235-FXBS_EVGE5MQT5991TYH6ZT HTTP/1.1" 404 796 "-" "Cpanel-HTTP-Client/1.0"
168.119.138.253 - - [09/Jun/2026:21:02:54 +0545] "GET /.well-known/acme-challenge/DQZG08NYDWDEAMLPGRCGA9PDI186XM1X HTTP/1.1" 404 796 "-" "Cpanel-HTTP-Client/1.0"
20.226.82.126 - - [09/Jun/2026:21:44:39 +0545] "GET /wp-content/plugins/hellopress/wp_filemanager.php HTTP/1.1" 200 79018 "-" "-"
20.226.82.126 - - [09/Jun/2026:21:44:40 +0545] "GET /this_is_a_new_hello_world.php HTTP/1.1" 200 79018 "-" "-"
20.189.204.80 - - [09/Jun/2026:22:00:44 +0545] "GET / HTTP/1.1" 200 5526 "-" "Mozilla/5.0 (Windows NT 10.0; Win64; x64) AppleWebKit/537.36 (KHTML, like Gecko) Chrome/123.0.0.0 Safari/537.36"